DELETE FROM `jobs`;
INSERT INTO `jobs` (`id`, `queue`, `payload`, `attempts`, `reserved_at`, `available_at`, `created_at`) VALUES
	(7, 'ai', '{"uuid":"621f9771-4f51-40c5-99e0-bb59bfd66e01","displayName":"App\\\\Jobs\\\\GenerateAiSuggestionJob","job":"Illuminate\\\\Queue\\\\CallQueuedHandler@call","maxTries":null,"maxExceptions":null,"failOnTimeout":false,"backoff":null,"timeout":null,"retryUntil":null,"data":{"commandName":"App\\\\Jobs\\\\GenerateAiSuggestionJob","command":"O:32:\\"App\\\\Jobs\\\\GenerateAiSuggestionJob\\":3:{s:14:\\"conversationId\\";i:3;s:11:\\"staffUserId\\";i:1;s:5:\\"queue\\";s:2:\\"ai\\";}","batchId":null},"createdAt":1772159459,"delay":null}', 0, NULL, 1772159459, 1772159459),
	(8, 'ai', '{"uuid":"ad143c11-3089-4485-b1fd-329467531f2c","displayName":"App\\\\Jobs\\\\ClassifyConversationJob","job":"Illuminate\\\\Queue\\\\CallQueuedHandler@call","maxTries":null,"maxExceptions":null,"failOnTimeout":false,"backoff":null,"timeout":null,"retryUntil":null,"data":{"commandName":"App\\\\Jobs\\\\ClassifyConversationJob","command":"O:32:\\"App\\\\Jobs\\\\ClassifyConversationJob\\":3:{s:14:\\"conversationId\\";i:3;s:11:\\"staffUserId\\";i:1;s:5:\\"queue\\";s:2:\\"ai\\";}","batchId":null},"createdAt":1772159488,"delay":null}', 0, NULL, 1772159488, 1772159488),
	(9, 'ai', '{"uuid":"6338531e-7852-4441-8575-fac1c7b67c85","displayName":"App\\\\Jobs\\\\SummarizeConversationJob","job":"Illuminate\\\\Queue\\\\CallQueuedHandler@call","maxTries":null,"maxExceptions":null,"failOnTimeout":false,"backoff":null,"timeout":null,"retryUntil":null,"data":{"commandName":"App\\\\Jobs\\\\SummarizeConversationJob","command":"O:33:\\"App\\\\Jobs\\\\SummarizeConversationJob\\":3:{s:14:\\"conversationId\\";i:3;s:11:\\"staffUserId\\";i:1;s:5:\\"queue\\";s:2:\\"ai\\";}","batchId":null},"createdAt":1772159498,"delay":null}', 0, NULL, 1772159498, 1772159498),
	(10, 'ai', '{"uuid":"7b2504c8-1cbd-4996-a16b-ae394430f359","displayName":"App\\\\Jobs\\\\GenerateAiSuggestionJob","job":"Illuminate\\\\Queue\\\\CallQueuedHandler@call","maxTries":null,"maxExceptions":null,"failOnTimeout":false,"backoff":null,"timeout":null,"retryUntil":null,"data":{"commandName":"App\\\\Jobs\\\\GenerateAiSuggestionJob","command":"O:32:\\"App\\\\Jobs\\\\GenerateAiSuggestionJob\\":3:{s:14:\\"conversationId\\";i:3;s:11:\\"staffUserId\\";i:1;s:5:\\"queue\\";s:2:\\"ai\\";}","batchId":null},"createdAt":1772159499,"delay":null}', 0, NULL, 1772159499, 1772159499),
	(11, 'ai', '{"uuid":"42e539c3-3729-4524-ab63-935a08273cd8","displayName":"App\\\\Jobs\\\\GenerateAiSuggestionJob","job":"Illuminate\\\\Queue\\\\CallQueuedHandler@call","maxTries":null,"maxExceptions":null,"failOnTimeout":false,"backoff":null,"timeout":null,"retryUntil":null,"data":{"commandName":"App\\\\Jobs\\\\GenerateAiSuggestionJob","command":"O:32:\\"App\\\\Jobs\\\\GenerateAiSuggestionJob\\":3:{s:14:\\"conversationId\\";i:3;s:11:\\"staffUserId\\";i:1;s:5:\\"queue\\";s:2:\\"ai\\";}","batchId":null},"createdAt":1772159542,"delay":null}', 0, NULL, 1772159542, 1772159542),
	(12, 'ai', '{"uuid":"a45f52ec-5aea-499d-ac1d-0e6362c6abe2","displayName":"App\\\\Jobs\\\\GenerateAiSuggestionJob","job":"Illuminate\\\\Queue\\\\CallQueuedHandler@call","maxTries":null,"maxExceptions":null,"failOnTimeout":false,"backoff":null,"timeout":null,"retryUntil":null,"data":{"commandName":"App\\\\Jobs\\\\GenerateAiSuggestionJob","command":"O:32:\\"App\\\\Jobs\\\\GenerateAiSuggestionJob\\":3:{s:14:\\"conversationId\\";i:3;s:11:\\"staffUserId\\";i:1;s:5:\\"queue\\";s:2:\\"ai\\";}","batchId":null},"createdAt":1772159600,"delay":null}', 0, NULL, 1772159600, 1772159600),
	(13, 'ai', '{"uuid":"dda97180-5d59-4c45-af1f-c9632dceb55d","displayName":"App\\\\Jobs\\\\GenerateAiSuggestionJob","job":"Illuminate\\\\Queue\\\\CallQueuedHandler@call","maxTries":null,"maxExceptions":null,"failOnTimeout":false,"backoff":null,"timeout":null,"retryUntil":null,"data":{"commandName":"App\\\\Jobs\\\\GenerateAiSuggestionJob","command":"O:32:\\"App\\\\Jobs\\\\GenerateAiSuggestionJob\\":3:{s:14:\\"conversationId\\";i:3;s:11:\\"staffUserId\\";i:1;s:5:\\"queue\\";s:2:\\"ai\\";}","batchId":null},"createdAt":1772159639,"delay":null}', 0, NULL, 1772159639, 1772159639),
	(14, 'ai', '{"uuid":"c0cce3ee-1e7f-45fe-aa97-413f55842f1a","displayName":"App\\\\Jobs\\\\GenerateAiSuggestionJob","job":"Illuminate\\\\Queue\\\\CallQueuedHandler@call","maxTries":null,"maxExceptions":null,"failOnTimeout":false,"backoff":null,"timeout":null,"retryUntil":null,"data":{"commandName":"App\\\\Jobs\\\\GenerateAiSuggestionJob","command":"O:32:\\"App\\\\Jobs\\\\GenerateAiSuggestionJob\\":3:{s:14:\\"conversationId\\";i:3;s:11:\\"staffUserId\\";i:1;s:5:\\"queue\\";s:2:\\"ai\\";}","batchId":null},"createdAt":1772159640,"delay":null}', 0, NULL, 1772159640, 1772159640),
	(16, 'ai', '{"uuid":"bf65ccbf-95cc-41e3-9345-e388432db793","displayName":"App\\\\Jobs\\\\GenerateAiSuggestionJob","job":"Illuminate\\\\Queue\\\\CallQueuedHandler@call","maxTries":null,"maxExceptions":null,"failOnTimeout":false,"backoff":null,"timeout":null,"retryUntil":null,"data":{"commandName":"App\\\\Jobs\\\\GenerateAiSuggestionJob","command":"O:32:\\"App\\\\Jobs\\\\GenerateAiSuggestionJob\\":3:{s:14:\\"conversationId\\";i:3;s:11:\\"staffUserId\\";i:1;s:5:\\"queue\\";s:2:\\"ai\\";}","batchId":null},"createdAt":1772159670,"delay":null}', 0, NULL, 1772159670, 1772159670),
	(17, 'ai', '{"uuid":"6e60bf1a-bd48-446c-8505-a4e05b762f02","displayName":"App\\\\Jobs\\\\GenerateAiSuggestionJob","job":"Illuminate\\\\Queue\\\\CallQueuedHandler@call","maxTries":null,"maxExceptions":null,"failOnTimeout":false,"backoff":null,"timeout":null,"retryUntil":null,"data":{"commandName":"App\\\\Jobs\\\\GenerateAiSuggestionJob","command":"O:32:\\"App\\\\Jobs\\\\GenerateAiSuggestionJob\\":3:{s:14:\\"conversationId\\";i:3;s:11:\\"staffUserId\\";i:1;s:5:\\"queue\\";s:2:\\"ai\\";}","batchId":null},"createdAt":1772159670,"delay":null}', 0, NULL, 1772159670, 1772159670),
	(18, 'ai', '{"uuid":"c256df50-a1d6-4cf8-8bbf-79f2638283ab","displayName":"App\\\\Jobs\\\\GenerateAiSuggestionJob","job":"Illuminate\\\\Queue\\\\CallQueuedHandler@call","maxTries":null,"maxExceptions":null,"failOnTimeout":false,"backoff":null,"timeout":null,"retryUntil":null,"data":{"commandName":"App\\\\Jobs\\\\GenerateAiSuggestionJob","command":"O:32:\\"App\\\\Jobs\\\\GenerateAiSuggestionJob\\":3:{s:14:\\"conversationId\\";i:3;s:11:\\"staffUserId\\";i:1;s:5:\\"queue\\";s:2:\\"ai\\";}","batchId":null},"createdAt":1772159670,"delay":null}', 0, NULL, 1772159670, 1772159670),
	(19, 'ai', '{"uuid":"d451093c-2ec9-4980-983f-a2e7960bdfd8","displayName":"App\\\\Jobs\\\\GenerateAiSuggestionJob","job":"Illuminate\\\\Queue\\\\CallQueuedHandler@call","maxTries":null,"maxExceptions":null,"failOnTimeout":false,"backoff":null,"timeout":null,"retryUntil":null,"data":{"commandName":"App\\\\Jobs\\\\GenerateAiSuggestionJob","command":"O:32:\\"App\\\\Jobs\\\\GenerateAiSuggestionJob\\":3:{s:14:\\"conversationId\\";i:3;s:11:\\"staffUserId\\";i:1;s:5:\\"queue\\";s:2:\\"ai\\";}","batchId":null},"createdAt":1772159670,"delay":null}', 0, NULL, 1772159670, 1772159670),
	(20, 'ai', '{"uuid":"5516f1a9-8d5c-4ccd-8a25-3edf5da4e9eb","displayName":"App\\\\Jobs\\\\GenerateAiSuggestionJob","job":"Illuminate\\\\Queue\\\\CallQueuedHandler@call","maxTries":null,"maxExceptions":null,"failOnTimeout":false,"backoff":null,"timeout":null,"retryUntil":null,"data":{"commandName":"App\\\\Jobs\\\\GenerateAiSuggestionJob","command":"O:32:\\"App\\\\Jobs\\\\GenerateAiSuggestionJob\\":3:{s:14:\\"conversationId\\";i:3;s:11:\\"staffUserId\\";i:1;s:5:\\"queue\\";s:2:\\"ai\\";}","batchId":null},"createdAt":1772159671,"delay":null}', 0, NULL, 1772159671, 1772159671),
	(21, 'ai', '{"uuid":"a6053344-f7c9-4103-9b2f-491ee1f5a528","displayName":"App\\\\Jobs\\\\GenerateAiSuggestionJob","job":"Illuminate\\\\Queue\\\\CallQueuedHandler@call","maxTries":null,"maxExceptions":null,"failOnTimeout":false,"backoff":null,"timeout":null,"retryUntil":null,"data":{"commandName":"App\\\\Jobs\\\\GenerateAiSuggestionJob","command":"O:32:\\"App\\\\Jobs\\\\GenerateAiSuggestionJob\\":3:{s:14:\\"conversationId\\";i:3;s:11:\\"staffUserId\\";i:1;s:5:\\"queue\\";s:2:\\"ai\\";}","batchId":null},"createdAt":1772159711,"delay":null}', 0, NULL, 1772159711, 1772159711),
	(22, 'ai', '{"uuid":"55065362-9967-4ffb-8979-b1aca38ec994","displayName":"App\\\\Jobs\\\\GenerateAiSuggestionJob","job":"Illuminate\\\\Queue\\\\CallQueuedHandler@call","maxTries":null,"maxExceptions":null,"failOnTimeout":false,"backoff":null,"timeout":null,"retryUntil":null,"data":{"commandName":"App\\\\Jobs\\\\GenerateAiSuggestionJob","command":"O:32:\\"App\\\\Jobs\\\\GenerateAiSuggestionJob\\":3:{s:14:\\"conversationId\\";i:3;s:11:\\"staffUserId\\";i:1;s:5:\\"queue\\";s:2:\\"ai\\";}","batchId":null},"createdAt":1772159711,"delay":null}', 0, NULL, 1772159711, 1772159711),
	(23, 'ai', '{"uuid":"c77a9448-1e56-4fdb-b910-4544f39e4f8a","displayName":"App\\\\Jobs\\\\GenerateAiSuggestionJob","job":"Illuminate\\\\Queue\\\\CallQueuedHandler@call","maxTries":null,"maxExceptions":null,"failOnTimeout":false,"backoff":null,"timeout":null,"retryUntil":null,"data":{"commandName":"App\\\\Jobs\\\\GenerateAiSuggestionJob","command":"O:32:\\"App\\\\Jobs\\\\GenerateAiSuggestionJob\\":3:{s:14:\\"conversationId\\";i:3;s:11:\\"staffUserId\\";i:1;s:5:\\"queue\\";s:2:\\"ai\\";}","batchId":null},"createdAt":1772159711,"delay":null}', 0, NULL, 1772159711, 1772159711),
	(24, 'ai', '{"uuid":"857f311f-6e55-42de-8fca-00bd220b1862","displayName":"App\\\\Jobs\\\\GenerateAiSuggestionJob","job":"Illuminate\\\\Queue\\\\CallQueuedHandler@call","maxTries":null,"maxExceptions":null,"failOnTimeout":false,"backoff":null,"timeout":null,"retryUntil":null,"data":{"commandName":"App\\\\Jobs\\\\GenerateAiSuggestionJob","command":"O:32:\\"App\\\\Jobs\\\\GenerateAiSuggestionJob\\":3:{s:14:\\"conversationId\\";i:3;s:11:\\"staffUserId\\";i:1;s:5:\\"queue\\";s:2:\\"ai\\";}","batchId":null},"createdAt":1772159712,"delay":null}', 0, NULL, 1772159712, 1772159712),
	(25, 'ai', '{"uuid":"e6519846-9d96-4d3a-8440-6e431dda36c0","displayName":"App\\\\Jobs\\\\GenerateAiSuggestionJob","job":"Illuminate\\\\Queue\\\\CallQueuedHandler@call","maxTries":null,"maxExceptions":null,"failOnTimeout":false,"backoff":null,"timeout":null,"retryUntil":null,"data":{"commandName":"App\\\\Jobs\\\\GenerateAiSuggestionJob","command":"O:32:\\"App\\\\Jobs\\\\GenerateAiSuggestionJob\\":3:{s:14:\\"conversationId\\";i:3;s:11:\\"staffUserId\\";i:1;s:5:\\"queue\\";s:2:\\"ai\\";}","batchId":null},"createdAt":1772159712,"delay":null}', 0, NULL, 1772159712, 1772159712),
	(26, 'ai', '{"uuid":"3602c86c-2240-4943-a9fd-2d880c526b63","displayName":"App\\\\Jobs\\\\GenerateAiSuggestionJob","job":"Illuminate\\\\Queue\\\\CallQueuedHandler@call","maxTries":null,"maxExceptions":null,"failOnTimeout":false,"backoff":null,"timeout":null,"retryUntil":null,"data":{"commandName":"App\\\\Jobs\\\\GenerateAiSuggestionJob","command":"O:32:\\"App\\\\Jobs\\\\GenerateAiSuggestionJob\\":3:{s:14:\\"conversationId\\";i:3;s:11:\\"staffUserId\\";i:1;s:5:\\"queue\\";s:2:\\"ai\\";}","batchId":null},"createdAt":1772159712,"delay":null}', 0, NULL, 1772159712, 1772159712),
	(27, 'ai', '{"uuid":"aab40128-bd57-4628-beb9-2cfe04436aa4","displayName":"App\\\\Jobs\\\\GenerateAiSuggestionJob","job":"Illuminate\\\\Queue\\\\CallQueuedHandler@call","maxTries":null,"maxExceptions":null,"failOnTimeout":false,"backoff":null,"timeout":null,"retryUntil":null,"data":{"commandName":"App\\\\Jobs\\\\GenerateAiSuggestionJob","command":"O:32:\\"App\\\\Jobs\\\\GenerateAiSuggestionJob\\":3:{s:14:\\"conversationId\\";i:3;s:11:\\"staffUserId\\";i:1;s:5:\\"queue\\";s:2:\\"ai\\";}","batchId":null},"createdAt":1772159712,"delay":null}', 0, NULL, 1772159712, 1772159712),
	(30, 'ai', '{"uuid":"822c7fad-f51d-4873-a770-1aa023a2201a","displayName":"App\\\\Jobs\\\\GenerateAiSuggestionJob","job":"Illuminate\\\\Queue\\\\CallQueuedHandler@call","maxTries":null,"maxExceptions":null,"failOnTimeout":false,"backoff":null,"timeout":null,"retryUntil":null,"data":{"commandName":"App\\\\Jobs\\\\GenerateAiSuggestionJob","command":"O:32:\\"App\\\\Jobs\\\\GenerateAiSuggestionJob\\":3:{s:14:\\"conversationId\\";i:3;s:11:\\"staffUserId\\";i:1;s:5:\\"queue\\";s:2:\\"ai\\";}","batchId":null},"createdAt":1772191536,"delay":null}', 0, NULL, 1772191536, 1772191536),
	(32, 'ai', '{"uuid":"8d0781c0-fa2f-4cc4-b13c-8dede082d053","displayName":"App\\\\Jobs\\\\GenerateAiSuggestionJob","job":"Illuminate\\\\Queue\\\\CallQueuedHandler@call","maxTries":null,"maxExceptions":null,"failOnTimeout":false,"backoff":null,"timeout":null,"retryUntil":null,"data":{"commandName":"App\\\\Jobs\\\\GenerateAiSuggestionJob","command":"O:32:\\"App\\\\Jobs\\\\GenerateAiSuggestionJob\\":3:{s:14:\\"conversationId\\";i:3;s:11:\\"staffUserId\\";i:1;s:5:\\"queue\\";s:2:\\"ai\\";}","batchId":null},"createdAt":1772193764,"delay":null}', 0, NULL, 1772193764, 1772193764),
	(33, 'ai', '{"uuid":"dfa8c01d-43fc-4832-9222-3cea4c5aaa76","displayName":"App\\\\Jobs\\\\SummarizeConversationJob","job":"Illuminate\\\\Queue\\\\CallQueuedHandler@call","maxTries":null,"maxExceptions":null,"failOnTimeout":false,"backoff":null,"timeout":null,"retryUntil":null,"data":{"commandName":"App\\\\Jobs\\\\SummarizeConversationJob","command":"O:33:\\"App\\\\Jobs\\\\SummarizeConversationJob\\":3:{s:14:\\"conversationId\\";i:3;s:11:\\"staffUserId\\";i:1;s:5:\\"queue\\";s:2:\\"ai\\";}","batchId":null},"createdAt":1772193816,"delay":null}', 0, NULL, 1772193816, 1772193816),
	(34, 'ai', '{"uuid":"09902725-0bd1-4c7f-8919-94d6b9ce92fc","displayName":"App\\\\Jobs\\\\ClassifyConversationJob","job":"Illuminate\\\\Queue\\\\CallQueuedHandler@call","maxTries":null,"maxExceptions":null,"failOnTimeout":false,"backoff":null,"timeout":null,"retryUntil":null,"data":{"commandName":"App\\\\Jobs\\\\ClassifyConversationJob","command":"O:32:\\"App\\\\Jobs\\\\ClassifyConversationJob\\":3:{s:14:\\"conversationId\\";i:3;s:11:\\"staffUserId\\";i:1;s:5:\\"queue\\";s:2:\\"ai\\";}","batchId":null},"createdAt":1772193818,"delay":null}', 0, NULL, 1772193818, 1772193818),
	(35, 'ai', '{"uuid":"7b0699d1-1949-483b-8661-c6f07e2cbc99","displayName":"App\\\\Jobs\\\\GenerateAiSuggestionJob","job":"Illuminate\\\\Queue\\\\CallQueuedHandler@call","maxTries":null,"maxExceptions":null,"failOnTimeout":false,"backoff":null,"timeout":null,"retryUntil":null,"data":{"commandName":"App\\\\Jobs\\\\GenerateAiSuggestionJob","command":"O:32:\\"App\\\\Jobs\\\\GenerateAiSuggestionJob\\":3:{s:14:\\"conversationId\\";i:1;s:11:\\"staffUserId\\";i:1;s:5:\\"queue\\";s:2:\\"ai\\";}","batchId":null},"createdAt":1772193897,"delay":null}', 0, NULL, 1772193897, 1772193897),
	(36, 'ai', '{"uuid":"e6277126-76db-48c3-88a8-e98cb01a08cc","displayName":"App\\\\Jobs\\\\GenerateAiSuggestionJob","job":"Illuminate\\\\Queue\\\\CallQueuedHandler@call","maxTries":null,"maxExceptions":null,"failOnTimeout":false,"backoff":null,"timeout":null,"retryUntil":null,"data":{"commandName":"App\\\\Jobs\\\\GenerateAiSuggestionJob","command":"O:32:\\"App\\\\Jobs\\\\GenerateAiSuggestionJob\\":3:{s:14:\\"conversationId\\";i:1;s:11:\\"staffUserId\\";i:1;s:5:\\"queue\\";s:2:\\"ai\\";}","batchId":null},"createdAt":1772193914,"delay":null}', 0, NULL, 1772193914, 1772193914),
	(37, 'ai', '{"uuid":"b33543c5-eb4f-4b9e-9f75-d5c37b656daa","displayName":"App\\\\Jobs\\\\GenerateAiSuggestionJob","job":"Illuminate\\\\Queue\\\\CallQueuedHandler@call","maxTries":null,"maxExceptions":null,"failOnTimeout":false,"backoff":null,"timeout":null,"retryUntil":null,"data":{"commandName":"App\\\\Jobs\\\\GenerateAiSuggestionJob","command":"O:32:\\"App\\\\Jobs\\\\GenerateAiSuggestionJob\\":3:{s:14:\\"conversationId\\";i:1;s:11:\\"staffUserId\\";i:1;s:5:\\"queue\\";s:2:\\"ai\\";}","batchId":null},"createdAt":1772193915,"delay":null}', 0, NULL, 1772193915, 1772193915),
	(38, 'ai', '{"uuid":"9f2ead6a-705e-417c-86ff-f04636423b18","displayName":"App\\\\Jobs\\\\GenerateAiSuggestionJob","job":"Illuminate\\\\Queue\\\\CallQueuedHandler@call","maxTries":null,"maxExceptions":null,"failOnTimeout":false,"backoff":null,"timeout":null,"retryUntil":null,"data":{"commandName":"App\\\\Jobs\\\\GenerateAiSuggestionJob","command":"O:32:\\"App\\\\Jobs\\\\GenerateAiSuggestionJob\\":3:{s:14:\\"conversationId\\";i:1;s:11:\\"staffUserId\\";i:1;s:5:\\"queue\\";s:2:\\"ai\\";}","batchId":null},"createdAt":1772193915,"delay":null}', 0, NULL, 1772193915, 1772193915),
	(39, 'ai', '{"uuid":"69cab073-1d28-4e9f-b84e-7ab473e137e7","displayName":"App\\\\Jobs\\\\GenerateAiSuggestionJob","job":"Illuminate\\\\Queue\\\\CallQueuedHandler@call","maxTries":null,"maxExceptions":null,"failOnTimeout":false,"backoff":null,"timeout":null,"retryUntil":null,"data":{"commandName":"App\\\\Jobs\\\\GenerateAiSuggestionJob","command":"O:32:\\"App\\\\Jobs\\\\GenerateAiSuggestionJob\\":3:{s:14:\\"conversationId\\";i:1;s:11:\\"staffUserId\\";i:1;s:5:\\"queue\\";s:2:\\"ai\\";}","batchId":null},"createdAt":1772193915,"delay":null}', 0, NULL, 1772193915, 1772193915),
	(40, 'ai', '{"uuid":"1f77e408-5596-4d41-a2df-c96abb078515","displayName":"App\\\\Jobs\\\\GenerateAiSuggestionJob","job":"Illuminate\\\\Queue\\\\CallQueuedHandler@call","maxTries":null,"maxExceptions":null,"failOnTimeout":false,"backoff":null,"timeout":null,"retryUntil":null,"data":{"commandName":"App\\\\Jobs\\\\GenerateAiSuggestionJob","command":"O:32:\\"App\\\\Jobs\\\\GenerateAiSuggestionJob\\":3:{s:14:\\"conversationId\\";i:1;s:11:\\"staffUserId\\";i:1;s:5:\\"queue\\";s:2:\\"ai\\";}","batchId":null},"createdAt":1772193915,"delay":null}', 0, NULL, 1772193915, 1772193915),
	(41, 'ai', '{"uuid":"77895af5-75c8-4317-9e26-07a10d3dcd26","displayName":"App\\\\Jobs\\\\GenerateAiSuggestionJob","job":"Illuminate\\\\Queue\\\\CallQueuedHandler@call","maxTries":null,"maxExceptions":null,"failOnTimeout":false,"backoff":null,"timeout":null,"retryUntil":null,"data":{"commandName":"App\\\\Jobs\\\\GenerateAiSuggestionJob","command":"O:32:\\"App\\\\Jobs\\\\GenerateAiSuggestionJob\\":3:{s:14:\\"conversationId\\";i:1;s:11:\\"staffUserId\\";i:1;s:5:\\"queue\\";s:2:\\"ai\\";}","batchId":null},"createdAt":1772193915,"delay":null}', 0, NULL, 1772193915, 1772193915),
	(42, 'ai', '{"uuid":"5b185700-8270-4521-af7a-43d26f23ac3f","displayName":"App\\\\Jobs\\\\GenerateAiSuggestionJob","job":"Illuminate\\\\Queue\\\\CallQueuedHandler@call","maxTries":null,"maxExceptions":null,"failOnTimeout":false,"backoff":null,"timeout":null,"retryUntil":null,"data":{"commandName":"App\\\\Jobs\\\\GenerateAiSuggestionJob","command":"O:32:\\"App\\\\Jobs\\\\GenerateAiSuggestionJob\\":3:{s:14:\\"conversationId\\";i:1;s:11:\\"staffUserId\\";i:1;s:5:\\"queue\\";s:2:\\"ai\\";}","batchId":null},"createdAt":1772193916,"delay":null}', 0, NULL, 1772193916, 1772193916),
	(43, 'ai', '{"uuid":"c5711cd3-59f9-4985-8b7f-44dec194c3f5","displayName":"App\\\\Jobs\\\\GenerateAiSuggestionJob","job":"Illuminate\\\\Queue\\\\CallQueuedHandler@call","maxTries":null,"maxExceptions":null,"failOnTimeout":false,"backoff":null,"timeout":null,"retryUntil":null,"data":{"commandName":"App\\\\Jobs\\\\GenerateAiSuggestionJob","command":"O:32:\\"App\\\\Jobs\\\\GenerateAiSuggestionJob\\":3:{s:14:\\"conversationId\\";i:1;s:11:\\"staffUserId\\";i:1;s:5:\\"queue\\";s:2:\\"ai\\";}","batchId":null},"createdAt":1772193916,"delay":null}', 0, NULL, 1772193916, 1772193916),
	(44, 'ai', '{"uuid":"f264313d-a66a-4e64-bc31-527ecb078c05","displayName":"App\\\\Jobs\\\\GenerateAiSuggestionJob","job":"Illuminate\\\\Queue\\\\CallQueuedHandler@call","maxTries":null,"maxExceptions":null,"failOnTimeout":false,"backoff":null,"timeout":null,"retryUntil":null,"data":{"commandName":"App\\\\Jobs\\\\GenerateAiSuggestionJob","command":"O:32:\\"App\\\\Jobs\\\\GenerateAiSuggestionJob\\":3:{s:14:\\"conversationId\\";i:1;s:11:\\"staffUserId\\";i:1;s:5:\\"queue\\";s:2:\\"ai\\";}","batchId":null},"createdAt":1772193916,"delay":null}', 0, NULL, 1772193916, 1772193916),
	(45, 'ai', '{"uuid":"fdf8f37a-b8c8-4741-8100-5598b4c7b80e","displayName":"App\\\\Jobs\\\\GenerateAiSuggestionJob","job":"Illuminate\\\\Queue\\\\CallQueuedHandler@call","maxTries":null,"maxExceptions":null,"failOnTimeout":false,"backoff":null,"timeout":null,"retryUntil":null,"data":{"commandName":"App\\\\Jobs\\\\GenerateAiSuggestionJob","command":"O:32:\\"App\\\\Jobs\\\\GenerateAiSuggestionJob\\":3:{s:14:\\"conversationId\\";i:1;s:11:\\"staffUserId\\";i:1;s:5:\\"queue\\";s:2:\\"ai\\";}","batchId":null},"createdAt":1772193916,"delay":null}', 0, NULL, 1772193916, 1772193916),
	(46, 'ai', '{"uuid":"6e3cf1bf-22fe-4129-8965-f7dfaa5dabde","displayName":"App\\\\Jobs\\\\GenerateAiSuggestionJob","job":"Illuminate\\\\Queue\\\\CallQueuedHandler@call","maxTries":null,"maxExceptions":null,"failOnTimeout":false,"backoff":null,"timeout":null,"retryUntil":null,"data":{"commandName":"App\\\\Jobs\\\\GenerateAiSuggestionJob","command":"O:32:\\"App\\\\Jobs\\\\GenerateAiSuggestionJob\\":3:{s:14:\\"conversationId\\";i:1;s:11:\\"staffUserId\\";i:1;s:5:\\"queue\\";s:2:\\"ai\\";}","batchId":null},"createdAt":1772193916,"delay":null}', 0, NULL, 1772193916, 1772193916),
	(47, 'ai', '{"uuid":"b965312b-e916-4a3a-bc98-3033c5abaa72","displayName":"App\\\\Jobs\\\\GenerateAiSuggestionJob","job":"Illuminate\\\\Queue\\\\CallQueuedHandler@call","maxTries":null,"maxExceptions":null,"failOnTimeout":false,"backoff":null,"timeout":null,"retryUntil":null,"data":{"commandName":"App\\\\Jobs\\\\GenerateAiSuggestionJob","command":"O:32:\\"App\\\\Jobs\\\\GenerateAiSuggestionJob\\":3:{s:14:\\"conversationId\\";i:1;s:11:\\"staffUserId\\";i:1;s:5:\\"queue\\";s:2:\\"ai\\";}","batchId":null},"createdAt":1772193917,"delay":null}', 0, NULL, 1772193917, 1772193917),
	(48, 'ai', '{"uuid":"bf99c520-9b68-47e6-9765-3bf967fd4b66","displayName":"App\\\\Jobs\\\\SummarizeConversationJob","job":"Illuminate\\\\Queue\\\\CallQueuedHandler@call","maxTries":null,"maxExceptions":null,"failOnTimeout":false,"backoff":null,"timeout":null,"retryUntil":null,"data":{"commandName":"App\\\\Jobs\\\\SummarizeConversationJob","command":"O:33:\\"App\\\\Jobs\\\\SummarizeConversationJob\\":3:{s:14:\\"conversationId\\";i:1;s:11:\\"staffUserId\\";i:1;s:5:\\"queue\\";s:2:\\"ai\\";}","batchId":null},"createdAt":1772193917,"delay":null}', 0, NULL, 1772193917, 1772193917),
	(49, 'ai', '{"uuid":"f1dcba46-1753-4c40-a88b-530e2156e753","displayName":"App\\\\Jobs\\\\SummarizeConversationJob","job":"Illuminate\\\\Queue\\\\CallQueuedHandler@call","maxTries":null,"maxExceptions":null,"failOnTimeout":false,"backoff":null,"timeout":null,"retryUntil":null,"data":{"commandName":"App\\\\Jobs\\\\SummarizeConversationJob","command":"O:33:\\"App\\\\Jobs\\\\SummarizeConversationJob\\":3:{s:14:\\"conversationId\\";i:1;s:11:\\"staffUserId\\";i:1;s:5:\\"queue\\";s:2:\\"ai\\";}","batchId":null},"createdAt":1772193917,"delay":null}', 0, NULL, 1772193917, 1772193917),
	(50, 'ai', '{"uuid":"c1be9498-8275-4a28-8031-c2a8b0f781c7","displayName":"App\\\\Jobs\\\\SummarizeConversationJob","job":"Illuminate\\\\Queue\\\\CallQueuedHandler@call","maxTries":null,"maxExceptions":null,"failOnTimeout":false,"backoff":null,"timeout":null,"retryUntil":null,"data":{"commandName":"App\\\\Jobs\\\\SummarizeConversationJob","command":"O:33:\\"App\\\\Jobs\\\\SummarizeConversationJob\\":3:{s:14:\\"conversationId\\";i:1;s:11:\\"staffUserId\\";i:1;s:5:\\"queue\\";s:2:\\"ai\\";}","batchId":null},"createdAt":1772193917,"delay":null}', 0, NULL, 1772193917, 1772193917),
	(51, 'ai', '{"uuid":"e2e4d2aa-5166-4dc9-8740-33f318143684","displayName":"App\\\\Jobs\\\\SummarizeConversationJob","job":"Illuminate\\\\Queue\\\\CallQueuedHandler@call","maxTries":null,"maxExceptions":null,"failOnTimeout":false,"backoff":null,"timeout":null,"retryUntil":null,"data":{"commandName":"App\\\\Jobs\\\\SummarizeConversationJob","command":"O:33:\\"App\\\\Jobs\\\\SummarizeConversationJob\\":3:{s:14:\\"conversationId\\";i:1;s:11:\\"staffUserId\\";i:1;s:5:\\"queue\\";s:2:\\"ai\\";}","batchId":null},"createdAt":1772193918,"delay":null}', 0, NULL, 1772193918, 1772193918),
	(52, 'ai', '{"uuid":"d475460b-6961-424f-9b4d-743e581ff1c0","displayName":"App\\\\Jobs\\\\SummarizeConversationJob","job":"Illuminate\\\\Queue\\\\CallQueuedHandler@call","maxTries":null,"maxExceptions":null,"failOnTimeout":false,"backoff":null,"timeout":null,"retryUntil":null,"data":{"commandName":"App\\\\Jobs\\\\SummarizeConversationJob","command":"O:33:\\"App\\\\Jobs\\\\SummarizeConversationJob\\":3:{s:14:\\"conversationId\\";i:1;s:11:\\"staffUserId\\";i:1;s:5:\\"queue\\";s:2:\\"ai\\";}","batchId":null},"createdAt":1772193918,"delay":null}', 0, NULL, 1772193918, 1772193918),
	(53, 'ai', '{"uuid":"87d276e3-b0cd-4369-afa5-b174420f366c","displayName":"App\\\\Jobs\\\\SummarizeConversationJob","job":"Illuminate\\\\Queue\\\\CallQueuedHandler@call","maxTries":null,"maxExceptions":null,"failOnTimeout":false,"backoff":null,"timeout":null,"retryUntil":null,"data":{"commandName":"App\\\\Jobs\\\\SummarizeConversationJob","command":"O:33:\\"App\\\\Jobs\\\\SummarizeConversationJob\\":3:{s:14:\\"conversationId\\";i:1;s:11:\\"staffUserId\\";i:1;s:5:\\"queue\\";s:2:\\"ai\\";}","batchId":null},"createdAt":1772193918,"delay":null}', 0, NULL, 1772193918, 1772193918),
	(54, 'ai', '{"uuid":"f8fb5a02-b529-4e86-8730-486c5c936ebc","displayName":"App\\\\Jobs\\\\ClassifyConversationJob","job":"Illuminate\\\\Queue\\\\CallQueuedHandler@call","maxTries":null,"maxExceptions":null,"failOnTimeout":false,"backoff":null,"timeout":null,"retryUntil":null,"data":{"commandName":"App\\\\Jobs\\\\ClassifyConversationJob","command":"O:32:\\"App\\\\Jobs\\\\ClassifyConversationJob\\":3:{s:14:\\"conversationId\\";i:1;s:11:\\"staffUserId\\";i:1;s:5:\\"queue\\";s:2:\\"ai\\";}","batchId":null},"createdAt":1772193918,"delay":null}', 0, NULL, 1772193918, 1772193918),
	(55, 'ai', '{"uuid":"89365949-db80-4ccb-95e8-1175f67a2f36","displayName":"App\\\\Jobs\\\\ClassifyConversationJob","job":"Illuminate\\\\Queue\\\\CallQueuedHandler@call","maxTries":null,"maxExceptions":null,"failOnTimeout":false,"backoff":null,"timeout":null,"retryUntil":null,"data":{"commandName":"App\\\\Jobs\\\\ClassifyConversationJob","command":"O:32:\\"App\\\\Jobs\\\\ClassifyConversationJob\\":3:{s:14:\\"conversationId\\";i:1;s:11:\\"staffUserId\\";i:1;s:5:\\"queue\\";s:2:\\"ai\\";}","batchId":null},"createdAt":1772193918,"delay":null}', 0, NULL, 1772193918, 1772193918),
	(56, 'ai', '{"uuid":"4eae6c6c-9795-4c4e-aa12-bdfb3f2595a0","displayName":"App\\\\Jobs\\\\ClassifyConversationJob","job":"Illuminate\\\\Queue\\\\CallQueuedHandler@call","maxTries":null,"maxExceptions":null,"failOnTimeout":false,"backoff":null,"timeout":null,"retryUntil":null,"data":{"commandName":"App\\\\Jobs\\\\ClassifyConversationJob","command":"O:32:\\"App\\\\Jobs\\\\ClassifyConversationJob\\":3:{s:14:\\"conversationId\\";i:1;s:11:\\"staffUserId\\";i:1;s:5:\\"queue\\";s:2:\\"ai\\";}","batchId":null},"createdAt":1772193919,"delay":null}', 0, NULL, 1772193919, 1772193919),
	(57, 'ai', '{"uuid":"d613a37b-3a9a-44ac-9f4a-ca54a12da968","displayName":"App\\\\Jobs\\\\ClassifyConversationJob","job":"Illuminate\\\\Queue\\\\CallQueuedHandler@call","maxTries":null,"maxExceptions":null,"failOnTimeout":false,"backoff":null,"timeout":null,"retryUntil":null,"data":{"commandName":"App\\\\Jobs\\\\ClassifyConversationJob","command":"O:32:\\"App\\\\Jobs\\\\ClassifyConversationJob\\":3:{s:14:\\"conversationId\\";i:1;s:11:\\"staffUserId\\";i:1;s:5:\\"queue\\";s:2:\\"ai\\";}","batchId":null},"createdAt":1772193919,"delay":null}', 0, NULL, 1772193919, 1772193919),
	(58, 'ai', '{"uuid":"850d1564-4d9b-4234-ae9e-e2ca33a1d739","displayName":"App\\\\Jobs\\\\ClassifyConversationJob","job":"Illuminate\\\\Queue\\\\CallQueuedHandler@call","maxTries":null,"maxExceptions":null,"failOnTimeout":false,"backoff":null,"timeout":null,"retryUntil":null,"data":{"commandName":"App\\\\Jobs\\\\ClassifyConversationJob","command":"O:32:\\"App\\\\Jobs\\\\ClassifyConversationJob\\":3:{s:14:\\"conversationId\\";i:1;s:11:\\"staffUserId\\";i:1;s:5:\\"queue\\";s:2:\\"ai\\";}","batchId":null},"createdAt":1772193919,"delay":null}', 0, NULL, 1772193919, 1772193919),
	(59, 'ai', '{"uuid":"520c4a97-9555-437c-866a-ef162581e766","displayName":"App\\\\Jobs\\\\ClassifyConversationJob","job":"Illuminate\\\\Queue\\\\CallQueuedHandler@call","maxTries":null,"maxExceptions":null,"failOnTimeout":false,"backoff":null,"timeout":null,"retryUntil":null,"data":{"commandName":"App\\\\Jobs\\\\ClassifyConversationJob","command":"O:32:\\"App\\\\Jobs\\\\ClassifyConversationJob\\":3:{s:14:\\"conversationId\\";i:1;s:11:\\"staffUserId\\";i:1;s:5:\\"queue\\";s:2:\\"ai\\";}","batchId":null},"createdAt":1772193919,"delay":null}', 0, NULL, 1772193919, 1772193919),
	(61, 'ai', '{"uuid":"4f35ef32-d874-465f-bdde-0755f1620aff","displayName":"App\\\\Jobs\\\\GenerateAiSuggestionJob","job":"Illuminate\\\\Queue\\\\CallQueuedHandler@call","maxTries":null,"maxExceptions":null,"failOnTimeout":false,"backoff":null,"timeout":null,"retryUntil":null,"data":{"commandName":"App\\\\Jobs\\\\GenerateAiSuggestionJob","command":"O:32:\\"App\\\\Jobs\\\\GenerateAiSuggestionJob\\":3:{s:14:\\"conversationId\\";i:1;s:11:\\"staffUserId\\";i:1;s:5:\\"queue\\";s:2:\\"ai\\";}","batchId":null},"createdAt":1772193955,"delay":null}', 0, NULL, 1772193955, 1772193955),
	(62, 'ai', '{"uuid":"98b01eaf-54c7-47f4-b085-e0d633cfd58f","displayName":"App\\\\Jobs\\\\GenerateAiSuggestionJob","job":"Illuminate\\\\Queue\\\\CallQueuedHandler@call","maxTries":null,"maxExceptions":null,"failOnTimeout":false,"backoff":null,"timeout":null,"retryUntil":null,"data":{"commandName":"App\\\\Jobs\\\\GenerateAiSuggestionJob","command":"O:32:\\"App\\\\Jobs\\\\GenerateAiSuggestionJob\\":3:{s:14:\\"conversationId\\";i:1;s:11:\\"staffUserId\\";i:1;s:5:\\"queue\\";s:2:\\"ai\\";}","batchId":null},"createdAt":1772193955,"delay":null}', 0, NULL, 1772193955, 1772193955),
	(63, 'ai', '{"uuid":"f482fd44-0b73-4797-8cc5-b7301ed6a076","displayName":"App\\\\Jobs\\\\GenerateAiSuggestionJob","job":"Illuminate\\\\Queue\\\\CallQueuedHandler@call","maxTries":null,"maxExceptions":null,"failOnTimeout":false,"backoff":null,"timeout":null,"retryUntil":null,"data":{"commandName":"App\\\\Jobs\\\\GenerateAiSuggestionJob","command":"O:32:\\"App\\\\Jobs\\\\GenerateAiSuggestionJob\\":3:{s:14:\\"conversationId\\";i:1;s:11:\\"staffUserId\\";i:1;s:5:\\"queue\\";s:2:\\"ai\\";}","batchId":null},"createdAt":1772193955,"delay":null}', 0, NULL, 1772193955, 1772193955),
	(64, 'ai', '{"uuid":"461afe3c-9489-4d91-aa77-a10a6d360608","displayName":"App\\\\Jobs\\\\GenerateAiSuggestionJob","job":"Illuminate\\\\Queue\\\\CallQueuedHandler@call","maxTries":null,"maxExceptions":null,"failOnTimeout":false,"backoff":null,"timeout":null,"retryUntil":null,"data":{"commandName":"App\\\\Jobs\\\\GenerateAiSuggestionJob","command":"O:32:\\"App\\\\Jobs\\\\GenerateAiSuggestionJob\\":3:{s:14:\\"conversationId\\";i:1;s:11:\\"staffUserId\\";i:1;s:5:\\"queue\\";s:2:\\"ai\\";}","batchId":null},"createdAt":1772193956,"delay":null}', 0, NULL, 1772193956, 1772193956);

-- Copiando dados para a tabela supportdesk.job_batches: ~0 rows (aproximadamente)
DELETE FROM `job_batches`;

-- Copiando dados para a tabela supportdesk.knowledge_articles: ~0 rows (aproximadamente)
DELETE FROM `knowledge_articles`;

-- Copiando dados para a tabela supportdesk.knowledge_embeddings: ~0 rows (aproximadamente)
DELETE FROM `knowledge_embeddings`;

-- Copiando dados para a tabela supportdesk.messages: ~276 rows (aproximadamente)
DELETE FROM `messages`;
INSERT INTO `messages` (`id`, `workspace_id`, `conversation_id`, `sender_type`, `staff_user_id`, `sm_customer_id`, `body`, `meta`, `is_private`, `created_at`, `updated_at`) VALUES
	(43, 1, 2, 'staff', 1, 2, 'opa', '[]', 0, '2026-02-27 17:49:44', '2026-02-27 17:49:44'),
	(44, 1, 2, 'staff', 1, 2, 'ta ai?', '[]', 0, '2026-02-27 17:49:50', '2026-02-27 17:49:50'),
	(108, 1, 4, 'customer', NULL, 3, 'oi', '[]', 0, '2026-03-02 20:24:00', '2026-03-02 20:24:00'),
	(109, 1, 4, 'customer', NULL, 3, 'oi', '[]', 0, '2026-03-02 20:24:07', '2026-03-02 20:24:07'),
	(110, 2, 5, 'customer', NULL, 4, 'ola', '[]', 0, '2026-03-02 20:24:36', '2026-03-02 20:24:36'),
	(113, 2, 5, 'customer', NULL, 4, 'fala meu irmao da viraloop', '[]', 0, '2026-03-02 20:29:02', '2026-03-02 20:29:02'),
	(115, 2, 5, 'customer', NULL, 4, 'entao vc é o cara da viral?', '[]', 0, '2026-03-02 20:30:47', '2026-03-02 20:30:47'),
	(116, 2, 5, 'customer', NULL, 4, '😁', '[]', 0, '2026-03-02 20:30:50', '2026-03-02 20:30:50'),
	(117, 1, 7, 'customer', NULL, 6, '😂😂 socialmonster', '[]', 0, '2026-03-02 20:31:00', '2026-03-02 20:31:00'),
	(118, 2, 5, 'customer', NULL, 4, 'sou', '[]', 0, '2026-03-02 20:38:39', '2026-03-02 20:38:39'),
	(119, 1, 7, 'customer', NULL, 6, 'top', '[]', 0, '2026-03-02 20:50:09', '2026-03-02 20:50:09'),
	(120, 2, 5, 'customer', NULL, 4, 'shjow', '[]', 0, '2026-03-02 20:50:13', '2026-03-02 20:50:13'),
	(121, 2, 5, 'customer', NULL, 4, 'kk vc visualiza rápido', '[]', 0, '2026-03-02 20:50:23', '2026-03-02 20:50:23'),
	(122, 1, 7, 'customer', NULL, 6, 'asdasd,', '[]', 0, '2026-03-02 20:53:09', '2026-03-02 20:53:09'),
	(123, 2, 5, 'customer', NULL, 4, 'asdasdasd', '[]', 0, '2026-03-02 20:53:13', '2026-03-02 20:53:13'),
	(124, 2, 5, 'staff', 1, 4, 'top mano', '[]', 0, '2026-03-02 20:53:55', '2026-03-02 20:53:55'),
	(125, 2, 5, 'staff', 1, 4, 'vamo la', '[]', 0, '2026-03-02 20:54:00', '2026-03-02 20:54:00'),
	(126, 1, 7, 'customer', NULL, 6, 'testando', '[]', 0, '2026-03-02 20:57:08', '2026-03-02 20:57:08'),
	(127, 1, 7, 'customer', NULL, 6, 'testando', '[]', 0, '2026-03-02 20:57:35', '2026-03-02 20:57:35'),
	(128, 1, 7, 'system', NULL, 6, 'Ola. Você precisa de ajuda?', '{"source": "salesbot", "bot_name": "SalesBot", "salesbot": {"mode": "flow", "flow_id": "flow-default", "node_id": "start", "options": [{"id": "option-1772462350493-379c76", "label": "Não", "value": "Não preciso de ajuda", "next_node_id": "node-1772462500754-00d073"}, {"id": "option-1772462366325-34c618", "label": "Sim", "value": "Sim, preciso de ajuda", "next_node_id": "node-1772462387389-f6e1a7"}], "flow_name": "Fluxo principal", "node_title": "Boas-vindas", "from_flow_id": "", "from_node_id": "", "selected_option_id": "", "selected_option_label": ""}, "trigger_id": "flow:flow-default:start", "trigger_name": "Flow Fluxo principal"}', 0, '2026-03-02 20:57:35', '2026-03-02 20:57:35'),
	(129, 1, 7, 'customer', NULL, 6, 'Sim', '{"salesbot": {"selected_option_id": "option-1772462366325-34c618", "selected_option_label": "Sim", "selected_option_value": "Sim, preciso de ajuda"}}', 0, '2026-03-02 20:57:39', '2026-03-02 20:57:39'),
	(130, 1, 7, 'system', NULL, 6, 'Te encaminhei ao nosso atendente', '{"source": "salesbot", "bot_name": "SalesBot", "salesbot": {"mode": "flow", "flow_id": "flow-default", "node_id": "node-1772462387389-f6e1a7", "flow_name": "Fluxo principal", "node_title": "Encaminhar", "from_flow_id": "flow-default", "from_node_id": "start", "selected_option_id": "option-1772462366325-34c618", "selected_option_label": "Sim"}, "trigger_id": "flow:flow-default:node-1772462387389-f6e1a7", "trigger_name": "Flow Fluxo principal"}', 0, '2026-03-02 20:57:39', '2026-03-02 20:57:39'),
	(131, 1, 7, 'customer', NULL, 6, 'testando', '[]', 0, '2026-03-02 20:57:53', '2026-03-02 20:57:53'),
	(132, 1, 7, 'system', NULL, 6, 'Ola. Você precisa de ajuda?', '{"source": "salesbot", "bot_name": "SalesBot", "salesbot": {"mode": "flow", "flow_id": "flow-default", "node_id": "start", "options": [{"id": "option-1772462350493-379c76", "label": "Não", "value": "Não preciso de ajuda", "next_node_id": "node-1772462500754-00d073"}, {"id": "option-1772462366325-34c618", "label": "Sim", "value": "Sim, preciso de ajuda", "next_node_id": "node-1772462387389-f6e1a7"}], "flow_name": "Fluxo principal", "node_title": "Boas-vindas", "from_flow_id": "", "from_node_id": "", "selected_option_id": "", "selected_option_label": ""}, "trigger_id": "flow:flow-default:start", "trigger_name": "Flow Fluxo principal"}', 0, '2026-03-02 20:57:53', '2026-03-02 20:57:53'),
	(133, 1, 7, 'customer', NULL, 6, 'Não', '{"salesbot": {"selected_option_id": "option-1772462350493-379c76", "selected_option_label": "Não", "selected_option_value": "Não preciso de ajuda"}}', 0, '2026-03-02 20:57:56', '2026-03-02 20:57:56'),
	(134, 1, 7, 'system', NULL, 6, 'Quero saber sobre algum serviço?', '{"source": "salesbot", "bot_name": "SalesBot", "salesbot": {"mode": "flow", "flow_id": "flow-default", "node_id": "node-1772462500754-00d073", "options": [{"id": "option-1772462560941-07d703", "label": "Sim", "value": "Sim", "next_node_id": "node-1772462560941-542fc2"}, {"id": "option-1772462569176-8c8348", "label": "Não", "value": "nao", "next_node_id": "node-1772462658308-839719"}], "flow_name": "Fluxo principal", "node_title": "Quero saber sobre algum serviço?", "from_flow_id": "flow-default", "from_node_id": "start", "selected_option_id": "option-1772462350493-379c76", "selected_option_label": "Não"}, "trigger_id": "flow:flow-default:node-1772462500754-00d073", "trigger_name": "Flow Fluxo principal"}', 0, '2026-03-02 20:57:56', '2026-03-02 20:57:56'),
	(135, 1, 7, 'customer', NULL, 6, 'Sim', '{"salesbot": {"selected_option_id": "option-1772462560941-07d703", "selected_option_label": "Sim", "selected_option_value": "Sim"}}', 0, '2026-03-02 20:58:02', '2026-03-02 20:58:02'),
	(136, 1, 7, 'system', NULL, 6, 'Quais serviços?', '{"source": "salesbot", "bot_name": "SalesBot", "salesbot": {"mode": "flow", "flow_id": "flow-default", "node_id": "node-1772462560941-542fc2", "options": [{"id": "option-1772462635898-95ab7b", "label": "Seguidores", "value": "seguidores", "next_node_id": "node-1772462635898-edae06"}, {"id": "option-1772462648367-ea8701", "label": "Curtidas", "value": "curtidas", "next_node_id": "node-1772462648367-fbc59d"}], "flow_name": "Fluxo principal", "node_title": "Quais serviços?", "from_flow_id": "flow-default", "from_node_id": "node-1772462500754-00d073", "selected_option_id": "option-1772462560941-07d703", "selected_option_label": "Sim"}, "trigger_id": "flow:flow-default:node-1772462560941-542fc2", "trigger_name": "Flow Fluxo principal"}', 0, '2026-03-02 20:58:02', '2026-03-02 20:58:02'),
	(137, 1, 7, 'customer', NULL, 6, 'Curtidas', '{"salesbot": {"selected_option_id": "option-1772462648367-ea8701", "selected_option_label": "Curtidas", "selected_option_value": "curtidas"}}', 0, '2026-03-02 20:58:05', '2026-03-02 20:58:05'),
	(138, 2, 9, 'customer', NULL, 8, 'eii', '[]', 0, '2026-03-02 21:06:46', '2026-03-02 21:06:46'),
	(139, 1, 8, 'customer', NULL, 7, 'ollaaa', '[]', 0, '2026-03-02 21:06:54', '2026-03-02 21:06:54'),
	(140, 1, 8, 'system', NULL, 7, 'Ola. Eu sou o SalesBot e vou te ajudar com o pedido.', '{"source": "salesbot", "bot_name": "SalesBot", "trigger_id": "salesbot-first-message", "trigger_name": "Boas-vindas inicial"}', 0, '2026-03-02 21:06:54', '2026-03-02 21:06:54'),
	(141, 1, 8, 'system', NULL, 7, 'Me diga: rede social, @usuario/link e quantidade desejada para eu te indicar o melhor servico.', '{"source": "salesbot", "bot_name": "SalesBot", "trigger_id": "salesbot-first-message", "trigger_name": "Boas-vindas inicial"}', 0, '2026-03-02 21:06:54', '2026-03-02 21:06:54'),
	(142, 1, 8, 'customer', NULL, 7, 'seguidores tiktok', '[]', 0, '2026-03-02 21:07:05', '2026-03-02 21:07:05'),
	(143, 1, 8, 'system', NULL, 7, 'Perfeito. Para te passar o servico certo, preciso de 3 dados: rede social, perfil/link e quantidade.', '{"source": "salesbot", "bot_name": "SalesBot", "trigger_id": "salesbot-price-intent", "trigger_name": "Intencao de compra / preco"}', 0, '2026-03-02 21:07:05', '2026-03-02 21:07:05'),
	(144, 1, 8, 'customer', NULL, 7, '@seguidores', '[]', 0, '2026-03-02 21:07:11', '2026-03-02 21:07:11'),
	(145, 1, 8, 'customer', NULL, 7, 'ok', '[]', 0, '2026-03-02 21:08:36', '2026-03-02 21:08:36'),
	(146, 2, 9, 'customer', NULL, 8, 'ok', '[]', 0, '2026-03-02 21:08:41', '2026-03-02 21:08:41'),
	(147, 2, 9, 'staff', 1, 8, 'Olá! 😂', '[]', 0, '2026-03-02 21:11:24', '2026-03-02 21:11:24'),
	(148, 1, 8, 'customer', NULL, 7, 'fala cmg', '[]', 0, '2026-03-02 21:33:44', '2026-03-02 21:33:44'),
	(149, 2, 9, 'customer', NULL, 8, 'to falando uai', '[]', 0, '2026-03-02 21:33:49', '2026-03-02 21:33:49'),
	(150, 2, 9, 'staff', 1, 8, 'blz', '[]', 0, '2026-03-02 21:51:20', '2026-03-02 21:51:20'),
	(151, 1, 8, 'customer', NULL, 7, 'sou sanduk', '[]', 0, '2026-03-02 21:54:46', '2026-03-02 21:54:46'),
	(152, 2, 9, 'staff', 1, 8, 'opa', '[]', 0, '2026-03-02 23:44:21', '2026-03-02 23:44:21'),
	(153, 1, 7, 'staff', 1, 6, 'Ola', '[]', 0, '2026-03-02 23:44:24', '2026-03-02 23:44:24'),
	(154, 1, 4, 'staff', 1, 3, 'FaLA CMG', '[]', 0, '2026-03-02 23:44:28', '2026-03-02 23:44:28'),
	(155, 1, 8, 'customer', NULL, 7, 'oi sanduk', '[]', 0, '2026-03-03 00:02:53', '2026-03-03 00:02:53'),
	(156, 2, 10, 'customer', NULL, 9, 'jajaja', '[]', 0, '2026-03-03 17:07:27', '2026-03-03 17:07:27'),
	(157, 2, 10, 'system', NULL, 9, 'Você já é nosso cliente?', '{"source": "salesbot", "bot_name": "1 - SOCIAL MONSTER (COMPLETO)", "salesbot": {"mode": "flow", "flow_id": "flow-1-social-monster-completo", "node_id": "step-0", "options": [{"id": "step-0-option-1", "label": "sim", "value": "sim", "next_node_id": "step-52"}, {"id": "step-0-option-2", "label": "não", "value": "não", "next_node_id": "step-7"}], "flow_name": "1 - SOCIAL MONSTER (COMPLETO)", "node_title": "Você já é nosso cliente?", "from_flow_id": "", "from_node_id": "", "selected_option_id": "", "selected_option_label": ""}, "trigger_id": "flow:flow-1-social-monster-completo:step-0", "trigger_name": "Flow 1 - SOCIAL MONSTER (COMPLETO)"}', 0, '2026-03-03 17:07:27', '2026-03-03 17:07:27'),
	(158, 2, 10, 'customer', NULL, 9, 'não', '{"salesbot": {"selected_option_id": "step-0-option-2", "selected_option_label": "não", "selected_option_value": "não"}}', 0, '2026-03-03 17:07:30', '2026-03-03 17:07:30'),
	(159, 2, 10, 'system', NULL, 9, 'Nós somos a Social Monster! Estamos no mercado desde 2017, oferecendo os melhores serviços e preços aos nossos clientes, com suporte ágil e humano. 👥💼', '{"source": "salesbot", "bot_name": "1 - SOCIAL MONSTER (COMPLETO)", "salesbot": {"mode": "flow", "flow_id": "flow-1-social-monster-completo", "node_id": "step-7", "flow_name": "1 - SOCIAL MONSTER (COMPLETO)", "node_title": "Nós somos a Social Monster! Estamos no mercado desde 2017, oferecendo os melhore", "from_flow_id": "flow-1-social-monster-completo", "from_node_id": "step-0", "selected_option_id": "step-0-option-2", "selected_option_label": "não"}, "trigger_id": "flow:flow-1-social-monster-completo:step-7", "trigger_name": "Flow 1 - SOCIAL MONSTER (COMPLETO)"}', 0, '2026-03-03 17:07:30', '2026-03-03 17:07:30'),
	(160, 2, 10, 'customer', NULL, 9, 'jajaja', '[]', 0, '2026-03-03 17:42:51', '2026-03-03 17:42:51'),
	(161, 2, 10, 'system', NULL, 9, 'Etapa importada do Kommo.', '{"source": "salesbot", "bot_name": "1 - SOCIAL MONSTER (COMPLETO)", "salesbot": {"mode": "flow", "flow_id": "flow-1-social-monster-completo", "node_id": "step-61", "flow_name": "1 - SOCIAL MONSTER (COMPLETO)", "node_title": "Etapa importada do Kommo.", "from_flow_id": "flow-1-social-monster-completo", "from_node_id": "step-7", "selected_option_id": "", "selected_option_label": ""}, "trigger_id": "flow:flow-1-social-monster-completo:step-61", "trigger_name": "Flow 1 - SOCIAL MONSTER (COMPLETO)"}', 0, '2026-03-03 17:42:52', '2026-03-03 17:42:52'),
	(162, 2, 10, 'system', NULL, 9, 'Nosso site funciona como um painel com preços reduzidos (valor de revenda), pois nosso foco é fidelizar nossos clientes. Para realizar pedidos, é necessário registrar-se em nossa plataforma. Além disso, é importante lembrar que TODOS os nossos serviços possuem GARANTIA! 🌟💼', '{"source": "salesbot", "bot_name": "1 - SOCIAL MONSTER (COMPLETO)", "salesbot": {"mode": "flow", "flow_id": "flow-1-social-monster-completo", "node_id": "step-8", "flow_name": "1 - SOCIAL MONSTER (COMPLETO)", "node_title": "Nosso site funciona como um painel com preços reduzidos (valor de revenda), pois", "from_flow_id": "flow-1-social-monster-completo", "from_node_id": "step-61", "selected_option_id": "", "selected_option_label": ""}, "trigger_id": "flow:flow-1-social-monster-completo:step-8", "trigger_name": "Flow 1 - SOCIAL MONSTER (COMPLETO)"}', 0, '2026-03-03 17:42:54', '2026-03-03 17:42:54'),
	(163, 2, 10, 'customer', NULL, 9, 'ok', '[]', 0, '2026-03-03 17:43:05', '2026-03-03 17:43:05'),
	(164, 2, 10, 'system', NULL, 9, 'Etapa importada do Kommo.', '{"source": "salesbot", "bot_name": "1 - SOCIAL MONSTER (COMPLETO)", "salesbot": {"mode": "flow", "flow_id": "flow-1-social-monster-completo", "node_id": "step-37", "flow_name": "1 - SOCIAL MONSTER (COMPLETO)", "node_title": "Etapa importada do Kommo.", "from_flow_id": "flow-1-social-monster-completo", "from_node_id": "step-8", "selected_option_id": "", "selected_option_label": ""}, "trigger_id": "flow:flow-1-social-monster-completo:step-37", "trigger_name": "Flow 1 - SOCIAL MONSTER (COMPLETO)"}', 0, '2026-03-03 17:43:05', '2026-03-03 17:43:05'),
	(165, 2, 10, 'customer', NULL, 9, 'ok', '[]', 0, '2026-03-03 17:43:11', '2026-03-03 17:43:11'),
	(166, 2, 10, 'system', NULL, 9, 'Etapa importada do Kommo.', '{"source": "salesbot", "bot_name": "1 - SOCIAL MONSTER (COMPLETO)", "salesbot": {"mode": "flow", "flow_id": "flow-1-social-monster-completo", "node_id": "step-62", "flow_name": "1 - SOCIAL MONSTER (COMPLETO)", "node_title": "Etapa importada do Kommo.", "from_flow_id": "flow-1-social-monster-completo", "from_node_id": "step-37", "selected_option_id": "", "selected_option_label": ""}, "trigger_id": "flow:flow-1-social-monster-completo:step-62", "trigger_name": "Flow 1 - SOCIAL MONSTER (COMPLETO)"}', 0, '2026-03-03 17:43:11', '2026-03-03 17:43:11'),
	(167, 2, 10, 'system', NULL, 9, 'Você quer impulsionar qual rede social?', '{"source": "salesbot", "bot_name": "1 - SOCIAL MONSTER (COMPLETO)", "salesbot": {"mode": "flow", "flow_id": "flow-1-social-monster-completo", "node_id": "step-9", "options": [{"id": "step-9-option-1", "label": "Instagram", "value": "Instagram", "next_node_id": "step-10"}, {"id": "step-9-option-2", "label": "Facebook", "value": "Facebook", "next_node_id": "step-16"}, {"id": "step-9-option-3", "label": "TikTok", "value": "TikTok", "next_node_id": "step-17"}, {"id": "step-9-option-4", "label": "YouTube", "value": "YouTube", "next_node_id": "step-18"}, {"id": "step-9-option-5", "label": "Kwai", "value": "Kwai", "next_node_id": "step-31"}, {"id": "step-9-option-6", "label": "Twitter", "value": "Twitter", "next_node_id": "step-32"}, {"id": "step-9-option-7", "label": "Twitch.TV", "value": "Twitch.TV", "next_node_id": "step-33"}, {"id": "step-9-option-8", "label": "Telegram", "value": "Telegram", "next_node_id": "step-35"}, {"id": "step-9-option-9", "label": "Discord", "value": "Discord", "next_node_id": "step-34"}, {"id": "step-9-option-10", "label": "Snapchat", "value": "Snapchat", "next_node_id": "step-36"}, {"id": "step-9-option-11", "label": "Threads", "value": "Threads", "next_node_id": "step-38"}, {"id": "step-9-option-12", "label": "Rumble", "value": "Rumble", "next_node_id": "step-55"}], "flow_name": "1 - SOCIAL MONSTER (COMPLETO)", "node_title": "Você quer impulsionar qual rede social?", "from_flow_id": "flow-1-social-monster-completo", "from_node_id": "step-62", "selected_option_id": "", "selected_option_label": ""}, "trigger_id": "flow:flow-1-social-monster-completo:step-9", "trigger_name": "Flow 1 - SOCIAL MONSTER (COMPLETO)"}', 0, '2026-03-03 17:43:14', '2026-03-03 17:43:14'),
	(168, 2, 10, 'customer', NULL, 9, 'Instagram', '{"salesbot": {"selected_option_id": "step-9-option-1", "selected_option_label": "Instagram", "selected_option_value": "Instagram"}}', 0, '2026-03-03 17:43:18', '2026-03-03 17:43:18'),
	(169, 2, 10, 'system', NULL, 9, '[Template Kommo #5304]', '{"source": "salesbot", "bot_name": "1 - SOCIAL MONSTER (COMPLETO)", "salesbot": {"mode": "flow", "flow_id": "flow-1-social-monster-completo", "node_id": "step-10", "flow_name": "1 - SOCIAL MONSTER (COMPLETO)", "node_title": "[Template Kommo #5304]", "from_flow_id": "flow-1-social-monster-completo", "from_node_id": "step-9", "selected_option_id": "step-9-option-1", "selected_option_label": "Instagram"}, "trigger_id": "flow:flow-1-social-monster-completo:step-10", "trigger_name": "Flow 1 - SOCIAL MONSTER (COMPLETO)"}', 0, '2026-03-03 17:43:18', '2026-03-03 17:43:18'),
	(170, 2, 10, 'staff', 1, 9, 'oi', '[]', 0, '2026-03-03 17:50:51', '2026-03-03 17:50:51'),
	(171, 2, 10, 'customer', NULL, 9, 'jajaja', '[]', 0, '2026-03-03 17:50:58', '2026-03-03 17:50:58'),
	(172, 2, 10, 'system', NULL, 9, 'Você tem interesse em iniciar essa parceria conosco?\n1️⃣ - Sim, quero me registrar\n2️⃣ - Não, ainda tenho algumas dúvidas sobre o site e os preços', '{"source": "salesbot", "bot_name": "1 - SOCIAL MONSTER (COMPLETO)", "salesbot": {"mode": "flow", "flow_id": "flow-1-social-monster-completo", "node_id": "step-11", "options": [{"id": "step-11-option-1", "label": "Sim", "value": "Sim", "next_node_id": "step-24"}, {"id": "step-11-option-2", "label": "Não", "value": "Não", "next_node_id": "step-13"}], "flow_name": "1 - SOCIAL MONSTER (COMPLETO)", "node_title": "Você tem interesse em iniciar essa parceria conosco? 1️⃣ - Sim, quero me registr", "from_flow_id": "flow-1-social-monster-completo", "from_node_id": "step-10", "selected_option_id": "", "selected_option_label": ""}, "trigger_id": "flow:flow-1-social-monster-completo:step-11", "trigger_name": "Flow 1 - SOCIAL MONSTER (COMPLETO)"}', 0, '2026-03-03 17:50:58', '2026-03-03 17:50:58'),
	(173, 2, 10, 'customer', NULL, 9, 'Sim', '{"salesbot": {"selected_option_id": "step-11-option-1", "selected_option_label": "Sim", "selected_option_value": "Sim"}}', 0, '2026-03-03 17:51:05', '2026-03-03 17:51:05'),
	(174, 2, 10, 'system', NULL, 9, 'Etapa importada do Kommo.', '{"source": "salesbot", "bot_name": "1 - SOCIAL MONSTER (COMPLETO)", "salesbot": {"mode": "flow", "flow_id": "flow-1-social-monster-completo", "node_id": "step-24", "flow_name": "1 - SOCIAL MONSTER (COMPLETO)", "node_title": "Etapa importada do Kommo.", "from_flow_id": "flow-1-social-monster-completo", "from_node_id": "step-11", "selected_option_id": "step-11-option-1", "selected_option_label": "Sim"}, "trigger_id": "flow:flow-1-social-monster-completo:step-24", "trigger_name": "Flow 1 - SOCIAL MONSTER (COMPLETO)"}', 0, '2026-03-03 17:51:05', '2026-03-03 17:51:05'),
	(175, 2, 10, 'customer', NULL, 9, 'jajaja', '[]', 0, '2026-03-03 18:28:43', '2026-03-03 18:28:43'),
	(176, 2, 10, 'system', NULL, 9, 'Excelente! 🚀 Abaixo, você encontrará o link para se registrar em nossa plataforma.\nAcesse https://socialmonster.net/register\nÉ fácil! Basta preencher os campos e criar sua conta.', '{"source": "salesbot", "bot_name": "1 - SOCIAL MONSTER (COMPLETO)", "salesbot": {"mode": "flow", "flow_id": "flow-1-social-monster-completo", "node_id": "step-12", "flow_name": "1 - SOCIAL MONSTER (COMPLETO)", "node_title": "Excelente! 🚀 Abaixo, você encontrará o link para se registrar em nossa platafor", "from_flow_id": "flow-1-social-monster-completo", "from_node_id": "step-24", "selected_option_id": "", "selected_option_label": ""}, "trigger_id": "flow:flow-1-social-monster-completo:step-12", "trigger_name": "Flow 1 - SOCIAL MONSTER (COMPLETO)"}', 0, '2026-03-03 18:28:43', '2026-03-03 18:28:43'),
	(177, 2, 10, 'customer', NULL, 9, 'ola', '[]', 0, '2026-03-03 18:28:52', '2026-03-03 18:28:52'),
	(178, 2, 10, 'system', NULL, 9, 'Veja como realizar seu primeiro pedido na Social Monster. Acesse https://socialmonster.net/register para começar e siga o passo a passo do vídeo. 📦📽️', '{"source": "salesbot", "bot_name": "1 - SOCIAL MONSTER (COMPLETO)", "salesbot": {"mode": "flow", "flow_id": "flow-1-social-monster-completo", "node_id": "step-25", "flow_name": "1 - SOCIAL MONSTER (COMPLETO)", "node_title": "Veja como realizar seu primeiro pedido na Social Monster. Acesse https://socialm", "from_flow_id": "flow-1-social-monster-completo", "from_node_id": "step-12", "selected_option_id": "", "selected_option_label": ""}, "trigger_id": "flow:flow-1-social-monster-completo:step-25", "trigger_name": "Flow 1 - SOCIAL MONSTER (COMPLETO)"}', 0, '2026-03-03 18:28:52', '2026-03-03 18:28:52'),
	(179, 2, 11, 'customer', NULL, 10, 'oi', '[]', 0, '2026-03-03 18:57:52', '2026-03-03 18:57:52'),
	(180, 2, 11, 'system', NULL, 10, 'Ola. Eu sou o SalesBot e vou te ajudar com o pedido.', '{"source": "salesbot", "bot_name": "1 - SOCIAL MONSTER (COMPLETO)", "trigger_id": "salesbot-first-message", "trigger_name": "Boas-vindas inicial"}', 0, '2026-03-03 18:57:52', '2026-03-03 18:57:52'),
	(181, 2, 11, 'system', NULL, 10, 'Me diga: rede social, @usuario/link e quantidade desejada para eu te indicar o melhor servico.', '{"source": "salesbot", "bot_name": "1 - SOCIAL MONSTER (COMPLETO)", "trigger_id": "salesbot-first-message", "trigger_name": "Boas-vindas inicial"}', 0, '2026-03-03 18:57:52', '2026-03-03 18:57:52'),
	(182, 2, 11, 'customer', NULL, 10, 'lalal', '[]', 0, '2026-03-03 18:58:00', '2026-03-03 18:58:00'),
	(183, 2, 11, 'system', NULL, 10, 'Perfeito, consigo te ajudar com isso. Me diga qual rede social e a quantidade desejada para eu te orientar no melhor servico.', '{"source": "salesbot", "bot_name": "1 - SOCIAL MONSTER (COMPLETO)", "trigger_id": "fallback", "trigger_name": "Fallback"}', 0, '2026-03-03 18:58:00', '2026-03-03 18:58:00'),
	(184, 2, 11, 'customer', NULL, 10, 'xuxu', '[]', 0, '2026-03-03 18:58:06', '2026-03-03 18:58:06'),
	(185, 2, 11, 'customer', NULL, 10, 'jajaja', '[]', 0, '2026-03-03 18:58:12', '2026-03-03 18:58:12'),
	(186, 2, 11, 'system', NULL, 10, 'Você já é nosso cliente?', '{"source": "salesbot", "bot_name": "1 - SOCIAL MONSTER (COMPLETO)", "salesbot": {"mode": "flow", "flow_id": "flow-1-social-monster-completo", "node_id": "step-0", "options": [{"id": "step-0-option-1", "label": "sim", "value": "sim", "next_node_id": "step-52"}, {"id": "step-0-option-2", "label": "não", "value": "não", "next_node_id": "step-7"}], "flow_name": "1 - SOCIAL MONSTER (COMPLETO)", "node_title": "Você já é nosso cliente?", "from_flow_id": "", "from_node_id": "", "selected_option_id": "", "selected_option_label": ""}, "trigger_id": "flow:flow-1-social-monster-completo:step-0", "trigger_name": "Flow 1 - SOCIAL MONSTER (COMPLETO)"}', 0, '2026-03-03 18:58:12', '2026-03-03 18:58:12'),
	(187, 2, 11, 'customer', NULL, 10, 'ola', '[]', 0, '2026-03-03 18:58:17', '2026-03-03 18:58:17'),
	(188, 2, 11, 'system', NULL, 10, 'Para continuar, escolha uma opcao pelos botoes abaixo.', '{"source": "salesbot", "bot_name": "1 - SOCIAL MONSTER (COMPLETO)", "salesbot": {"mode": "flow", "flow_id": "flow-1-social-monster-completo", "node_id": "step-0", "options": [{"id": "step-0-option-1", "label": "sim", "value": "sim", "next_node_id": "step-52"}, {"id": "step-0-option-2", "label": "não", "value": "não", "next_node_id": "step-7"}], "flow_name": "1 - SOCIAL MONSTER (COMPLETO)", "node_title": "Você já é nosso cliente?"}, "trigger_id": "flow-invalid-flow-1-social-monster-completo-step-0", "trigger_name": "Flow opcao invalida"}', 0, '2026-03-03 18:58:17', '2026-03-03 18:58:17'),
	(189, 2, 11, 'customer', NULL, 10, 'ola', '[]', 0, '2026-03-03 18:58:21', '2026-03-03 18:58:21'),
	(190, 2, 11, 'customer', NULL, 10, 'jajaja', '[]', 0, '2026-03-03 18:58:26', '2026-03-03 18:58:26'),
	(191, 2, 11, 'customer', NULL, 10, 'jajaja', '[]', 0, '2026-03-03 18:58:30', '2026-03-03 18:58:30'),
	(192, 2, 11, 'customer', NULL, 10, 'jajaja', '[]', 0, '2026-03-03 18:58:36', '2026-03-03 18:58:36'),
	(193, 2, 11, 'system', NULL, 10, 'Para continuar, escolha uma opcao pelos botoes abaixo.', '{"source": "salesbot", "bot_name": "1 - SOCIAL MONSTER (COMPLETO)", "salesbot": {"mode": "flow", "flow_id": "flow-1-social-monster-completo", "node_id": "step-0", "options": [{"id": "step-0-option-1", "label": "sim", "value": "sim", "next_node_id": "step-52"}, {"id": "step-0-option-2", "label": "não", "value": "não", "next_node_id": "step-7"}], "flow_name": "1 - SOCIAL MONSTER (COMPLETO)", "node_title": "Você já é nosso cliente?"}, "trigger_id": "flow-invalid-flow-1-social-monster-completo-step-0", "trigger_name": "Flow opcao invalida"}', 0, '2026-03-03 18:58:36', '2026-03-03 18:58:36'),
	(194, 2, 11, 'customer', NULL, 10, 'sim', '{"salesbot": {"selected_option_id": "step-0-option-1", "selected_option_label": "sim", "selected_option_value": "sim"}}', 0, '2026-03-03 18:58:42', '2026-03-03 18:58:42'),
	(195, 2, 11, 'system', NULL, 10, 'Certo. Vamos continuar.', '{"source": "salesbot", "bot_name": "1 - SOCIAL MONSTER (COMPLETO)", "salesbot": {"mode": "flow", "flow_id": "flow-1-social-monster-completo", "node_id": "step-52", "flow_name": "1 - SOCIAL MONSTER (COMPLETO)", "node_title": "Etapa importada do Kommo.", "from_flow_id": "flow-1-social-monster-completo", "from_node_id": "step-0", "selected_option_id": "step-0-option-1", "selected_option_label": "sim"}, "trigger_id": "flow:flow-1-social-monster-completo:step-52", "trigger_name": "Flow 1 - SOCIAL MONSTER (COMPLETO)"}', 0, '2026-03-03 18:58:42', '2026-03-03 18:58:42'),
	(196, 2, 11, 'customer', NULL, 10, 'vamos', '[]', 0, '2026-03-03 18:58:57', '2026-03-03 18:58:57'),
	(197, 2, 11, 'system', NULL, 10, 'Certo. Vamos continuar.', '{"source": "salesbot", "bot_name": "1 - SOCIAL MONSTER (COMPLETO)", "salesbot": {"mode": "flow", "flow_id": "flow-1-social-monster-completo", "node_id": "step-53", "flow_name": "1 - SOCIAL MONSTER (COMPLETO)", "node_title": "Etapa importada do Kommo.", "from_flow_id": "flow-1-social-monster-completo", "from_node_id": "step-52", "selected_option_id": "", "selected_option_label": ""}, "trigger_id": "flow:flow-1-social-monster-completo:step-53", "trigger_name": "Flow 1 - SOCIAL MONSTER (COMPLETO)"}', 0, '2026-03-03 18:58:57', '2026-03-03 18:58:57'),
	(198, 2, 11, 'customer', NULL, 10, 'vamos', '[]', 0, '2026-03-03 18:59:01', '2026-03-03 18:59:01'),
	(199, 2, 11, 'customer', NULL, 10, 'bora', '[]', 0, '2026-03-03 18:59:05', '2026-03-03 18:59:05'),
	(200, 2, 11, 'customer', NULL, 10, 'contia', '[]', 0, '2026-03-03 18:59:08', '2026-03-03 18:59:08'),
	(201, 2, 11, 'customer', NULL, 10, 'jajaja', '[]', 0, '2026-03-03 18:59:12', '2026-03-03 18:59:12'),
	(202, 2, 11, 'system', NULL, 10, 'Você já é nosso cliente?', '{"source": "salesbot", "bot_name": "1 - SOCIAL MONSTER (COMPLETO)", "salesbot": {"mode": "flow", "flow_id": "flow-1-social-monster-completo", "node_id": "step-0", "options": [{"id": "step-0-option-1", "label": "sim", "value": "sim", "next_node_id": "step-52"}, {"id": "step-0-option-2", "label": "não", "value": "não", "next_node_id": "step-7"}], "flow_name": "1 - SOCIAL MONSTER (COMPLETO)", "node_title": "Você já é nosso cliente?", "from_flow_id": "", "from_node_id": "", "selected_option_id": "", "selected_option_label": ""}, "trigger_id": "flow:flow-1-social-monster-completo:step-0", "trigger_name": "Flow 1 - SOCIAL MONSTER (COMPLETO)"}', 0, '2026-03-03 18:59:12', '2026-03-03 18:59:12'),
	(203, 2, 11, 'customer', NULL, 10, 'não', '{"salesbot": {"selected_option_id": "step-0-option-2", "selected_option_label": "não", "selected_option_value": "não"}}', 0, '2026-03-03 18:59:16', '2026-03-03 18:59:16'),
	(204, 2, 11, 'system', NULL, 10, 'Nós somos a Social Monster! Estamos no mercado desde 2017, oferecendo os melhores serviços e preços aos nossos clientes, com suporte ágil e humano. 👥💼', '{"source": "salesbot", "bot_name": "1 - SOCIAL MONSTER (COMPLETO)", "salesbot": {"mode": "flow", "flow_id": "flow-1-social-monster-completo", "node_id": "step-7", "flow_name": "1 - SOCIAL MONSTER (COMPLETO)", "node_title": "Nós somos a Social Monster! Estamos no mercado desde 2017, oferecendo os melhore", "from_flow_id": "flow-1-social-monster-completo", "from_node_id": "step-0", "selected_option_id": "step-0-option-2", "selected_option_label": "não"}, "trigger_id": "flow:flow-1-social-monster-completo:step-7", "trigger_name": "Flow 1 - SOCIAL MONSTER (COMPLETO)"}', 0, '2026-03-03 18:59:16', '2026-03-03 18:59:16'),
	(205, 2, 10, 'customer', NULL, 9, 'jajaja', '[]', 0, '2026-03-03 21:41:43', '2026-03-03 21:41:43'),
	(206, 2, 10, 'system', NULL, 9, 'Você já é nosso cliente?', '{"source": "salesbot", "bot_name": "1 - SOCIAL MONSTER (COMPLETO)", "salesbot": {"mode": "flow", "flow_id": "flow-1-social-monster-completo", "node_id": "step-0", "options": [{"id": "step-0-option-1", "label": "sim", "value": "sim", "next_node_id": "step-52"}, {"id": "step-0-option-2", "label": "não", "value": "não", "next_node_id": "step-7"}], "flow_name": "1 - SOCIAL MONSTER (COMPLETO)", "node_title": "Você já é nosso cliente?", "from_flow_id": "", "from_node_id": "", "selected_option_id": "", "selected_option_label": ""}, "trigger_id": "flow:flow-1-social-monster-completo:step-0", "trigger_name": "Flow 1 - SOCIAL MONSTER (COMPLETO)"}', 0, '2026-03-03 21:41:43', '2026-03-03 21:41:43'),
	(207, 2, 10, 'customer', NULL, 9, 'não', '{"salesbot": {"selected_option_id": "step-0-option-2", "selected_option_label": "não", "selected_option_value": "não"}}', 0, '2026-03-03 21:42:11', '2026-03-03 21:42:11'),
	(208, 2, 10, 'system', NULL, 9, 'Nós somos a Social Monster! Estamos no mercado desde 2017, oferecendo os melhores serviços e preços aos nossos clientes, com suporte ágil e humano. 👥💼', '{"source": "salesbot", "bot_name": "1 - SOCIAL MONSTER (COMPLETO)", "salesbot": {"mode": "flow", "flow_id": "flow-1-social-monster-completo", "node_id": "step-7", "flow_name": "1 - SOCIAL MONSTER (COMPLETO)", "node_title": "Nós somos a Social Monster! Estamos no mercado desde 2017, oferecendo os melhore", "from_flow_id": "flow-1-social-monster-completo", "from_node_id": "step-0", "selected_option_id": "step-0-option-2", "selected_option_label": "não"}, "trigger_id": "flow:flow-1-social-monster-completo:step-7", "trigger_name": "Flow 1 - SOCIAL MONSTER (COMPLETO)"}', 0, '2026-03-03 21:42:11', '2026-03-03 21:42:11'),
	(209, 2, 10, 'system', NULL, 9, 'Nosso site funciona como um painel com preços reduzidos (valor de revenda), pois nosso foco é fidelizar nossos clientes. Para realizar pedidos, é necessário registrar-se em nossa plataforma. Além disso, é importante lembrar que TODOS os nossos serviços possuem GARANTIA! 🌟💼', '{"source": "salesbot", "bot_name": "1 - SOCIAL MONSTER (COMPLETO)", "salesbot": {"mode": "flow", "flow_id": "flow-1-social-monster-completo", "node_id": "step-8", "flow_name": "1 - SOCIAL MONSTER (COMPLETO)", "node_title": "Nosso site funciona como um painel com preços reduzidos (valor de revenda), pois", "from_flow_id": "flow-1-social-monster-completo", "from_node_id": "step-61", "selected_option_id": "", "selected_option_label": ""}, "trigger_id": "flow:flow-1-social-monster-completo:step-8", "trigger_name": "Flow 1 - SOCIAL MONSTER (COMPLETO)"}', 0, '2026-03-03 21:42:14', '2026-03-03 21:42:14'),
	(210, 2, 10, 'system', NULL, 9, 'Você quer impulsionar qual rede social?', '{"source": "salesbot", "bot_name": "1 - SOCIAL MONSTER (COMPLETO)", "salesbot": {"mode": "flow", "flow_id": "flow-1-social-monster-completo", "node_id": "step-9", "options": [{"id": "step-9-option-1", "label": "Instagram", "value": "Instagram", "next_node_id": "step-10"}, {"id": "step-9-option-2", "label": "Facebook", "value": "Facebook", "next_node_id": "step-16"}, {"id": "step-9-option-3", "label": "TikTok", "value": "TikTok", "next_node_id": "step-17"}, {"id": "step-9-option-4", "label": "YouTube", "value": "YouTube", "next_node_id": "step-18"}, {"id": "step-9-option-5", "label": "Kwai", "value": "Kwai", "next_node_id": "step-31"}, {"id": "step-9-option-6", "label": "Twitter", "value": "Twitter", "next_node_id": "step-32"}, {"id": "step-9-option-7", "label": "Twitch.TV", "value": "Twitch.TV", "next_node_id": "step-33"}, {"id": "step-9-option-8", "label": "Telegram", "value": "Telegram", "next_node_id": "step-35"}, {"id": "step-9-option-9", "label": "Discord", "value": "Discord", "next_node_id": "step-34"}, {"id": "step-9-option-10", "label": "Snapchat", "value": "Snapchat", "next_node_id": "step-36"}, {"id": "step-9-option-11", "label": "Threads", "value": "Threads", "next_node_id": "step-38"}, {"id": "step-9-option-12", "label": "Rumble", "value": "Rumble", "next_node_id": "step-55"}], "flow_name": "1 - SOCIAL MONSTER (COMPLETO)", "node_title": "Você quer impulsionar qual rede social?", "from_flow_id": "flow-1-social-monster-completo", "from_node_id": "step-62", "selected_option_id": "", "selected_option_label": ""}, "trigger_id": "flow:flow-1-social-monster-completo:step-9", "trigger_name": "Flow 1 - SOCIAL MONSTER (COMPLETO)"}', 0, '2026-03-03 21:42:16', '2026-03-03 21:42:16'),
	(211, 2, 10, 'customer', NULL, 9, 'Instagram', '{"salesbot": {"selected_option_id": "step-9-option-1", "selected_option_label": "Instagram", "selected_option_value": "Instagram"}}', 0, '2026-03-03 21:42:26', '2026-03-03 21:42:26'),
	(212, 2, 10, 'system', NULL, 9, '[Template Kommo #5304]', '{"source": "salesbot", "bot_name": "1 - SOCIAL MONSTER (COMPLETO)", "salesbot": {"mode": "flow", "flow_id": "flow-1-social-monster-completo", "node_id": "step-10", "flow_name": "1 - SOCIAL MONSTER (COMPLETO)", "node_title": "[Template Kommo #5304]", "from_flow_id": "flow-1-social-monster-completo", "from_node_id": "step-9", "selected_option_id": "step-9-option-1", "selected_option_label": "Instagram"}, "trigger_id": "flow:flow-1-social-monster-completo:step-10", "trigger_name": "Flow 1 - SOCIAL MONSTER (COMPLETO)"}', 0, '2026-03-03 21:42:26', '2026-03-03 21:42:26'),
	(213, 2, 10, 'system', NULL, 9, 'Você tem interesse em iniciar essa parceria conosco?\n1️⃣ - Sim, quero me registrar\n2️⃣ - Não, ainda tenho algumas dúvidas sobre o site e os preços', '{"source": "salesbot", "bot_name": "1 - SOCIAL MONSTER (COMPLETO)", "salesbot": {"mode": "flow", "flow_id": "flow-1-social-monster-completo", "node_id": "step-11", "options": [{"id": "step-11-option-1", "label": "Sim", "value": "Sim", "next_node_id": "step-24"}, {"id": "step-11-option-2", "label": "Não", "value": "Não", "next_node_id": "step-13"}], "flow_name": "1 - SOCIAL MONSTER (COMPLETO)", "node_title": "Você tem interesse em iniciar essa parceria conosco? 1️⃣ - Sim, quero me registr", "from_flow_id": "flow-1-social-monster-completo", "from_node_id": "step-10", "selected_option_id": "", "selected_option_label": ""}, "trigger_id": "flow:flow-1-social-monster-completo:step-11", "trigger_name": "Flow 1 - SOCIAL MONSTER (COMPLETO)"}', 0, '2026-03-03 21:42:26', '2026-03-03 21:42:26'),
	(214, 2, 10, 'customer', NULL, 9, 'Sim', '{"salesbot": {"selected_option_id": "step-11-option-1", "selected_option_label": "Sim", "selected_option_value": "Sim"}}', 0, '2026-03-03 21:42:31', '2026-03-03 21:42:31'),
	(215, 2, 10, 'system', NULL, 9, 'Excelente! 🚀 Abaixo, você encontrará o link para se registrar em nossa plataforma.\nAcesse https://socialmonster.net/register\nÉ fácil! Basta preencher os campos e criar sua conta.', '{"source": "salesbot", "bot_name": "1 - SOCIAL MONSTER (COMPLETO)", "salesbot": {"mode": "flow", "flow_id": "flow-1-social-monster-completo", "node_id": "step-12", "flow_name": "1 - SOCIAL MONSTER (COMPLETO)", "node_title": "Excelente! 🚀 Abaixo, você encontrará o link para se registrar em nossa platafor", "from_flow_id": "flow-1-social-monster-completo", "from_node_id": "step-24", "selected_option_id": "", "selected_option_label": ""}, "trigger_id": "flow:flow-1-social-monster-completo:step-12", "trigger_name": "Flow 1 - SOCIAL MONSTER (COMPLETO)"}', 0, '2026-03-03 21:42:31', '2026-03-03 21:42:31'),
	(216, 2, 10, 'system', NULL, 9, 'Veja como realizar seu primeiro pedido na Social Monster. Acesse https://socialmonster.net/register para começar e siga o passo a passo do vídeo. 📦📽️', '{"source": "salesbot", "bot_name": "1 - SOCIAL MONSTER (COMPLETO)", "salesbot": {"mode": "flow", "flow_id": "flow-1-social-monster-completo", "node_id": "step-25", "flow_name": "1 - SOCIAL MONSTER (COMPLETO)", "node_title": "Veja como realizar seu primeiro pedido na Social Monster. Acesse https://socialm", "from_flow_id": "flow-1-social-monster-completo", "from_node_id": "step-12", "selected_option_id": "", "selected_option_label": ""}, "trigger_id": "flow:flow-1-social-monster-completo:step-25", "trigger_name": "Flow 1 - SOCIAL MONSTER (COMPLETO)"}', 0, '2026-03-03 21:42:31', '2026-03-03 21:42:31'),
	(217, 2, 10, 'system', NULL, 9, 'Ficou com alguma dúvida? Escreva abaixo que vamos te responder em seguida. 😊', '{"source": "salesbot", "bot_name": "1 - SOCIAL MONSTER (COMPLETO)", "salesbot": {"mode": "flow", "flow_id": "flow-1-social-monster-completo", "node_id": "step-26", "flow_name": "1 - SOCIAL MONSTER (COMPLETO)", "node_title": "Ficou com alguma dúvida? Escreva abaixo que vamos te responder em seguida. 😊", "from_flow_id": "flow-1-social-monster-completo", "from_node_id": "step-25", "selected_option_id": "", "selected_option_label": ""}, "trigger_id": "flow:flow-1-social-monster-completo:step-26", "trigger_name": "Flow 1 - SOCIAL MONSTER (COMPLETO)"}', 0, '2026-03-03 21:42:31', '2026-03-03 21:42:31'),
	(218, 2, 10, 'customer', NULL, 9, 'top', '[]', 0, '2026-03-03 21:42:48', '2026-03-03 21:42:48'),
	(219, 2, 10, 'system', NULL, 9, 'Perfeito, consigo te ajudar com isso. Me diga qual rede social e a quantidade desejada para eu te orientar no melhor servico.', '{"source": "salesbot", "bot_name": "1 - SOCIAL MONSTER (COMPLETO)", "trigger_id": "fallback", "trigger_name": "Fallback"}', 0, '2026-03-03 21:42:48', '2026-03-03 21:42:48'),
	(220, 2, 10, 'customer', NULL, 9, 'testando', '[]', 0, '2026-03-03 23:03:53', '2026-03-03 23:03:53'),
	(221, 2, 10, 'system', NULL, 9, 'Perfeito, consigo te ajudar com isso. Me diga qual rede social e a quantidade desejada para eu te orientar no melhor servico.', '{"source": "salesbot", "bot_name": "1 - SOCIAL MONSTER (COMPLETO)", "trigger_id": "fallback", "trigger_name": "Fallback"}', 0, '2026-03-03 23:03:53', '2026-03-03 23:03:53'),
	(222, 2, 10, 'customer', NULL, 9, 'testando', '[]', 0, '2026-03-03 23:04:49', '2026-03-03 23:04:49'),
	(223, 2, 10, 'customer', NULL, 9, 'jajaja', '[]', 0, '2026-03-03 23:05:00', '2026-03-03 23:05:00'),
	(224, 2, 10, 'system', NULL, 9, 'Você já é nosso cliente?', '{"source": "salesbot", "bot_name": "1 - SOCIAL MONSTER (COMPLETO)", "salesbot": {"mode": "flow", "flow_id": "flow-1-social-monster-completo", "node_id": "step-0", "options": [{"id": "step-0-option-1", "label": "sim", "value": "sim", "next_node_id": "step-52"}, {"id": "step-0-option-2", "label": "não", "value": "não", "next_node_id": "step-7"}], "flow_name": "1 - SOCIAL MONSTER (COMPLETO)", "node_title": "Você já é nosso cliente?", "from_flow_id": "", "from_node_id": "", "selected_option_id": "", "selected_option_label": ""}, "trigger_id": "flow:flow-1-social-monster-completo:step-0", "trigger_name": "Flow 1 - SOCIAL MONSTER (COMPLETO)"}', 0, '2026-03-03 23:05:00', '2026-03-03 23:05:00'),
	(225, 2, 10, 'customer', NULL, 9, 'não', '{"salesbot": {"selected_option_id": "step-0-option-2", "selected_option_label": "não", "selected_option_value": "não"}}', 0, '2026-03-03 23:05:04', '2026-03-03 23:05:04'),
	(226, 2, 10, 'system', NULL, 9, 'Nós somos a Social Monster! Estamos no mercado desde 2017, oferecendo os melhores serviços e preços aos nossos clientes, com suporte ágil e humano. 👥💼', '{"source": "salesbot", "bot_name": "1 - SOCIAL MONSTER (COMPLETO)", "salesbot": {"mode": "flow", "flow_id": "flow-1-social-monster-completo", "node_id": "step-7", "flow_name": "1 - SOCIAL MONSTER (COMPLETO)", "node_title": "Nós somos a Social Monster! Estamos no mercado desde 2017, oferecendo os melhore", "from_flow_id": "flow-1-social-monster-completo", "from_node_id": "step-0", "selected_option_id": "step-0-option-2", "selected_option_label": "não"}, "trigger_id": "flow:flow-1-social-monster-completo:step-7", "trigger_name": "Flow 1 - SOCIAL MONSTER (COMPLETO)"}', 0, '2026-03-03 23:05:04', '2026-03-03 23:05:04'),
	(227, 2, 10, 'system', NULL, 9, 'Nosso site funciona como um painel com preços reduzidos (valor de revenda), pois nosso foco é fidelizar nossos clientes. Para realizar pedidos, é necessário registrar-se em nossa plataforma. Além disso, é importante lembrar que TODOS os nossos serviços possuem GARANTIA! 🌟💼', '{"source": "salesbot", "bot_name": "1 - SOCIAL MONSTER (COMPLETO)", "salesbot": {"mode": "flow", "flow_id": "flow-1-social-monster-completo", "node_id": "step-8", "flow_name": "1 - SOCIAL MONSTER (COMPLETO)", "node_title": "Nosso site funciona como um painel com preços reduzidos (valor de revenda), pois", "from_flow_id": "flow-1-social-monster-completo", "from_node_id": "step-61", "selected_option_id": "", "selected_option_label": ""}, "trigger_id": "flow:flow-1-social-monster-completo:step-8", "trigger_name": "Flow 1 - SOCIAL MONSTER (COMPLETO)"}', 0, '2026-03-03 23:05:06', '2026-03-03 23:05:06'),
	(228, 2, 10, 'system', NULL, 9, 'Você quer impulsionar qual rede social?', '{"source": "salesbot", "bot_name": "1 - SOCIAL MONSTER (COMPLETO)", "salesbot": {"mode": "flow", "flow_id": "flow-1-social-monster-completo", "node_id": "step-9", "options": [{"id": "step-9-option-1", "label": "Instagram", "value": "Instagram", "next_node_id": "step-10"}, {"id": "step-9-option-2", "label": "Facebook", "value": "Facebook", "next_node_id": "step-16"}, {"id": "step-9-option-3", "label": "TikTok", "value": "TikTok", "next_node_id": "step-17"}, {"id": "step-9-option-4", "label": "YouTube", "value": "YouTube", "next_node_id": "step-18"}, {"id": "step-9-option-5", "label": "Kwai", "value": "Kwai", "next_node_id": "step-31"}, {"id": "step-9-option-6", "label": "Twitter", "value": "Twitter", "next_node_id": "step-32"}, {"id": "step-9-option-7", "label": "Twitch.TV", "value": "Twitch.TV", "next_node_id": "step-33"}, {"id": "step-9-option-8", "label": "Telegram", "value": "Telegram", "next_node_id": "step-35"}, {"id": "step-9-option-9", "label": "Discord", "value": "Discord", "next_node_id": "step-34"}, {"id": "step-9-option-10", "label": "Snapchat", "value": "Snapchat", "next_node_id": "step-36"}, {"id": "step-9-option-11", "label": "Threads", "value": "Threads", "next_node_id": "step-38"}, {"id": "step-9-option-12", "label": "Rumble", "value": "Rumble", "next_node_id": "step-55"}], "flow_name": "1 - SOCIAL MONSTER (COMPLETO)", "node_title": "Você quer impulsionar qual rede social?", "from_flow_id": "flow-1-social-monster-completo", "from_node_id": "step-62", "selected_option_id": "", "selected_option_label": ""}, "trigger_id": "flow:flow-1-social-monster-completo:step-9", "trigger_name": "Flow 1 - SOCIAL MONSTER (COMPLETO)"}', 0, '2026-03-03 23:05:08', '2026-03-03 23:05:08'),
	(229, 2, 10, 'customer', NULL, 9, 'jajaja', '[]', 0, '2026-03-03 23:07:40', '2026-03-03 23:07:40'),
	(230, 2, 10, 'system', NULL, 9, 'Para continuar, escolha uma opcao pelos botoes abaixo.', '{"source": "salesbot", "bot_name": "1 - SOCIAL MONSTER (COMPLETO)", "salesbot": {"mode": "flow", "flow_id": "flow-1-social-monster-completo", "node_id": "step-9", "options": [{"id": "step-9-option-1", "label": "Instagram", "value": "Instagram", "next_node_id": "step-10"}, {"id": "step-9-option-2", "label": "Facebook", "value": "Facebook", "next_node_id": "step-16"}, {"id": "step-9-option-3", "label": "TikTok", "value": "TikTok", "next_node_id": "step-17"}, {"id": "step-9-option-4", "label": "YouTube", "value": "YouTube", "next_node_id": "step-18"}, {"id": "step-9-option-5", "label": "Kwai", "value": "Kwai", "next_node_id": "step-31"}, {"id": "step-9-option-6", "label": "Twitter", "value": "Twitter", "next_node_id": "step-32"}, {"id": "step-9-option-7", "label": "Twitch.TV", "value": "Twitch.TV", "next_node_id": "step-33"}, {"id": "step-9-option-8", "label": "Telegram", "value": "Telegram", "next_node_id": "step-35"}, {"id": "step-9-option-9", "label": "Discord", "value": "Discord", "next_node_id": "step-34"}, {"id": "step-9-option-10", "label": "Snapchat", "value": "Snapchat", "next_node_id": "step-36"}, {"id": "step-9-option-11", "label": "Threads", "value": "Threads", "next_node_id": "step-38"}, {"id": "step-9-option-12", "label": "Rumble", "value": "Rumble", "next_node_id": "step-55"}], "flow_name": "1 - SOCIAL MONSTER (COMPLETO)", "node_title": "Você quer impulsionar qual rede social?"}, "trigger_id": "flow-invalid-flow-1-social-monster-completo-step-9", "trigger_name": "Flow opcao invalida"}', 0, '2026-03-03 23:07:40', '2026-03-03 23:07:40'),
	(231, 2, 10, 'customer', NULL, 9, 'jajaja', '[]', 0, '2026-03-03 23:07:47', '2026-03-03 23:07:47'),
	(232, 2, 10, 'customer', NULL, 9, 'ok', '[]', 0, '2026-03-03 23:07:50', '2026-03-03 23:07:50'),
	(233, 2, 10, 'customer', NULL, 9, 'fim', '[]', 0, '2026-03-03 23:07:52', '2026-03-03 23:07:52'),
	(234, 2, 10, 'customer', NULL, 9, 'jajaja', '[]', 0, '2026-03-03 23:08:00', '2026-03-03 23:08:00'),
	(235, 2, 10, 'system', NULL, 9, 'Para continuar, escolha uma opcao pelos botoes abaixo.', '{"source": "salesbot", "bot_name": "1 - SOCIAL MONSTER (COMPLETO)", "salesbot": {"mode": "flow", "flow_id": "flow-1-social-monster-completo", "node_id": "step-9", "options": [{"id": "step-9-option-1", "label": "Instagram", "value": "Instagram", "next_node_id": "step-10"}, {"id": "step-9-option-2", "label": "Facebook", "value": "Facebook", "next_node_id": "step-16"}, {"id": "step-9-option-3", "label": "TikTok", "value": "TikTok", "next_node_id": "step-17"}, {"id": "step-9-option-4", "label": "YouTube", "value": "YouTube", "next_node_id": "step-18"}, {"id": "step-9-option-5", "label": "Kwai", "value": "Kwai", "next_node_id": "step-31"}, {"id": "step-9-option-6", "label": "Twitter", "value": "Twitter", "next_node_id": "step-32"}, {"id": "step-9-option-7", "label": "Twitch.TV", "value": "Twitch.TV", "next_node_id": "step-33"}, {"id": "step-9-option-8", "label": "Telegram", "value": "Telegram", "next_node_id": "step-35"}, {"id": "step-9-option-9", "label": "Discord", "value": "Discord", "next_node_id": "step-34"}, {"id": "step-9-option-10", "label": "Snapchat", "value": "Snapchat", "next_node_id": "step-36"}, {"id": "step-9-option-11", "label": "Threads", "value": "Threads", "next_node_id": "step-38"}, {"id": "step-9-option-12", "label": "Rumble", "value": "Rumble", "next_node_id": "step-55"}], "flow_name": "1 - SOCIAL MONSTER (COMPLETO)", "node_title": "Você quer impulsionar qual rede social?"}, "trigger_id": "flow-invalid-flow-1-social-monster-completo-step-9", "trigger_name": "Flow opcao invalida"}', 0, '2026-03-03 23:08:00', '2026-03-03 23:08:00'),
	(236, 2, 10, 'customer', NULL, 9, 'Instagram', '{"salesbot": {"selected_option_id": "step-9-option-1", "selected_option_label": "Instagram", "selected_option_value": "Instagram"}}', 0, '2026-03-03 23:08:02', '2026-03-03 23:08:02'),
	(237, 2, 10, 'system', NULL, 9, '[Template Kommo #5304]', '{"source": "salesbot", "bot_name": "1 - SOCIAL MONSTER (COMPLETO)", "salesbot": {"mode": "flow", "flow_id": "flow-1-social-monster-completo", "node_id": "step-10", "flow_name": "1 - SOCIAL MONSTER (COMPLETO)", "node_title": "[Template Kommo #5304]", "from_flow_id": "flow-1-social-monster-completo", "from_node_id": "step-9", "selected_option_id": "step-9-option-1", "selected_option_label": "Instagram"}, "trigger_id": "flow:flow-1-social-monster-completo:step-10", "trigger_name": "Flow 1 - SOCIAL MONSTER (COMPLETO)"}', 0, '2026-03-03 23:08:02', '2026-03-03 23:08:02'),
	(238, 2, 10, 'system', NULL, 9, 'Você tem interesse em iniciar essa parceria conosco?\n1️⃣ - Sim, quero me registrar\n2️⃣ - Não, ainda tenho algumas dúvidas sobre o site e os preços', '{"source": "salesbot", "bot_name": "1 - SOCIAL MONSTER (COMPLETO)", "salesbot": {"mode": "flow", "flow_id": "flow-1-social-monster-completo", "node_id": "step-11", "options": [{"id": "step-11-option-1", "label": "Sim", "value": "Sim", "next_node_id": "step-24"}, {"id": "step-11-option-2", "label": "Não", "value": "Não", "next_node_id": "step-13"}], "flow_name": "1 - SOCIAL MONSTER (COMPLETO)", "node_title": "Você tem interesse em iniciar essa parceria conosco? 1️⃣ - Sim, quero me registr", "from_flow_id": "flow-1-social-monster-completo", "from_node_id": "step-10", "selected_option_id": "", "selected_option_label": ""}, "trigger_id": "flow:flow-1-social-monster-completo:step-11", "trigger_name": "Flow 1 - SOCIAL MONSTER (COMPLETO)"}', 0, '2026-03-03 23:08:02', '2026-03-03 23:08:02'),
	(239, 2, 10, 'customer', NULL, 9, 'Não', '{"salesbot": {"selected_option_id": "step-11-option-2", "selected_option_label": "Não", "selected_option_value": "Não"}}', 0, '2026-03-03 23:08:04', '2026-03-03 23:08:04'),
	(240, 2, 10, 'system', NULL, 9, 'Entendido! 👌\nVou te conectar com um de nossos atendentes e enquanto isso vou lhe enviar um vídeo tutorial caso queira partir para ação! 👇', '{"source": "salesbot", "bot_name": "1 - SOCIAL MONSTER (COMPLETO)", "salesbot": {"mode": "flow", "flow_id": "flow-1-social-monster-completo", "node_id": "step-14", "flow_name": "1 - SOCIAL MONSTER (COMPLETO)", "node_title": "Entendido! 👌 Vou te conectar com um de nossos atendentes e enquanto isso vou lh", "from_flow_id": "flow-1-social-monster-completo", "from_node_id": "step-13", "selected_option_id": "", "selected_option_label": ""}, "trigger_id": "flow:flow-1-social-monster-completo:step-14", "trigger_name": "Flow 1 - SOCIAL MONSTER (COMPLETO)"}', 0, '2026-03-03 23:08:04', '2026-03-03 23:08:04'),
	(241, 2, 10, 'system', NULL, 9, 'Acesse https://socialmonster.net', '{"source": "salesbot", "bot_name": "1 - SOCIAL MONSTER (COMPLETO)", "salesbot": {"mode": "flow", "flow_id": "flow-1-social-monster-completo", "node_id": "step-45", "flow_name": "1 - SOCIAL MONSTER (COMPLETO)", "node_title": "Acesse https://socialmonster.net", "from_flow_id": "flow-1-social-monster-completo", "from_node_id": "step-14", "selected_option_id": "", "selected_option_label": ""}, "trigger_id": "flow:flow-1-social-monster-completo:step-45", "trigger_name": "Flow 1 - SOCIAL MONSTER (COMPLETO)"}', 0, '2026-03-03 23:08:04', '2026-03-03 23:08:04'),
	(242, 2, 10, 'system', NULL, 9, 'Em breve um atendente de nossa equipe retornará o contato. 😁', '{"source": "salesbot", "bot_name": "1 - SOCIAL MONSTER (COMPLETO)", "salesbot": {"mode": "flow", "flow_id": "flow-1-social-monster-completo", "node_id": "step-46", "flow_name": "1 - SOCIAL MONSTER (COMPLETO)", "node_title": "Em breve um atendente de nossa equipe retornará o contato. 😁", "from_flow_id": "flow-1-social-monster-completo", "from_node_id": "step-63", "selected_option_id": "", "selected_option_label": ""}, "trigger_id": "flow:flow-1-social-monster-completo:step-46", "trigger_name": "Flow 1 - SOCIAL MONSTER (COMPLETO)"}', 0, '2026-03-03 23:08:09', '2026-03-03 23:08:09'),
	(243, 2, 12, 'customer', NULL, 11, 'jajaja', '[]', 0, '2026-03-03 23:08:25', '2026-03-03 23:08:25'),
	(244, 2, 12, 'system', NULL, 11, 'Você já é nosso cliente?', '{"source": "salesbot", "bot_name": "1 - SOCIAL MONSTER (COMPLETO)", "salesbot": {"mode": "flow", "flow_id": "flow-1-social-monster-completo", "node_id": "step-0", "options": [{"id": "step-0-option-1", "label": "sim", "value": "sim", "next_node_id": "step-52"}, {"id": "step-0-option-2", "label": "não", "value": "não", "next_node_id": "step-7"}], "flow_name": "1 - SOCIAL MONSTER (COMPLETO)", "node_title": "Você já é nosso cliente?", "from_flow_id": "", "from_node_id": "", "selected_option_id": "", "selected_option_label": ""}, "trigger_id": "flow:flow-1-social-monster-completo:step-0", "trigger_name": "Flow 1 - SOCIAL MONSTER (COMPLETO)"}', 0, '2026-03-03 23:08:25', '2026-03-03 23:08:25'),
	(245, 2, 12, 'customer', NULL, 11, 'não', '{"salesbot": {"selected_option_id": "step-0-option-2", "selected_option_label": "não", "selected_option_value": "não"}}', 0, '2026-03-03 23:08:27', '2026-03-03 23:08:27'),
	(246, 2, 12, 'system', NULL, 11, 'Nós somos a Social Monster! Estamos no mercado desde 2017, oferecendo os melhores serviços e preços aos nossos clientes, com suporte ágil e humano. 👥💼', '{"source": "salesbot", "bot_name": "1 - SOCIAL MONSTER (COMPLETO)", "salesbot": {"mode": "flow", "flow_id": "flow-1-social-monster-completo", "node_id": "step-7", "flow_name": "1 - SOCIAL MONSTER (COMPLETO)", "node_title": "Nós somos a Social Monster! Estamos no mercado desde 2017, oferecendo os melhore", "from_flow_id": "flow-1-social-monster-completo", "from_node_id": "step-0", "selected_option_id": "step-0-option-2", "selected_option_label": "não"}, "trigger_id": "flow:flow-1-social-monster-completo:step-7", "trigger_name": "Flow 1 - SOCIAL MONSTER (COMPLETO)"}', 0, '2026-03-03 23:08:27', '2026-03-03 23:08:27'),
	(247, 2, 12, 'system', NULL, 11, 'Etapa importada do Kommo.', '{"source": "salesbot", "bot_name": "1 - SOCIAL MONSTER (COMPLETO)", "salesbot": {"mode": "flow", "flow_id": "flow-1-social-monster-completo", "node_id": "step-61", "flow_name": "1 - SOCIAL MONSTER (COMPLETO)", "node_title": "Etapa importada do Kommo.", "from_flow_id": "flow-1-social-monster-completo", "from_node_id": "step-7", "selected_option_id": "", "selected_option_label": ""}, "trigger_id": "flow:flow-1-social-monster-completo:step-61", "trigger_name": "Flow 1 - SOCIAL MONSTER (COMPLETO)"}', 0, '2026-03-03 23:08:30', '2026-03-03 23:08:30'),
	(248, 2, 12, 'system', NULL, 11, 'Nosso site funciona como um painel com preços reduzidos (valor de revenda), pois nosso foco é fidelizar nossos clientes. Para realizar pedidos, é necessário registrar-se em nossa plataforma. Além disso, é importante lembrar que TODOS os nossos serviços possuem GARANTIA! 🌟💼', '{"source": "salesbot", "bot_name": "1 - SOCIAL MONSTER (COMPLETO)", "salesbot": {"mode": "flow", "flow_id": "flow-1-social-monster-completo", "node_id": "step-8", "flow_name": "1 - SOCIAL MONSTER (COMPLETO)", "node_title": "Nosso site funciona como um painel com preços reduzidos (valor de revenda), pois", "from_flow_id": "flow-1-social-monster-completo", "from_node_id": "step-61", "selected_option_id": "", "selected_option_label": ""}, "trigger_id": "flow:flow-1-social-monster-completo:step-8", "trigger_name": "Flow 1 - SOCIAL MONSTER (COMPLETO)"}', 0, '2026-03-03 23:08:31', '2026-03-03 23:08:31'),
	(249, 2, 12, 'system', NULL, 11, 'Você quer impulsionar qual rede social?', '{"source": "salesbot", "bot_name": "1 - SOCIAL MONSTER (COMPLETO)", "salesbot": {"mode": "flow", "flow_id": "flow-1-social-monster-completo", "node_id": "step-9", "options": [{"id": "step-9-option-1", "label": "Instagram", "value": "Instagram", "next_node_id": "step-10"}, {"id": "step-9-option-2", "label": "Facebook", "value": "Facebook", "next_node_id": "step-16"}, {"id": "step-9-option-3", "label": "TikTok", "value": "TikTok", "next_node_id": "step-17"}, {"id": "step-9-option-4", "label": "YouTube", "value": "YouTube", "next_node_id": "step-18"}, {"id": "step-9-option-5", "label": "Kwai", "value": "Kwai", "next_node_id": "step-31"}, {"id": "step-9-option-6", "label": "Twitter", "value": "Twitter", "next_node_id": "step-32"}, {"id": "step-9-option-7", "label": "Twitch.TV", "value": "Twitch.TV", "next_node_id": "step-33"}, {"id": "step-9-option-8", "label": "Telegram", "value": "Telegram", "next_node_id": "step-35"}, {"id": "step-9-option-9", "label": "Discord", "value": "Discord", "next_node_id": "step-34"}, {"id": "step-9-option-10", "label": "Snapchat", "value": "Snapchat", "next_node_id": "step-36"}, {"id": "step-9-option-11", "label": "Threads", "value": "Threads", "next_node_id": "step-38"}, {"id": "step-9-option-12", "label": "Rumble", "value": "Rumble", "next_node_id": "step-55"}], "flow_name": "1 - SOCIAL MONSTER (COMPLETO)", "node_title": "Você quer impulsionar qual rede social?", "from_flow_id": "flow-1-social-monster-completo", "from_node_id": "step-62", "selected_option_id": "", "selected_option_label": ""}, "trigger_id": "flow:flow-1-social-monster-completo:step-9", "trigger_name": "Flow 1 - SOCIAL MONSTER (COMPLETO)"}', 0, '2026-03-03 23:08:33', '2026-03-03 23:08:33'),
	(250, 2, 12, 'customer', NULL, 11, 'Instagram', '{"salesbot": {"selected_option_id": "step-9-option-1", "selected_option_label": "Instagram", "selected_option_value": "Instagram"}}', 0, '2026-03-03 23:08:45', '2026-03-03 23:08:45'),
	(251, 2, 12, 'system', NULL, 11, '[Template Kommo #5304]', '{"source": "salesbot", "bot_name": "1 - SOCIAL MONSTER (COMPLETO)", "salesbot": {"mode": "flow", "flow_id": "flow-1-social-monster-completo", "node_id": "step-10", "flow_name": "1 - SOCIAL MONSTER (COMPLETO)", "node_title": "[Template Kommo #5304]", "from_flow_id": "flow-1-social-monster-completo", "from_node_id": "step-9", "selected_option_id": "step-9-option-1", "selected_option_label": "Instagram"}, "trigger_id": "flow:flow-1-social-monster-completo:step-10", "trigger_name": "Flow 1 - SOCIAL MONSTER (COMPLETO)"}', 0, '2026-03-03 23:08:45', '2026-03-03 23:08:45'),
	(252, 2, 12, 'system', NULL, 11, 'Você tem interesse em iniciar essa parceria conosco?\n1️⃣ - Sim, quero me registrar\n2️⃣ - Não, ainda tenho algumas dúvidas sobre o site e os preços', '{"source": "salesbot", "bot_name": "1 - SOCIAL MONSTER (COMPLETO)", "salesbot": {"mode": "flow", "flow_id": "flow-1-social-monster-completo", "node_id": "step-11", "options": [{"id": "step-11-option-1", "label": "Sim", "value": "Sim", "next_node_id": "step-24"}, {"id": "step-11-option-2", "label": "Não", "value": "Não", "next_node_id": "step-13"}], "flow_name": "1 - SOCIAL MONSTER (COMPLETO)", "node_title": "Você tem interesse em iniciar essa parceria conosco? 1️⃣ - Sim, quero me registr", "from_flow_id": "flow-1-social-monster-completo", "from_node_id": "step-10", "selected_option_id": "", "selected_option_label": ""}, "trigger_id": "flow:flow-1-social-monster-completo:step-11", "trigger_name": "Flow 1 - SOCIAL MONSTER (COMPLETO)"}', 0, '2026-03-03 23:08:45', '2026-03-03 23:08:45'),
	(253, 2, 12, 'customer', NULL, 11, 'Não', '{"salesbot": {"selected_option_id": "step-11-option-2", "selected_option_label": "Não", "selected_option_value": "Não"}}', 0, '2026-03-03 23:08:51', '2026-03-03 23:08:51'),
	(254, 2, 12, 'system', NULL, 11, 'Entendido! 👌\nVou te conectar com um de nossos atendentes e enquanto isso vou lhe enviar um vídeo tutorial caso queira partir para ação! 👇', '{"source": "salesbot", "bot_name": "1 - SOCIAL MONSTER (COMPLETO)", "salesbot": {"mode": "flow", "flow_id": "flow-1-social-monster-completo", "node_id": "step-14", "flow_name": "1 - SOCIAL MONSTER (COMPLETO)", "node_title": "Entendido! 👌 Vou te conectar com um de nossos atendentes e enquanto isso vou lh", "from_flow_id": "flow-1-social-monster-completo", "from_node_id": "step-13", "selected_option_id": "", "selected_option_label": ""}, "trigger_id": "flow:flow-1-social-monster-completo:step-14", "trigger_name": "Flow 1 - SOCIAL MONSTER (COMPLETO)"}', 0, '2026-03-03 23:08:51', '2026-03-03 23:08:51'),
	(255, 2, 12, 'system', NULL, 11, 'Acesse https://socialmonster.net', '{"source": "salesbot", "bot_name": "1 - SOCIAL MONSTER (COMPLETO)", "salesbot": {"mode": "flow", "flow_id": "flow-1-social-monster-completo", "node_id": "step-45", "flow_name": "1 - SOCIAL MONSTER (COMPLETO)", "node_title": "Acesse https://socialmonster.net", "from_flow_id": "flow-1-social-monster-completo", "from_node_id": "step-14", "selected_option_id": "", "selected_option_label": ""}, "trigger_id": "flow:flow-1-social-monster-completo:step-45", "trigger_name": "Flow 1 - SOCIAL MONSTER (COMPLETO)"}', 0, '2026-03-03 23:08:51', '2026-03-03 23:08:51'),
	(256, 2, 12, 'system', NULL, 11, 'Em breve um atendente de nossa equipe retornará o contato. 😁', '{"source": "salesbot", "bot_name": "1 - SOCIAL MONSTER (COMPLETO)", "salesbot": {"mode": "flow", "flow_id": "flow-1-social-monster-completo", "node_id": "step-46", "flow_name": "1 - SOCIAL MONSTER (COMPLETO)", "node_title": "Em breve um atendente de nossa equipe retornará o contato. 😁", "from_flow_id": "flow-1-social-monster-completo", "from_node_id": "step-63", "selected_option_id": "", "selected_option_label": ""}, "trigger_id": "flow:flow-1-social-monster-completo:step-46", "trigger_name": "Flow 1 - SOCIAL MONSTER (COMPLETO)"}', 0, '2026-03-03 23:08:56', '2026-03-03 23:08:56'),
	(257, 2, 10, 'customer', NULL, 9, 'jajaja', '[]', 0, '2026-03-03 23:23:06', '2026-03-03 23:23:06'),
	(258, 2, 10, 'system', NULL, 9, 'Você já é nosso cliente?', '{"source": "salesbot", "bot_name": "1 - SOCIAL MONSTER (COMPLETO)", "salesbot": {"mode": "flow", "flow_id": "flow-1-social-monster-completo", "node_id": "step-0", "options": [{"id": "step-0-option-1", "label": "sim", "value": "sim", "next_node_id": "node-1772569351369-6d3a0f"}, {"id": "step-0-option-2", "label": "não", "value": "não", "next_node_id": "step-7"}], "flow_name": "1 - SOCIAL MONSTER (COMPLETO)", "node_title": "Você já é nosso cliente?", "from_flow_id": "", "from_node_id": "", "selected_option_id": "", "selected_option_label": ""}, "trigger_id": "flow:flow-1-social-monster-completo:step-0", "trigger_name": "Flow 1 - SOCIAL MONSTER (COMPLETO)"}', 0, '2026-03-03 23:23:06', '2026-03-03 23:23:06'),
	(259, 2, 10, 'customer', NULL, 9, 'não', '{"salesbot": {"selected_option_id": "step-0-option-2", "selected_option_label": "não", "selected_option_value": "não"}}', 0, '2026-03-03 23:23:12', '2026-03-03 23:23:12'),
	(260, 2, 10, 'system', NULL, 9, 'Nós somos a Social Monster! Estamos no mercado desde 2017, oferecendo os melhores serviços e preços aos nossos clientes, com suporte ágil e humano. 👥💼', '{"source": "salesbot", "bot_name": "1 - SOCIAL MONSTER (COMPLETO)", "salesbot": {"mode": "flow", "flow_id": "flow-1-social-monster-completo", "node_id": "step-7", "flow_name": "1 - SOCIAL MONSTER (COMPLETO)", "node_title": "Nós somos a Social Monster! Estamos no mercado desde 2017, oferecendo os melhore", "from_flow_id": "flow-1-social-monster-completo", "from_node_id": "step-0", "selected_option_id": "step-0-option-2", "selected_option_label": "não"}, "trigger_id": "flow:flow-1-social-monster-completo:step-7", "trigger_name": "Flow 1 - SOCIAL MONSTER (COMPLETO)"}', 0, '2026-03-03 23:23:12', '2026-03-03 23:23:12'),
	(261, 2, 10, 'system', NULL, 9, 'Nosso site funciona como um painel com preços reduzidos (valor de revenda), pois nosso foco é fidelizar nossos clientes. Para realizar pedidos, é necessário registrar-se em nossa plataforma. Além disso, é importante lembrar que TODOS os nossos serviços possuem GARANTIA! 🌟💼', '{"source": "salesbot", "bot_name": "1 - SOCIAL MONSTER (COMPLETO)", "salesbot": {"mode": "flow", "flow_id": "flow-1-social-monster-completo", "node_id": "step-8", "flow_name": "1 - SOCIAL MONSTER (COMPLETO)", "node_title": "Nosso site funciona como um painel com preços reduzidos (valor de revenda), pois", "from_flow_id": "flow-1-social-monster-completo", "from_node_id": "step-7", "selected_option_id": "", "selected_option_label": ""}, "trigger_id": "flow:flow-1-social-monster-completo:step-8", "trigger_name": "Flow 1 - SOCIAL MONSTER (COMPLETO)"}', 0, '2026-03-03 23:23:16', '2026-03-03 23:23:16'),
	(262, 2, 10, 'system', NULL, 9, 'Você quer impulsionar qual rede social?', '{"source": "salesbot", "bot_name": "1 - SOCIAL MONSTER (COMPLETO)", "salesbot": {"mode": "flow", "flow_id": "flow-1-social-monster-completo", "node_id": "step-9", "options": [{"id": "step-9-option-1", "label": "Instagram", "value": "Instagram", "next_node_id": "step-10"}, {"id": "step-9-option-2", "label": "Facebook", "value": "Facebook", "next_node_id": "step-16"}, {"id": "step-9-option-3", "label": "TikTok", "value": "TikTok", "next_node_id": "step-17"}, {"id": "step-9-option-4", "label": "YouTube", "value": "YouTube", "next_node_id": "step-18"}, {"id": "step-9-option-5", "label": "Kwai", "value": "Kwai", "next_node_id": "step-31"}, {"id": "step-9-option-6", "label": "Twitter", "value": "Twitter", "next_node_id": "step-32"}, {"id": "step-9-option-7", "label": "Twitch.TV", "value": "Twitch.TV", "next_node_id": "step-33"}, {"id": "step-9-option-8", "label": "Telegram", "value": "Telegram", "next_node_id": "step-35"}, {"id": "step-9-option-9", "label": "Discord", "value": "Discord", "next_node_id": "step-34"}, {"id": "step-9-option-10", "label": "Snapchat", "value": "Snapchat", "next_node_id": "step-36"}, {"id": "step-9-option-11", "label": "Threads", "value": "Threads", "next_node_id": "step-38"}, {"id": "step-9-option-12", "label": "Rumble", "value": "Rumble", "next_node_id": "step-55"}], "flow_name": "1 - SOCIAL MONSTER (COMPLETO)", "node_title": "Você quer impulsionar qual rede social?", "from_flow_id": "flow-1-social-monster-completo", "from_node_id": "step-62", "selected_option_id": "", "selected_option_label": ""}, "trigger_id": "flow:flow-1-social-monster-completo:step-9", "trigger_name": "Flow 1 - SOCIAL MONSTER (COMPLETO)"}', 0, '2026-03-03 23:23:18', '2026-03-03 23:23:18'),
	(263, 2, 10, 'customer', NULL, 9, 'jajaja', '[]', 0, '2026-03-03 23:23:46', '2026-03-03 23:23:46'),
	(264, 2, 10, 'system', NULL, 9, 'Para continuar, escolha uma opcao pelos botoes abaixo.', '{"source": "salesbot", "bot_name": "1 - SOCIAL MONSTER (COMPLETO)", "salesbot": {"mode": "flow", "flow_id": "flow-1-social-monster-completo", "node_id": "step-9", "options": [{"id": "step-9-option-1", "label": "Instagram", "value": "Instagram", "next_node_id": "step-10"}, {"id": "step-9-option-2", "label": "Facebook", "value": "Facebook", "next_node_id": "step-16"}, {"id": "step-9-option-3", "label": "TikTok", "value": "TikTok", "next_node_id": "step-17"}, {"id": "step-9-option-4", "label": "YouTube", "value": "YouTube", "next_node_id": "step-18"}, {"id": "step-9-option-5", "label": "Kwai", "value": "Kwai", "next_node_id": "step-31"}, {"id": "step-9-option-6", "label": "Twitter", "value": "Twitter", "next_node_id": "step-32"}, {"id": "step-9-option-7", "label": "Twitch.TV", "value": "Twitch.TV", "next_node_id": "step-33"}, {"id": "step-9-option-8", "label": "Telegram", "value": "Telegram", "next_node_id": "step-35"}, {"id": "step-9-option-9", "label": "Discord", "value": "Discord", "next_node_id": "step-34"}, {"id": "step-9-option-10", "label": "Snapchat", "value": "Snapchat", "next_node_id": "step-36"}, {"id": "step-9-option-11", "label": "Threads", "value": "Threads", "next_node_id": "step-38"}, {"id": "step-9-option-12", "label": "Rumble", "value": "Rumble", "next_node_id": "step-55"}], "flow_name": "1 - SOCIAL MONSTER (COMPLETO)", "node_title": "Você quer impulsionar qual rede social?"}, "trigger_id": "flow-invalid-flow-1-social-monster-completo-step-9", "trigger_name": "Flow opcao invalida"}', 0, '2026-03-03 23:23:46', '2026-03-03 23:23:46'),
	(265, 2, 10, 'customer', NULL, 9, 'Facebook', '{"salesbot": {"selected_option_id": "step-9-option-2", "selected_option_label": "Facebook", "selected_option_value": "Facebook"}}', 0, '2026-03-03 23:23:48', '2026-03-03 23:23:48'),
	(266, 2, 10, 'system', NULL, 9, '[Template Kommo #13318]', '{"source": "salesbot", "bot_name": "1 - SOCIAL MONSTER (COMPLETO)", "salesbot": {"mode": "flow", "flow_id": "flow-1-social-monster-completo", "node_id": "step-16", "flow_name": "1 - SOCIAL MONSTER (COMPLETO)", "node_title": "[Template Kommo #13318]", "from_flow_id": "flow-1-social-monster-completo", "from_node_id": "step-9", "selected_option_id": "step-9-option-2", "selected_option_label": "Facebook"}, "trigger_id": "flow:flow-1-social-monster-completo:step-16", "trigger_name": "Flow 1 - SOCIAL MONSTER (COMPLETO)"}', 0, '2026-03-03 23:23:48', '2026-03-03 23:23:48'),
	(267, 2, 10, 'system', NULL, 9, 'Você tem interesse em iniciar essa parceria conosco?\n1️⃣ - Sim, quero me registrar\n2️⃣ - Não, ainda tenho algumas dúvidas sobre o site e os preços', '{"source": "salesbot", "bot_name": "1 - SOCIAL MONSTER (COMPLETO)", "salesbot": {"mode": "flow", "flow_id": "flow-1-social-monster-completo", "node_id": "step-11", "options": [{"id": "step-11-option-1", "label": "Sim", "value": "Sim", "next_node_id": "step-24"}, {"id": "step-11-option-2", "label": "Não", "value": "Não", "next_node_id": "step-13"}], "flow_name": "1 - SOCIAL MONSTER (COMPLETO)", "node_title": "Você tem interesse em iniciar essa parceria conosco? 1️⃣ - Sim, quero me registr", "from_flow_id": "flow-1-social-monster-completo", "from_node_id": "step-16", "selected_option_id": "", "selected_option_label": ""}, "trigger_id": "flow:flow-1-social-monster-completo:step-11", "trigger_name": "Flow 1 - SOCIAL MONSTER (COMPLETO)"}', 0, '2026-03-03 23:23:48', '2026-03-03 23:23:48'),
	(268, 2, 10, 'customer', NULL, 9, 'Sim', '{"salesbot": {"selected_option_id": "step-11-option-1", "selected_option_label": "Sim", "selected_option_value": "Sim"}}', 0, '2026-03-03 23:23:50', '2026-03-03 23:23:50'),
	(269, 2, 10, 'system', NULL, 9, 'Excelente! 🚀 Abaixo, você encontrará o link para se registrar em nossa plataforma.\nAcesse https://socialmonster.net/register\nÉ fácil! Basta preencher os campos e criar sua conta.', '{"source": "salesbot", "bot_name": "1 - SOCIAL MONSTER (COMPLETO)", "salesbot": {"mode": "flow", "flow_id": "flow-1-social-monster-completo", "node_id": "step-12", "flow_name": "1 - SOCIAL MONSTER (COMPLETO)", "node_title": "Excelente! 🚀 Abaixo, você encontrará o link para se registrar em nossa platafor", "from_flow_id": "flow-1-social-monster-completo", "from_node_id": "step-24", "selected_option_id": "", "selected_option_label": ""}, "trigger_id": "flow:flow-1-social-monster-completo:step-12", "trigger_name": "Flow 1 - SOCIAL MONSTER (COMPLETO)"}', 0, '2026-03-03 23:23:50', '2026-03-03 23:23:50'),
	(270, 2, 10, 'system', NULL, 9, 'Veja como realizar seu primeiro pedido na Social Monster. Acesse https://socialmonster.net/register para começar e siga o passo a passo do vídeo. 📦📽️', '{"source": "salesbot", "bot_name": "1 - SOCIAL MONSTER (COMPLETO)", "salesbot": {"mode": "flow", "flow_id": "flow-1-social-monster-completo", "node_id": "step-25", "flow_name": "1 - SOCIAL MONSTER (COMPLETO)", "node_title": "Veja como realizar seu primeiro pedido na Social Monster. Acesse https://socialm", "from_flow_id": "flow-1-social-monster-completo", "from_node_id": "step-12", "selected_option_id": "", "selected_option_label": ""}, "trigger_id": "flow:flow-1-social-monster-completo:step-25", "trigger_name": "Flow 1 - SOCIAL MONSTER (COMPLETO)"}', 0, '2026-03-03 23:23:50', '2026-03-03 23:23:50'),
	(271, 2, 10, 'system', NULL, 9, 'Ficou com alguma dúvida? Escreva abaixo que vamos te responder em seguida. 😊', '{"source": "salesbot", "bot_name": "1 - SOCIAL MONSTER (COMPLETO)", "salesbot": {"mode": "flow", "flow_id": "flow-1-social-monster-completo", "node_id": "step-26", "flow_name": "1 - SOCIAL MONSTER (COMPLETO)", "node_title": "Ficou com alguma dúvida? Escreva abaixo que vamos te responder em seguida. 😊", "from_flow_id": "flow-1-social-monster-completo", "from_node_id": "step-25", "selected_option_id": "", "selected_option_label": ""}, "trigger_id": "flow:flow-1-social-monster-completo:step-26", "trigger_name": "Flow 1 - SOCIAL MONSTER (COMPLETO)"}', 0, '2026-03-03 23:23:50', '2026-03-03 23:23:50'),
	(272, 2, 10, 'system', NULL, 9, 'Olá! Tudo bem? Conseguiu realizar seu 1º pedido? 😅', '{"source": "salesbot", "bot_name": "1 - SOCIAL MONSTER (COMPLETO)", "salesbot": {"mode": "flow", "flow_id": "flow-1-social-monster-completo", "node_id": "step-40", "flow_name": "1 - SOCIAL MONSTER (COMPLETO)", "node_title": "Olá! Tudo bem? Conseguiu realizar seu 1º pedido? 😅", "from_flow_id": "flow-1-social-monster-completo", "from_node_id": "step-39", "selected_option_id": "", "selected_option_label": ""}, "trigger_id": "flow:flow-1-social-monster-completo:step-40", "trigger_name": "Flow 1 - SOCIAL MONSTER (COMPLETO)"}', 0, '2026-03-03 23:53:49', '2026-03-03 23:53:49'),
	(273, 2, 10, 'customer', NULL, 9, 'oi', '[]', 0, '2026-03-04 19:15:21', '2026-03-04 19:15:21'),
	(274, 2, 10, 'customer', NULL, 9, 'oi', '[]', 0, '2026-03-04 19:28:37', '2026-03-04 19:28:37'),
	(275, 2, 10, 'staff', 1, 9, 'fala amigao', '[]', 0, '2026-03-04 19:28:45', '2026-03-04 19:28:45'),
	(276, 2, 10, 'customer', NULL, 9, 'ola', '[]', 0, '2026-03-04 20:54:26', '2026-03-04 20:54:26'),
	(277, 2, 13, 'customer', NULL, 12, 'faça calbeça de ovo', '[]', 0, '2026-03-04 20:54:42', '2026-03-04 20:54:42'),
	(278, 2, 13, 'staff', 1, 12, 'opa hermano', '[]', 0, '2026-03-04 20:55:00', '2026-03-04 20:55:00'),
	(279, 2, 13, 'staff', 1, 12, 'baum', '[]', 0, '2026-03-04 20:55:06', '2026-03-04 20:55:06'),
	(280, 2, 13, 'staff', 1, 12, 'demais so e vc?', '[]', 0, '2026-03-04 20:55:18', '2026-03-04 20:55:18'),
	(281, 2, 13, 'customer', NULL, 12, 'bem', '[]', 0, '2026-03-04 20:55:34', '2026-03-04 20:55:34'),
	(282, 2, 13, 'staff', 1, 12, 'aiatola', '[]', 0, '2026-03-04 20:55:41', '2026-03-04 20:55:41'),
	(283, 2, 13, 'staff', 1, 12, 'o caba é doido demais', '[]', 0, '2026-03-04 20:55:44', '2026-03-04 20:55:44'),
	(284, 2, 13, 'staff', 1, 12, 'nao ta funfando direiot entao', '[]', 0, '2026-03-04 20:55:48', '2026-03-04 20:55:48'),
	(285, 2, 13, 'staff', 1, 12, '😀', '[]', 0, '2026-03-04 20:55:51', '2026-03-04 20:55:51'),
	(286, 2, 13, 'customer', NULL, 12, 'oloquinho', '[]', 0, '2026-03-04 20:56:41', '2026-03-04 20:56:41'),
	(287, 2, 13, 'customer', NULL, 12, '[Anexo enviado pelo cliente]', '[]', 0, '2026-03-04 20:56:50', '2026-03-04 20:56:50'),
	(288, 2, 13, 'staff', 1, 12, 'ola', '[]', 0, '2026-03-04 21:09:03', '2026-03-04 21:09:03'),
	(289, 2, 13, 'staff', 1, 12, 'fala cmg', '[]', 0, '2026-03-04 21:09:05', '2026-03-04 21:09:05'),
	(290, 2, 13, 'staff', 1, 12, 'oi', '[]', 0, '2026-03-04 21:09:38', '2026-03-04 21:09:38'),
	(291, 2, 13, 'customer', NULL, 12, 'ola', '[]', 0, '2026-03-04 21:13:13', '2026-03-04 21:13:13'),
	(292, 2, 13, 'staff', 1, 12, 'Show?', '[]', 0, '2026-03-04 21:13:20', '2026-03-04 21:13:20'),
	(293, 2, 13, 'staff', 1, 12, 'show sim', '[]', 0, '2026-03-04 21:13:33', '2026-03-04 21:13:33'),
	(294, 2, 13, 'staff', 1, 12, 'fala cara louco', '[]', 0, '2026-03-04 21:27:11', '2026-03-04 21:27:11'),
	(295, 2, 13, 'customer', NULL, 12, 'opa', '[]', 0, '2026-03-04 21:27:42', '2026-03-04 21:27:42'),
	(296, 2, 13, 'staff', 1, 12, 'baum?', '[]', 0, '2026-03-04 21:27:51', '2026-03-04 21:27:51'),
	(297, 2, 13, 'staff', 1, 12, 'Fala cmg', '[]', 0, '2026-03-04 21:27:53', '2026-03-04 21:27:53'),
	(298, 2, 13, 'staff', 1, 12, 'opa', '[]', 0, '2026-03-04 21:31:36', '2026-03-04 21:31:36'),
	(299, 2, 13, 'staff', 1, 12, 'oi', '[]', 0, '2026-03-04 21:31:37', '2026-03-04 21:31:37'),
	(300, 2, 13, 'staff', 1, 12, 'kkk', '[]', 0, '2026-03-04 21:31:38', '2026-03-04 21:31:38'),
	(301, 2, 13, 'customer', NULL, 12, 'Opa', '[]', 0, '2026-03-04 21:59:44', '2026-03-04 21:59:44'),
	(302, 2, 13, 'staff', 1, 12, 'Fala hermano', '[]', 0, '2026-03-04 21:59:58', '2026-03-04 21:59:58'),
	(303, 2, 13, 'staff', 1, 12, 'show?', '[]', 0, '2026-03-04 22:01:00', '2026-03-04 22:01:00'),
	(304, 2, 13, 'staff', 1, 12, 'kkkk', '[]', 0, '2026-03-04 22:01:04', '2026-03-04 22:01:04'),
	(305, 2, 13, 'customer', NULL, 12, 'to bem demais cara', '[]', 0, '2026-03-04 22:01:14', '2026-03-04 22:01:14'),
	(306, 2, 13, 'staff', 1, 12, 'top', '[]', 0, '2026-03-04 22:01:18', '2026-03-04 22:01:18'),
	(307, 2, 12, 'staff', 1, 11, 'opa hermano', '[]', 0, '2026-03-04 23:28:50', '2026-03-04 23:28:50'),
	(308, 2, 13, 'customer', NULL, 12, 'oii', '[]', 0, '2026-03-04 23:29:49', '2026-03-04 23:29:49'),
	(309, 2, 13, 'staff', 1, 12, 'fala meu amigaoção', '[]', 0, '2026-03-04 23:30:02', '2026-03-04 23:30:02'),
	(310, 2, 13, 'staff', 1, 12, 'como vc ta?', '[]', 0, '2026-03-04 23:30:14', '2026-03-04 23:30:14'),
	(311, 2, 13, 'staff', 1, 12, 'vc ta bem', '[]', 0, '2026-03-04 23:30:16', '2026-03-04 23:30:16'),
	(312, 2, 13, 'staff', 1, 12, 'diz que sim', '[]', 0, '2026-03-04 23:30:18', '2026-03-04 23:30:18'),
	(313, 2, 13, 'staff', 1, 12, 'ta meio bugado', '[]', 0, '2026-03-04 23:30:26', '2026-03-04 23:30:26'),
	(314, 2, 13, 'staff', 1, 12, 'dffff', '[]', 0, '2026-03-04 23:30:45', '2026-03-04 23:30:45'),
	(315, 2, 13, 'staff', 1, 12, 'ddd', '[]', 0, '2026-03-04 23:30:52', '2026-03-04 23:30:52'),
	(316, 2, 13, 'staff', 1, 12, 'eita', '[]', 0, '2026-03-04 23:31:03', '2026-03-04 23:31:03'),
	(317, 2, 13, 'staff', 1, 12, 'oii', '[]', 0, '2026-03-04 23:31:17', '2026-03-04 23:31:17'),
	(318, 2, 13, 'staff', 1, 12, 'saddsasd', '[]', 0, '2026-03-04 23:31:24', '2026-03-04 23:31:24'),
	(319, 2, 13, 'staff', 1, 12, 'top', '[]', 0, '2026-03-05 01:36:12', '2026-03-05 01:36:12'),
	(320, 2, 10, 'customer', NULL, 9, 'ola', '[]', 0, '2026-03-05 01:36:39', '2026-03-05 01:36:39'),
	(321, 2, 10, 'customer', NULL, 9, 'ola', '[]', 0, '2026-03-05 01:36:54', '2026-03-05 01:36:54'),
	(322, 2, 10, 'customer', NULL, 9, 'ola', '[]', 0, '2026-03-05 01:36:55', '2026-03-05 01:36:55'),
	(323, 2, 10, 'customer', NULL, 9, 'ola', '[]', 0, '2026-03-05 01:36:56', '2026-03-05 01:36:56'),
	(324, 2, 10, 'customer', NULL, 9, 'ola', '[]', 0, '2026-03-05 01:37:05', '2026-03-05 01:37:05'),
	(325, 2, 10, 'customer', NULL, 9, 'la', '[]', 0, '2026-03-05 01:37:06', '2026-03-05 01:37:06'),
	(326, 2, 10, 'customer', NULL, 9, 'ola', '[]', 0, '2026-03-05 01:37:07', '2026-03-05 01:37:07'),
	(327, 2, 10, 'customer', NULL, 9, 'la', '[]', 0, '2026-03-05 01:37:08', '2026-03-05 01:37:08'),
	(328, 2, 10, 'staff', 1, 9, 'ola', '[]', 0, '2026-03-05 01:38:06', '2026-03-05 01:38:06'),
	(329, 2, 10, 'staff', 1, 9, 'ola', '[]', 0, '2026-03-05 01:38:07', '2026-03-05 01:38:07'),
	(330, 2, 10, 'customer', NULL, 9, 'entendi', '[]', 0, '2026-03-05 01:38:14', '2026-03-05 01:38:14'),
	(331, 2, 10, 'customer', NULL, 9, 'na vdd nao', '[]', 0, '2026-03-05 01:38:21', '2026-03-05 01:38:21'),
	(332, 2, 10, 'customer', NULL, 9, 'nao mesmo', '[]', 0, '2026-03-05 01:38:29', '2026-03-05 01:38:29'),
	(333, 2, 10, 'staff', 1, 9, 'fala cmg', '[]', 0, '2026-03-05 01:38:52', '2026-03-05 01:38:52'),
	(334, 2, 10, 'staff', 1, 9, 'ola', '[]', 0, '2026-03-05 01:38:54', '2026-03-05 01:38:54'),
	(335, 2, 10, 'staff', 1, 9, 'oii', '[]', 0, '2026-03-05 01:38:55', '2026-03-05 01:38:55'),
	(336, 2, 10, 'customer', NULL, 9, 'fala cmg', '[]', 0, '2026-03-05 02:24:31', '2026-03-05 02:24:31'),
	(337, 2, 10, 'staff', 1, 9, 'to falando num to falando', '[]', 0, '2026-03-05 02:24:44', '2026-03-05 02:24:44'),
	(338, 2, 10, 'staff', 1, 9, 'opa', '[]', 0, '2026-03-05 02:25:43', '2026-03-05 02:25:43'),
	(339, 2, 10, 'staff', 1, 9, '😁', '[]', 0, '2026-03-05 02:25:46', '2026-03-05 02:25:46'),
	(340, 2, 10, 'staff', 1, 9, 'oii', '[]', 0, '2026-03-05 02:25:56', '2026-03-05 02:25:56'),
	(341, 2, 10, 'customer', NULL, 9, 'quie?', '[]', 0, '2026-03-05 02:26:06', '2026-03-05 02:26:06'),
	(342, 2, 10, 'staff', 1, 9, 'aaaa', '[]', 0, '2026-03-05 02:43:53', '2026-03-05 02:43:53'),
	(343, 2, 14, 'customer', NULL, 13, 'oiii', '[]', 0, '2026-03-05 02:45:04', '2026-03-05 02:45:04'),
	(344, 2, 14, 'staff', 1, 13, 'aaaaaaaaaaaaaaa', '[]', 0, '2026-03-05 02:46:14', '2026-03-05 02:46:14'),
	(345, 2, 14, 'staff', 1, 13, 'aaaaaaaaaaaaaa', '[]', 0, '2026-03-05 02:46:17', '2026-03-05 02:46:17'),
	(346, 2, 14, 'staff', 1, 13, 'aaaaaaaaa', '[]', 0, '2026-03-05 02:46:22', '2026-03-05 02:46:22'),
	(347, 2, 14, 'staff', 1, 13, 'aaaaaaaaaa', '[]', 0, '2026-03-05 02:46:24', '2026-03-05 02:46:24'),
	(348, 2, 14, 'staff', 1, 13, 'aaaaaaaaaaaaaa', '[]', 0, '2026-03-05 02:46:26', '2026-03-05 02:46:26'),
	(349, 2, 14, 'staff', 1, 13, 'aaaaaaaaaaaaaaaaaaa', '[]', 0, '2026-03-05 02:46:28', '2026-03-05 02:46:28'),
	(350, 2, 14, 'staff', 1, 13, 'a', '[]', 0, '2026-03-05 02:46:30', '2026-03-05 02:46:30'),
	(351, 2, 14, 'staff', 1, 13, 'a', '[]', 0, '2026-03-05 02:46:31', '2026-03-05 02:46:31'),
	(352, 2, 14, 'staff', 1, 13, 'a', '[]', 0, '2026-03-05 02:46:32', '2026-03-05 02:46:32'),
	(353, 2, 14, 'staff', 1, 13, 'a', '[]', 0, '2026-03-05 02:46:33', '2026-03-05 02:46:33'),
	(354, 2, 14, 'staff', 1, 13, 'aaaa', '[]', 0, '2026-03-05 02:47:53', '2026-03-05 02:47:53'),
	(355, 2, 14, 'staff', 1, 13, 'aaaa', '[]', 0, '2026-03-05 02:47:55', '2026-03-05 02:47:55'),
	(356, 2, 14, 'staff', 1, 13, 'aaaa', '[]', 0, '2026-03-05 02:47:57', '2026-03-05 02:47:57'),
	(357, 2, 14, 'staff', 1, 13, 'aaaaa', '[]', 0, '2026-03-05 02:48:01', '2026-03-05 02:48:01'),
	(358, 2, 14, 'staff', 1, 13, 'uuu', '[]', 0, '2026-03-05 02:56:23', '2026-03-05 02:56:23'),
	(359, 2, 14, 'staff', 1, 13, 'fala cmg', '[]', 0, '2026-03-05 02:56:39', '2026-03-05 02:56:39'),
	(360, 2, 14, 'staff', 1, 13, 'oi', '[]', 0, '2026-03-05 02:56:56', '2026-03-05 02:56:56'),
	(361, 2, 14, 'staff', 1, 13, 'ola', '[]', 0, '2026-03-05 02:56:58', '2026-03-05 02:56:58'),
	(362, 2, 14, 'staff', 1, 13, 'como vc ta agora', '[]', 0, '2026-03-05 02:57:01', '2026-03-05 02:57:01'),
	(363, 2, 14, 'customer', NULL, 13, 'ok', '[]', 0, '2026-03-05 02:57:17', '2026-03-05 02:57:17'),
	(364, 2, 14, 'customer', NULL, 13, 'ok', '[]', 0, '2026-03-05 02:57:21', '2026-03-05 02:57:21'),
	(365, 2, 14, 'customer', NULL, 13, 'ok', '[]', 0, '2026-03-05 02:57:28', '2026-03-05 02:57:28'),
	(366, 2, 10, 'customer', NULL, 9, 'fala querido', '[]', 0, '2026-03-05 03:20:55', '2026-03-05 03:20:55'),
	(367, 2, 10, 'customer', NULL, 9, 'meu amigaozao', '[]', 0, '2026-03-05 03:21:08', '2026-03-05 03:21:08'),
	(368, 2, 10, 'staff', 1, 9, 'que viage', '[]', 0, '2026-03-05 03:21:49', '2026-03-05 03:21:49'),
	(369, 2, 10, 'staff', 1, 9, 'to entendendo nada', '[]', 0, '2026-03-05 03:22:00', '2026-03-05 03:22:00'),
	(370, 2, 14, 'customer', NULL, 13, 'boa noite', '[]', 0, '2026-03-05 03:37:21', '2026-03-05 03:37:21'),
	(371, 2, 14, 'customer', NULL, 13, 'boa noite', '[]', 0, '2026-03-05 03:37:34', '2026-03-05 03:37:34'),
	(372, 2, 14, 'customer', NULL, 13, 'alguem ai', '[]', 0, '2026-03-05 03:37:35', '2026-03-05 03:37:35'),
	(373, 2, 14, 'staff', 1, 13, 'aaaa', '[]', 0, '2026-03-05 03:37:51', '2026-03-05 03:37:51'),
	(374, 1, 4, 'customer', NULL, 3, 'opa', '[]', 0, '2026-03-05 18:11:48', '2026-03-05 18:11:48'),
	(375, 1, 4, 'customer', NULL, 3, 'sanduk meuirmao, vc apareceu', '[]', 0, '2026-03-05 18:12:05', '2026-03-05 18:12:05'),
	(376, 1, 4, 'customer', NULL, 3, 'ah nao, eu que sou o sanduk', '[]', 0, '2026-03-05 18:12:13', '2026-03-05 18:12:13'),
	(377, 1, 4, 'staff', 1, 3, 'verdade kkkkkk', '[]', 0, '2026-03-05 18:12:32', '2026-03-05 18:12:32'),
	(378, 1, 4, 'staff', 1, 3, 'vc é op sanduk', '[]', 0, '2026-03-05 18:12:34', '2026-03-05 18:12:34'),
	(379, 1, 4, 'staff', 1, 3, 'entao era problema de cache', '[]', 0, '2026-03-05 18:12:39', '2026-03-05 18:12:39'),
	(380, 1, 4, 'customer', NULL, 3, 'é verdade', '[]', 0, '2026-03-05 18:12:54', '2026-03-05 18:12:54'),
	(381, 1, 4, 'customer', NULL, 3, 'mas to testando essa parada aqui ainda', '[]', 0, '2026-03-05 18:12:59', '2026-03-05 18:12:59'),
	(382, 1, 4, 'customer', NULL, 3, 'entao vamos ver se vai funcionar', '[]', 0, '2026-03-05 18:13:09', '2026-03-05 18:13:09'),
	(383, 1, 4, 'customer', NULL, 3, 'a parada da rolagem automática', '[]', 0, '2026-03-05 18:13:14', '2026-03-05 18:13:14'),
	(384, 1, 4, 'customer', NULL, 3, 'verdade ne', '[]', 0, '2026-03-05 18:13:35', '2026-03-05 18:13:35'),
	(385, 1, 4, 'staff', 1, 3, 'poxa, nao ta funcionando aqui', '[]', 0, '2026-03-05 18:14:00', '2026-03-05 18:14:00'),
	(386, 1, 4, 'customer', NULL, 3, 'nem aqui', '[]', 0, '2026-03-05 18:14:13', '2026-03-05 18:14:13');

-- Copiando dados para a tabela supportdesk.migrations: ~7 rows (aproximadamente)
DELETE FROM `migrations`;
INSERT INTO `migrations` (`id`, `migration`, `batch`) VALUES
	(1, '0001_01_01_000000_create_users_table', 1),
	(2, '0001_01_01_000001_create_cache_table', 1),
	(3, '0001_01_01_000002_create_jobs_table', 1),
	(4, '2026_02_26_171500_create_supportdesk_domain_tables', 1),
	(5, '2026_02_26_191000_fix_sessions_user_id_column', 2),
	(6, '2026_02_27_120000_add_staff_inbox_performance_indexes', 3),
	(7, '2026_02_27_130000_create_conversation_staff_reads_table', 4),
	(8, '2026_03_02_120000_alter_settings_value_to_mediumtext', 5);

-- Copiando dados para a tabela supportdesk.password_reset_tokens: ~0 rows (aproximadamente)
DELETE FROM `password_reset_tokens`;

-- Copiando dados para a tabela supportdesk.sessions: ~5 rows (aproximadamente)
DELETE FROM `sessions`;
INSERT INTO `sessions` (`id`, `staff_user_id`, `ip_address`, `user_agent`, `payload`, `last_activity`, `user_id`) VALUES
	('1U6LnBmLE43Z2H9WW5M0Wz8WfvU8mXnoH1uWlh4j', NULL, '127.0.0.1', 'Mozilla/5.0 (Windows NT 10.0; Win64; x64) AppleWebKit/537.36 (KHTML, like Gecko) Chrome/145.0.0.0 Safari/537.36', 'YToyOntzOjY6Il90b2tlbiI7czo0MDoibkg0bUlwVWdWc2kxbWhkbDh3T3NBVVozNmtTUUdVTUYyQTNXUW5ZbCI7czo2OiJfZmxhc2giO2E6Mjp7czozOiJuZXciO2E6MDp7fXM6Mzoib2xkIjthOjA6e319fQ==', 1772794573, NULL),
	('2Pa6pgaMLJUnUGV4FGyrlCYsOS1iEhQjd4LsMbSF', NULL, '127.0.0.1', 'Mozilla/5.0 (Windows NT 10.0; Win64; x64) AppleWebKit/537.36 (KHTML, like Gecko) Chrome/145.0.0.0 Safari/537.36', 'YTo3OntzOjY6Il90b2tlbiI7czo0MDoiZ3gzc256azRMWjZyazlvZnJpNWM0elZCeTNPZ2FneGRGaG1DejREUSI7czo2OiJfZmxhc2giO2E6Mjp7czozOiJvbGQiO2E6MDp7fXM6MzoibmV3IjthOjA6e319czozOiJ1cmwiO2E6MDp7fXM6OToiX3ByZXZpb3VzIjthOjI6e3M6MzoidXJsIjtzOjk3OiJodHRwOi8vMTI3LjAuMC4xOjgwMDAvd2lkZ2V0P2d1ZXN0X3Rva2VuPTk3ZmIzYzk4ZjlmYWI0Zjg1Yjk2YTllNDk1MTU1Njk5JndvcmtzcGFjZT1zb2NpYWxtb25zdGVyIjtzOjU6InJvdXRlIjtzOjY6IndpZGdldCI7fXM6NTA6ImxvZ2luX3dlYl81OWJhMzZhZGRjMmIyZjk0MDE1ODBmMDE0YzdmNThlYTRlMzA5ODlkIjtpOjE7czoxMzoiY3VzdG9tZXJfYXV0aCI7YTo4OntzOjEyOiJ3b3Jrc3BhY2VfaWQiO2k6MTtzOjE0OiJ3b3Jrc3BhY2Vfc2x1ZyI7czoxMzoic29jaWFsbW9uc3RlciI7czoxMToiY3VzdG9tZXJfaWQiO2k6MTQ7czoxNToiY29udmVyc2F0aW9uX2lkIjtpOjE1O3M6OToiaXNzdWVkX2F0IjtzOjI1OiIyMDI2LTAzLTA2VDAxOjQ1OjAwKzAwOjAwIjtzOjQ6Im1vZGUiO3M6NToiZ3Vlc3QiO3M6MTE6Imd1ZXN0X3Rva2VuIjtzOjMyOiI5N2ZiM2M5OGY5ZmFiNGY4NWI5NmE5ZTQ5NTE1NTY5OSI7czo1OiJndWVzdCI7YjoxO31zOjI2OiJjdXN0b21lcl9hdXRoX2J5X3dvcmtzcGFjZSI7YToxOntpOjE7YTo4OntzOjEyOiJ3b3Jrc3BhY2VfaWQiO2k6MTtzOjE0OiJ3b3Jrc3BhY2Vfc2x1ZyI7czoxMzoic29jaWFsbW9uc3RlciI7czoxMToiY3VzdG9tZXJfaWQiO2k6MTQ7czoxNToiY29udmVyc2F0aW9uX2lkIjtpOjE1O3M6OToiaXNzdWVkX2F0IjtzOjI1OiIyMDI2LTAzLTA2VDAxOjQ1OjAwKzAwOjAwIjtzOjQ6Im1vZGUiO3M6NToiZ3Vlc3QiO3M6MTE6Imd1ZXN0X3Rva2VuIjtzOjMyOiI5N2ZiM2M5OGY5ZmFiNGY4NWI5NmE5ZTQ5NTE1NTY5OSI7czo1OiJndWVzdCI7YjoxO319fQ==', 1772761719, 1),
	('EAorkqdmsMkehdXdEPGBpoXhgpOLtuqDOb8zLePj', NULL, '127.0.0.1', 'Mozilla/5.0 (Windows NT 10.0; Win64; x64) AppleWebKit/537.36 (KHTML, like Gecko) Chrome/145.0.0.0 Safari/537.36', 'YTo3OntzOjY6Il90b2tlbiI7czo0MDoicFppZFBpSzdFZ2lpdHZPQ2xjMU5uM3l4NFltdFBhVERHODFjdVZyWSI7czo2OiJfZmxhc2giO2E6Mjp7czozOiJuZXciO2E6MDp7fXM6Mzoib2xkIjthOjA6e319czoxMzoiY3VzdG9tZXJfYXV0aCI7YTo4OntzOjEyOiJ3b3Jrc3BhY2VfaWQiO2k6MTtzOjE0OiJ3b3Jrc3BhY2Vfc2x1ZyI7czoxMzoic29jaWFsbW9uc3RlciI7czoxMToiY3VzdG9tZXJfaWQiO2k6MTQ7czoxNToiY29udmVyc2F0aW9uX2lkIjtpOjE1O3M6OToiaXNzdWVkX2F0IjtzOjI1OiIyMDI2LTAzLTA2VDEyOjU5OjQwKzAwOjAwIjtzOjQ6Im1vZGUiO3M6NToiZ3Vlc3QiO3M6MTE6Imd1ZXN0X3Rva2VuIjtzOjMyOiI5N2ZiM2M5OGY5ZmFiNGY4NWI5NmE5ZTQ5NTE1NTY5OSI7czo1OiJndWVzdCI7YjoxO31zOjI2OiJjdXN0b21lcl9hdXRoX2J5X3dvcmtzcGFjZSI7YToxOntpOjE7YTo4OntzOjEyOiJ3b3Jrc3BhY2VfaWQiO2k6MTtzOjE0OiJ3b3Jrc3BhY2Vfc2x1ZyI7czoxMzoic29jaWFsbW9uc3RlciI7czoxMToiY3VzdG9tZXJfaWQiO2k6MTQ7czoxNToiY29udmVyc2F0aW9uX2lkIjtpOjE1O3M6OToiaXNzdWVkX2F0IjtzOjI1OiIyMDI2LTAzLTA2VDEyOjU5OjQwKzAwOjAwIjtzOjQ6Im1vZGUiO3M6NToiZ3Vlc3QiO3M6MTE6Imd1ZXN0X3Rva2VuIjtzOjMyOiI5N2ZiM2M5OGY5ZmFiNGY4NWI5NmE5ZTQ5NTE1NTY5OSI7czo1OiJndWVzdCI7YjoxO319czo5OiJfcHJldmlvdXMiO2E6Mjp7czozOiJ1cmwiO3M6Mzc6Imh0dHA6Ly8xMjcuMC4wLjE6ODAwMC9zdGFmZi9pbmJveD93PTAiO3M6NToicm91dGUiO3M6MTE6InN0YWZmLmluYm94Ijt9czozOiJ1cmwiO2E6MDp7fXM6NTA6ImxvZ2luX3dlYl81OWJhMzZhZGRjMmIyZjk0MDE1ODBmMDE0YzdmNThlYTRlMzA5ODlkIjtpOjE7fQ==', 1772812318, 1),
	('Fja5sHWAMJiS4Ivs2K0F2L9h2njjeDaYqrn7PD33', NULL, '127.0.0.1', 'Mozilla/5.0 (Windows NT 10.0; Win64; x64) AppleWebKit/537.36 (KHTML, like Gecko) Chrome/145.0.0.0 Safari/537.36', 'YToyOntzOjY6Il90b2tlbiI7czo0MDoiSUNEd1ZlUE5Mek1FZFgzcmd6ekNvM2Z5Z2ZnZXRmTzZyM01zTGlUYSI7czo2OiJfZmxhc2giO2E6Mjp7czozOiJuZXciO2E6MDp7fXM6Mzoib2xkIjthOjA6e319fQ==', 1772794572, NULL),
	('jI94LucHRPWiDYO0X77CpcEFV8LNJSpxmApvIFBs', NULL, '127.0.0.1', 'Mozilla/5.0 (Windows NT 10.0; Win64; x64) AppleWebKit/537.36 (KHTML, like Gecko) Chrome/145.0.0.0 Safari/537.36', 'YToyOntzOjY6Il90b2tlbiI7czo0MDoiWld4SnRxOUxJcHB3YVhlODdpaGRkUERNSDUzZnVxT3dFNjBGYlUzRyI7czo2OiJfZmxhc2giO2E6Mjp7czozOiJuZXciO2E6MDp7fXM6Mzoib2xkIjthOjA6e319fQ==', 1772794573, NULL);

-- Copiando dados para a tabela supportdesk.settings: ~50 rows (aproximadamente)
DELETE FROM `settings`;
INSERT INTO `settings` (`id`, `workspace_id`, `key`, `value`, `is_secret`, `created_at`, `updated_at`) VALUES
	(1, 1, 'sso_ttl_seconds', 'eyJpdiI6IksvbVUyRUlibUFHaCtjRFNJTmthVmc9PSIsInZhbHVlIjoiR0NnbDhIb21oZGlDZzFFYUtEaTdMUT09IiwibWFjIjoiOTM1YTJkZTU0ODFmZGViNTVjZmZiNTBmZjg1YjQ5NDA0NWNkMjVkMDhhMmFlMzE1NzMzNzA1NmE3ZDdmNWJmYyIsInRhZyI6IiJ9', 0, '2026-02-27 01:04:58', '2026-02-27 01:04:58'),
	(2, NULL, 'rag_top_k', 'eyJpdiI6IkJLV0Zwa0hRa08wb1RHbW4rZmdmeUE9PSIsInZhbHVlIjoiVmRyeCs0Y3pKbTBPdzM4emRPYkZuQT09IiwibWFjIjoiODBlNjdhODJjMDlhODI2MjU5ZjE1ODJlOGJjZGM1NDAyZTVjMDYxNDllYTMzYTM5MzhkMGZlMDczYjM1OGEyOCIsInRhZyI6IiJ9', 0, '2026-02-27 01:21:09', '2026-02-27 01:21:09'),
	(3, 1, 'sm_admin_api_url', 'eyJpdiI6IlFQek9jMTIxczlUYmMyaitwVWFOYVE9PSIsInZhbHVlIjoiUWVZYXpOemJVamN5bUMvVlJvL0JlZjhNbDdPYlRKT2swdnh1b3NacU9ydDZUN1ZBMGNEV1VtaFpwNGx0cVc3USIsIm1hYyI6ImY1NTBjZTFiNDJlZjEwZjQ4NGRkMDlhZjQ1ZWY0NzcxZTYwOWZlMzQyYzMyYTdkMmFjZTRmZGI0ZjcxMDA0NTQiLCJ0YWciOiIifQ==', 0, '2026-02-27 01:33:59', '2026-02-27 01:40:16'),
	(4, 1, 'sm_admin_api_key', 'eyJpdiI6IklPTy9NazY5NnlYa2ZCV3ZHNDdZaVE9PSIsInZhbHVlIjoiUWIyUWc5bFhTaUkyNGhhSFNMUnBtdz09IiwibWFjIjoiZTA1NzVhZmQ3M2M2OTI4YzI4YjJmZTJlYzQyYzBmYjQxYzg3ZTcwMjI3ZDNmMjUxNjEzNjkwYjgyYzc2ZGI3YyIsInRhZyI6IiJ9', 1, '2026-02-27 01:33:59', '2026-03-01 22:38:38'),
	(5, 1, 'sm_v2_api_key', 'eyJpdiI6IjF3K0h5R0hkck9BbXRRTlV3a094RkE9PSIsInZhbHVlIjoibGdRL0d4OW9mbzNJZytCTkNZb01sSzhLenU5R0RMNXlVQ08wZnlWZVJiYmVmbm1ZeXBBOUJEV3BwZ2ZCNENONDFNRk9wM2ZkMVVjRUNXbXZZcEs2S0E9PSIsIm1hYyI6IjZkZWE0YjU4OGUyZWExMjEwNzZmM2Y0NzgyYzU2YmM1NTJjOTk3YWQwYzQ4ZmY2ZTRhMzJjZjU4Y2JhNGJmMmQiLCJ0YWciOiIifQ==', 1, '2026-02-27 01:33:59', '2026-03-01 22:38:38'),
	(6, 1, 'sso_secret', 'eyJpdiI6ImMxNjdncjh1MnZSdURtUzdhWWFJQnc9PSIsInZhbHVlIjoiWENWQzFkblB6Q1Z1MVgrQy9KQzE2TTEyZW5zbTQwRnByZE81TXV0MnVaVT0iLCJtYWMiOiJlMTVmNDM5NDJhYjg3NjgwNGYxZDdkNGU5ZDY0MTNhNGIwNGE0ZGQyODAyNzY5NWJhZGZiNmQyODQxMDk5ZDliIiwidGFnIjoiIn0=', 1, '2026-02-27 01:33:59', '2026-02-27 01:33:59'),
	(7, 1, 'openai_api_key', 'eyJpdiI6InRmTG1Yd1dOSnVnQ3hyT0RoMEMvWEE9PSIsInZhbHVlIjoiaHNPYlpiV08vUVBXMlp3RkhLbm5OZz09IiwibWFjIjoiNTM3MjEyZDhmMWYxNWM3ZjEwMDk1ZjJmNGYyY2Q1NjQ5ZDFlMWU0ZjM0MTQzNTA5MDRhOGQ5MDZhNTQyY2I3OSIsInRhZyI6IiJ9', 1, '2026-02-27 01:33:59', '2026-03-01 20:27:49'),
	(8, 1, 'ai_model', 'eyJpdiI6IjJLQlQ2dVRHR2diWTFkZjZ0Y3g3SEE9PSIsInZhbHVlIjoiYVgvTmlidFJlUUx2cGs3ZFdsb2pZdz09IiwibWFjIjoiNTM3ODIyYTJiNGE2OGE0YWIyZmI5YmI4YmIyNTA3ZmYyOGE1ZDI5NzExYjU0NjczMTE0ODA1Njk4YWU2ZTA4MiIsInRhZyI6IiJ9', 0, '2026-02-27 01:33:59', '2026-03-01 20:27:49'),
	(9, 1, 'ai_temperature', 'eyJpdiI6InJKdThXaFZoa1hybTJaODVROS9ZR2c9PSIsInZhbHVlIjoiZDVoc0VkZ2JldEs5NjdlVVFNT1F4QT09IiwibWFjIjoiYTE3MWI4YzkxMDY2NTk5YmRmM2ZiY2NjZDc4ODAzNWRmMGE1N2YwOWQ0ODk4MGViMDcxZTAyZGEzYzkxM2EwMSIsInRhZyI6IiJ9', 0, '2026-02-27 01:33:59', '2026-03-01 20:27:49'),
	(10, 1, 'sm_sandbox_mode', 'eyJpdiI6InNrQ0hZUFAwaFQ1YWpDOTNZeWJNd1E9PSIsInZhbHVlIjoiSC9TQ0xzUDU3YTBqamhWQW1sdElOdz09IiwibWFjIjoiODMwYjUwZGNhNTRhMzEwNWE1M2U0NzViODVjYzNhZjk2ZjE5N2RiYWRjNzM1YThmMWE5ZDViMTkxYjViYWRjOCIsInRhZyI6IiJ9', 0, '2026-02-27 01:56:42', '2026-02-27 01:56:42'),
	(11, 1, 'display_timezone', 'eyJpdiI6IjdtMFE2QW5qdTRpS0JJZFAwWmlua3c9PSIsInZhbHVlIjoiQ0VHcEl3T1RoWkcyK3ExWFZJWTl0cGdxYzd4THMva0VMNHI1ejdnNnhvST0iLCJtYWMiOiIwYWEwNDk2NGNjMTU4Y2U0OTAyYjg4ZGMzY2JiNjE3NTRlNDJkOTcyMGNmYmVlZjMxMDFlODdhNDFlNGYyNjU4IiwidGFnIjoiIn0=', 0, '2026-02-27 16:36:34', '2026-03-01 03:24:18'),
	(12, 1, 'widget_chat_primary', 'eyJpdiI6IklVM1NsT2lscnVRN214THFBcTVLb1E9PSIsInZhbHVlIjoiV3BpbzRtRFlYb0IxaFhRaGswaEZEQT09IiwibWFjIjoiZmM1YmFlYmQ1MjY0NTYyZjE2NDcyMzMyMjZmYWQ2OGNlZDAwMGQ3ZmRhNmFmNDRiYjMxNDcxMWU5ZDU1MjNiMyIsInRhZyI6IiJ9', 0, '2026-03-01 03:17:24', '2026-03-02 17:51:59'),
	(13, 1, 'widget_chat_bg', 'eyJpdiI6IitwNDVKcm1hRkdUcElvNEk4M21ISVE9PSIsInZhbHVlIjoiN1p1VHpTUWhlUU9jUWFGOFZacURwZz09IiwibWFjIjoiZGVhNzkxODE4MTgyOWI4MTcwMjdiMTlmOTA1MTY2MjliMDRiMWZjNjZmNTFmODc1NzEwODNhOWE3YjMxZWYzMyIsInRhZyI6IiJ9', 0, '2026-03-01 03:17:24', '2026-03-02 17:51:59'),
	(14, 1, 'widget_chat_surface', 'eyJpdiI6IkY5bDRuYU1WWk1FUUFtUWxZU3Z4L2c9PSIsInZhbHVlIjoiOGJMQ1hpVHpaUERyakFIQS9VNEd3Zz09IiwibWFjIjoiMGMyODYyZjNiMGU1Mjg4YmNjNDliZmEwZmE4ODk4Y2MwMjc2NjhkMTAxZWZmOTM5YjQzN2E3ZGVmZDZlMGE4ZCIsInRhZyI6IiJ9', 0, '2026-03-01 03:17:24', '2026-03-01 03:17:24'),
	(15, 1, 'widget_chat_text', 'eyJpdiI6ImR3Z1FLTlhLSmYzdGdIYXNHRC95NHc9PSIsInZhbHVlIjoiV1kvUEpkdXhZSm8yK2tTT1ZJakV6dz09IiwibWFjIjoiZDg3ODUwNDQ4NThmM2U2Y2ZiNjdjMGYwZmE3ZTFlM2I0NDY2ZmQ3YmFjMDdlNzQzNzhlOGE0NmRmZDMyMzhkMSIsInRhZyI6IiJ9', 0, '2026-03-01 03:17:24', '2026-03-02 17:51:59'),
	(16, 1, 'widget_chat_muted', 'eyJpdiI6IkdSYVN4NGJ3Y1hBRmp6Z3RIUzVpd1E9PSIsInZhbHVlIjoiakJOQmFnbE5FU0pzZXMvTjFsY2Fzdz09IiwibWFjIjoiMGYyOTIyYWE5ODYxMDMwMDg3ZTBmYTY4YjA5NzMxMDg2Y2FjZjYzOWVjOWZjZmJlMDgzZmE2MThlYTc5Y2E2NiIsInRhZyI6IiJ9', 0, '2026-03-01 03:17:24', '2026-03-02 17:51:59'),
	(17, 1, 'widget_chat_radius', 'eyJpdiI6IlJrOFVNeHU2czdQNnFOWkNQemloMXc9PSIsInZhbHVlIjoic0VYWTRibjlMVFhUai9LSm4vcjBMZz09IiwibWFjIjoiMTgzN2YxMTEzMTg3MjNlM2UxNmI0MWVhZTM2MjhmZGU3NDEwOTA4ZjczZDdiNThlZmQ2YWY3MWI3YjEyMTI3ZCIsInRhZyI6IiJ9', 0, '2026-03-01 03:17:24', '2026-03-02 17:51:59'),
	(18, 1, 'widget_chat_shadow', 'eyJpdiI6IndkanVTMnNwVUJmUTl6aUUwUko3VFE9PSIsInZhbHVlIjoibnBHWHoxYnZUMGV4S1FicFRrcDAwLzFLWWpOZkRKekRlUkxweDB5QnJWb1IxMXUxK2EwSTVjZlhoMnFLSWsycCIsIm1hYyI6IjJiMWVmMzVjMTY4OTI2MGEyNDUxYjE5MmMwMmRiODlkMDQxYzcxZjExYWFjNGRhN2ZjMGY2ODk2NDk1OTNkNDMiLCJ0YWciOiIifQ==', 0, '2026-03-01 03:17:24', '2026-03-02 17:51:59'),
	(19, 1, 'widget_launcher_badge_enabled', 'eyJpdiI6ImxoM0QvUkhBajZRT2RZaW15dVBrNGc9PSIsInZhbHVlIjoidEVvbXNSWEdnakNVOTB4NjBoQTFXUT09IiwibWFjIjoiZDliMzU3MmFjOWJmMmI4MjgzMTQ4YjkwNGMwNmZhMWQ2MzEzM2Y1ZWQ0MWRjZDY3OGM4NTRhNzY2ZTNjOGYzMyIsInRhZyI6IiJ9', 0, '2026-03-01 03:17:24', '2026-03-01 20:27:49'),
	(20, 1, 'widget_launcher_badge_text', 'eyJpdiI6IlQ3TmhzRWVmK05wd2hEdCtZY1BPelE9PSIsInZhbHVlIjoiYjNpVnJ6cUI1clJqRko1Nm5DbFNFZz09IiwibWFjIjoiY2M2NGI0YzMwNDUwMTVmODU3NDgxNTdkM2YzOTU2MDhkZTVmNTM3YWI4ZTk2ZDYwOGQzM2E2YTY5YThjNGI2YiIsInRhZyI6IiJ9', 0, '2026-03-01 03:17:24', '2026-03-01 20:27:49'),
	(21, 1, 'widget_launcher_badge_bg', 'eyJpdiI6InRlS2RsbEFDT085TDYvWndTODBsWWc9PSIsInZhbHVlIjoib1NzUmZUazlNdlZJeDhtSmE0WnNFdz09IiwibWFjIjoiZDRhOTYwMDcwNDk1NTc0YTgyOTllOTA1NmJkOWY5YWM0MzQ0OTkxZTVlZDQ2ODQ4MTNkZmFhN2MwZTdlOTg4NiIsInRhZyI6IiJ9', 0, '2026-03-01 03:17:24', '2026-03-01 03:17:24'),
	(22, 1, 'widget_launcher_badge_text_color', 'eyJpdiI6InpnYU5INm9BRzh5dzFnWkpDTjl4TGc9PSIsInZhbHVlIjoiWE1zSENUMGJTZGkyYjlKeGVwTGZXQT09IiwibWFjIjoiNjkyNjFlZjUwMzQyOTZjOGZkMmZlYWQwMWFhYjMxY2E3MDQ1OGQ2Y2ZjMTVlZDA3MWQyNjYxZDI3N2JhNDFhNiIsInRhZyI6IiJ9', 0, '2026-03-01 03:17:24', '2026-03-01 03:17:24'),
	(23, 1, 'widget_sound_enabled', 'eyJpdiI6ImFTV1J4MkJlc3J3WFBwWTVicUNZVmc9PSIsInZhbHVlIjoiSWVMQUNNOVp6NHdEaktVT0dZYnA4Zz09IiwibWFjIjoiZTk4NDNhODU4NzEyNWViZWVjN2MyNjE2YmRjNjEyYTc4ZDFiNDFkZmIxZTE4MDhlNzE1OTg2ZGI2OTRlZGQyYSIsInRhZyI6IiJ9', 0, '2026-03-01 03:17:24', '2026-03-02 17:51:59'),
	(24, 1, 'widget_sound_incoming_url', 'eyJpdiI6ImphaU1DRkhBNmZSOTNTbXI2cGVMU0E9PSIsInZhbHVlIjoiZHZtQTg0QWY5UitsZTRvYWMrRUNGYlRvVThkd3hmYWVmU21NaGhic2NmRT0iLCJtYWMiOiI1YTVkYjEyNGFiN2Y3OGFiYTYzYTFlY2U4ZDI4YTI0NzY4NjY4MWU3NjQ1ZDFjZTJkYTkwOGMxYjJhMjM3OGUyIiwidGFnIjoiIn0=', 0, '2026-03-01 03:17:24', '2026-03-01 20:27:49'),
	(25, 1, 'widget_sound_outgoing_url', 'eyJpdiI6Ijk4eWpQK29BaTZTV2dRTjdiNE1QdHc9PSIsInZhbHVlIjoiODdhK0F3RXphV0RUeUlMaXdtY1JjUG5OZ0VKTm5pMTdkK3V2ZnkydS91UT0iLCJtYWMiOiJlYzRiNWUzZGVhOGY2YmU5ZTcwN2U3ZWMxY2YwYjI2MmUxZTRiNjIxZTQxMmRjOGI1NmIxNjZiYzBiNmQ4OTE1IiwidGFnIjoiIn0=', 0, '2026-03-01 03:17:24', '2026-03-01 20:27:49'),
	(26, 1, 'widget_sound_volume_incoming', 'eyJpdiI6IkhXNXdhSVc4ZlBFNndaR3BFN2NEVWc9PSIsInZhbHVlIjoiSVlScmlBNFQvTlFIVlVzL09FRmpIZz09IiwibWFjIjoiMTk3MjVmMWJkMTIwZWU5N2U4NDFiYTE5Yzc1N2Y2ZmYxYzQ2OTMwN2NmNzAwZGZmMTA4MWFkM2Y3NjRjMzRmYiIsInRhZyI6IiJ9', 0, '2026-03-01 03:17:24', '2026-03-01 20:27:49'),
	(27, 1, 'widget_sound_volume_outgoing', 'eyJpdiI6IklSYk1VRmJFdk0zemJuNXpiUEcrZkE9PSIsInZhbHVlIjoid0UrQWluVnYwL2VxMStOK3hDaFBKdz09IiwibWFjIjoiZWZlYTVjYWU0OWJjOWM0YTg3ZWY1N2EyYzNjOTQ3M2QyODc3ZjgxN2VjZDQyYmE2ZGY1ZGE2NmMxMDE3N2E4NyIsInRhZyI6IiJ9', 0, '2026-03-01 03:17:24', '2026-03-01 20:27:49'),
	(28, 1, 'widget_profiles_json', 'eyJpdiI6IlpmVjliUmk4R1NLQjdFTXlpWUswdUE9PSIsInZhbHVlIjoiQXlEcVp5WEpwYU1qWHByNDNhUHhUejFQM3RPVVVQSFBTelZKK3dUckQ0OFZ3K2t0Q0xueHdMdThWbk55cFFjY0lBWk9mcUU1YllqZDBNckQvcGhhcksyWnY2SEFpL0ExY2xUWGJnQlhrOGFYQk5UK1YxdjRRSUdoYXNNUE1TWGtQNElXTm9YL0hjLy9NWUduUGZqQ0Y4cmxDYm0rcmwwMkM4NDA5VVk0RWY5RHRTSWN2TXJxOVZoaHNpMGl0Q21rR01GT0tLTVMyS3doc3RjUlFzRDlRWEhqcnQ3bTJKNEZBdGlKVmN6NTJaZ1NvT2dJS1pQY2Z6RHRPMGxqMnBKQ0dHejhIbHJFdFlkcXIwYWhRdUFKam01NTh5S0kyTWR3WWYyZGRiQTZJc0pJWFVXelNmTTlZb2JNVmdIejZURUlocUQwM1dZbUlYVG5lY2xlMTFKVldYSWJsVlV0bXdCTWtadDRHTm9ubmtMRU5WQW1HWjVPUGZjWXZrano1dDAwUUdhV1FKL0RZd3FDdjBrTkFWbCtqKzNQOEVGVlBNR1g0a05pZDhUNy91dkJUMUQySGRWMGZqcUhEUjJwbUM3K0dGTDZaRDYwOVNiRDliTTczM1hGSDVKVEJXOGdaVzNjekM0OER0ZXlSOXhSSFhHVlFhUmhDTTh6eXI0bEpNL2N1eUx0d3FoRGhzL3VFUmZ1RnBxTm11TEx6ZktwVy9NVEcrNVVhWDZFbzg4V3IzbmxyOG5GRTdobUhKYnptc0k4eFFpcnRtS0RxSHBUSUdTOHROTXhqU0I2SWxkNzBLMHJLZWZLUTNpQTNoOVJiajUwTklaTy83RkdsK2VIN0hlcVAra2F5MStyS3hRWmh4elFYcWVqWFh6S2pPUE1hc3llOE5LeHBKaDlCZC8xd0FLc2lBc2ZtR05DemlhTkltSnBKUmhkeFBtMWxwaG9KUWVuUUN1bVdweHp5QzRvZzhkY0xZMEFUVXlaeTVJMEtsN0JLMHZCVll3ZEdBQU1oNFJDRXVlVFowZGRWclRVV3pBQ0J1b085TVdtSkZFbkpDWnpTZ2trYzVBbWgxNmZSSHN4RjFRazllTWdaRlduUU44eUhSYU9wbFJ0MmVIOUZhZ0R1S1U4SWhTd09aR2dac2hoS0FFakJCN2ZBOTlLdG1CTUZDSW8ySHhnZWhpKzJMMURWSTBnT2JoVDJsQUJYRTdaS2tYbzFBMTIxaFg0T29LcjB3RUo1QVI0NnJ5ZHI2clk0RS8vKzloeGhZbzFaME10cjRrQkRaTWgvdGtXOU5tNllob08yMWRaeDVvTjVRK0xXRkxvTjdwUEZiTjJCdG0yOURmM2VBclR6cEpQTHhyYU0yTHpJQlhEYlFLbXJnWHB4a1NvWEY0RVFsVjFCaEp3ak14SC8yUzdHTUt3Y2dGMGVITFlFT3U1SXJPbUVGTzBYUU5xdk5LZjNjZzlKbEF3ZVlCaisxbUhZTW9TOE1QVnFPdHR6WVVKMnc5QlVlVWNEY0FvUDA3R25CVHJwaGpBK0pkY3RIOU52YTFyUkJTYU9UbE1MSjBTSm1PN1VSeDBuR2JqVm12aVJaRnZWNzh1RnZNekpmNi9nZ0t6U0xaV2Q4S2srZmNGUGlSNHZkbFp3RG9JcEhkQ1EyS0habmVuTHFVcUJGTnl5UCs4RUhFY1hWODRkMlhKbFdmVE96Q3RvSmJRc0NuRmxBSjhTK254QW5BTWZWcllZcTRsSDgvc1FzOUxPQ09PSU1rTGUvT2VTSjdob29SZmdIWkFGbW5UcDJSVGdkWko0K21BdXpvTndHQ211d05nYXlXcUZ3WW1hVUhJVUF0SW9ha3paNkNqVzFLVDNhYkZrdnFsUDFNSFFCcmlwOGRld1dWSm5DcVMyODYyYy9xWmo5cEpWNnROWEU0dzlmQTQ5N3VES0JXcThUWHRjVzZUdFU0YlVHM0pwUHh1NmIxK0h4ZzZqeG5abTVIV2NYUkc3R2V4OHZTSHh5NWRNdDJubnJXQ3d3cE85cnVJQWpXRVB4ZmQ0ZWpVenp2cy9NMVI1eGhPb3hLZzQ2UkNLcTRTTHB2ek1pMXpIWXZRSjVHdDZqdnFCcmZ3SlU2Q0JiK1lKZkZxWHNDTXpGcE5BeVJBNFd5T0I3STRZZS9lSUVHVlFZVk9CR0ZlM3pwa0JRalFIa3lRSG1yMFd2R1EyWkdTbWI4eXhlaDVzbzg1czJDYXp2UFlrZklUajFkTGZZbGduMTlaYjBrZXlLaUV6SStURHZjQmRucVF0ZG0wRzBkS2RCUXdKY1RQcWhwRHp6UkVIaGpOcUM3R1NkZndtZkhGeG5jS0Q2ejBuQnlyaHVaTkFLb0EyS1lFVXdGdlF4S1JKNjU2Tm5Pd2VkVUxtM1YrNzlXNjZJejNFcjdmci8veWZXbG1xK084ckFuY0VmVXpLMWgrcG9xVzBvNVJ6NGlJRktYSDY0T2N5QnA3dTZVcXo3K3lyOThFRFM5bFRpSXo5aGxOMlJLV1N1UGJob0I4OU4xOUtydVFBZTFDOEhleXRDSTFiMXhLOGF3bHJ4TWw2VmR4Vmd3MGU2NDNOMlhneGw3dWhIU2NDOGZFWmlWeVpPb1ZaWWdUTWNETGdzRGlsYy9xL3FBTnBxbkQyckdxZ29qMXpRcGNtY1FVcVl3UVRQZVdrc1dpNGd6c0c3TENKd0o3WWR2NFk2cXZtMUxNS2FXb1hRMjZlVHN2d1RVelBRd0ljcTZXSWZzODFtY0lscVhEMjFMMG5udTZuY0RyaGdLQi9mRk1WcTM1UTgydzFpSkQxczB1bmVZdGZmQ0IwTWtYenh5RWIyVkxYZUpocDViSHdyTWVENGYwNkk2NWo3Vng1ckZLMTJDY3g2WWtWalE3TjJ6b29jVjEvbmtyZGRRTUZiZ3R2ck1Eb09STXZJMzJUWG44c3pETWpTQlUyQ3B2YkcveWgzL2FKdk56QUh3ODNxY251Rm1zbmZldzREdFhJcHk3cnNxTlU4Zjg0aHBNVGtuVEJGVkp1QXNia00vcDVsZlRZQmFwZzhHKytNa3lvZ0cyaUdTN2dBOHNoUXNEWEw2Ti8rc00vQWJsMnMrbUtMOUFQWm1Xb3NpN29mR2RHdC9IUFljZ0tHTE9Md1dqb3hPNDRaZG80UHBwS2NSYkVDWVJ3enVNK2NwbGVrcVlPRlA5Z3hOcHNFc1liV0FGeFljcDdEU0FpdU5jK3g2aG81K2ZDR2N2Z0hvdzk0UnJsbTdHWnlqY241eHY5L3B5THZMTXgrNy9GMjFuaGVHOEI3aFlEMnRXcHdiS1hsZE9wMi9tZVJvZUlBMnhLNlA4QmdleDVnaXpyM1dvK1FRS3JIdE5NbjUrVlk0amxlQUNrSHkzYnlXQm15Q2pNSkNJeTZ6WVVibCtYWHhzRFBkUkJFZXVpNHJsVzI3cm5oQ0xuanZKSlhsQURlejlrRGl6bzdGTHZMU3NNbXJpWGhNMzBuU3lVMHF0ZnVDTFJNbGFKanBISnBwdHptNjVCaFhpc0Vmc0lsUkJTSDgxUkNqWnZCb1JzWGw1azIzSVpaMUVLV1U4bG9admkxR2lMNHA5aEFPTG1MT0hmMHc1dmZ1dG9YTTRyZlZFcWFuR1VnTT0iLCJtYWMiOiI4NDkwMWNmYmFiZDg4OTNlMWZhYWVhYWI0MTNkMTM0MTdmMzcyZjA2ZmNmMmQzMzAzNTkwNjU3NzBhM2MxYmQ1IiwidGFnIjoiIn0=', 0, '2026-03-01 03:17:24', '2026-03-02 17:51:59'),
	(29, 1, 'widget_active_profile_id', 'eyJpdiI6IlIydEN4ekIweG5WQXV4Q1NBQnVrM0E9PSIsInZhbHVlIjoidWFRWUZvcEVNQ0licjMyaUw2VEpLeHRLcGl4L3lVRGtDVnFZZ05QZXljYW0xVVoyUThySjcyZmF3VFZTOVhONyIsIm1hYyI6ImNlOTMxYTAwYzc0M2RiOTMyODc5MWI3YzU0MzRjYTNiNzNkMTA3ZGYwYmQ1ZmQyMzk3N2FkYThmZTNlMjNkYWUiLCJ0YWciOiIifQ==', 0, '2026-03-01 03:17:24', '2026-03-02 00:48:49'),
	(30, 1, 'sm_module_enabled', 'eyJpdiI6ImlFMklQdTU1SmJudjgvNU1ZQWp4U2c9PSIsInZhbHVlIjoia0NXS2VoVU9XR1p0b0V1N0VjbjQ3QT09IiwibWFjIjoiNjc0N2Y2ZjExMjg3ODNjZTUwZDFiNDFkM2MzMWNlOTlmYjFhNDJlYzNiOTY3OTAwYjkzNTIxY2Y0MzAyMzg4ZSIsInRhZyI6IiJ9', 0, '2026-03-02 00:21:16', '2026-03-02 00:21:47'),
	(31, 1, 'salesbot_enabled', 'eyJpdiI6IkRDSUM2Y1NSYlRVVnBleVB6TmhPdXc9PSIsInZhbHVlIjoiWUJCd0U1eVd5NjVtdjN5eXJCTlF0QT09IiwibWFjIjoiZWQ4ODYzZjYzNDVlMzZhODhkOGFlYTI5YmI4ZmEyNzhlZmU1NmVmODgwMGRiMjRjMWM2MmEzNjY3MGM0Y2NmMiIsInRhZyI6IiJ9', 0, '2026-03-02 02:18:28', '2026-03-02 20:57:16'),
	(32, 1, 'salesbot_name', 'eyJpdiI6IkU0b1hESGRCdndXVjdockt0T1QwRVE9PSIsInZhbHVlIjoiKzhlZFR4aTNQSnhLbmxpN0YxcGZRd2Uwc3ZNdHhwd0VjWWxsWXVndEdCcz0iLCJtYWMiOiIxNDRmYzRkYjU2NTlhNTdjYTkxNGU2Y2U3ZTRiMDhiNzc1NDQxYWNhNjQzMzc3MTI4NDg5NmQ2OWU3NzAzNDUzIiwidGFnIjoiIn0=', 0, '2026-03-02 02:18:28', '2026-03-03 05:13:42'),
	(33, 1, 'salesbot_default_delay_ms', 'eyJpdiI6InlSKzk5Uys5RTNSa3F3bE94ajd3a0E9PSIsInZhbHVlIjoiSm9Jd2hFYWpuRW01YjJYL01ZNGtFZz09IiwibWFjIjoiYWY0ZTZkYWFiODg3MDIwZDE4ZDk5OTRkMWU4MjFmYzBjNTBjY2EzYzIwNzMzYmY4MjlhNDQ2OGM2YzNlMjQyZSIsInRhZyI6IiJ9', 0, '2026-03-02 02:18:28', '2026-03-02 02:18:28'),
	(34, 1, 'salesbot_fallback_enabled', 'eyJpdiI6Ii9YVXBnN09ucDNrWkEzYnMwYXBlYVE9PSIsInZhbHVlIjoicVJ6cUVKQkdCWDZPWUtSY203c3VTUT09IiwibWFjIjoiMWE1NmIyNjY2ZTFmOTU2MTMxNmY0MWFmMjdjNjA3ZjQzMTNiNTcxOWVmZDZjYTk1NWI1NGMwMzI4NWY5MWMzMyIsInRhZyI6IiJ9', 0, '2026-03-02 02:18:28', '2026-03-02 02:27:08'),
	(35, 1, 'salesbot_fallback_message', 'eyJpdiI6InRreTE2VWxPU3BuYmJNUHVZZEZ5WVE9PSIsInZhbHVlIjoiSWR6TTdUT3FWL3REMDUwaTROMFMrdXNNbVF1amR3aDJnN1U4eVN2VVpJZ2wvaVJ6SzRvRDhQTmNjNzhMc0tGb3kyc25LUHNjK0pScStuaU5UNkpZUU5TZ05rQSt6UWhTOG04WHprVjM4MHFRVXcrM2JEdHBLa2hpL3dLT0w3L25IV2h2ZVhGYThycnlMTjFBSVZHQXljSlJMYU9mejFQMFFNc2RHMExKclBNPSIsIm1hYyI6ImMwYjcwYWZjMWY1Y2U2ZDNhN2IzNjdjYWRhYmVhZDhiMDdlMWIwNjVmZjcwNzljZGIxNmY3Y2M4YjJkY2YwNGQiLCJ0YWciOiIifQ==', 0, '2026-03-02 02:18:28', '2026-03-02 02:18:28'),
	(36, 1, 'salesbot_triggers_json', 'eyJpdiI6IlJQQ3NPdHNhTzVwRm5iYjJ4QnYwdFE9PSIsInZhbHVlIjoibC9DSEQrdy8rU1MrUktQLzVTeUZ5dz09IiwibWFjIjoiYmQ2MTViZjkzMDExYThhNDgzY2QyODYwMDE5YjlmZTMzOGM1OTM3YWNmNDI1NGU3ZmIyZTY2NzYwNTY1YzcyMyIsInRhZyI6IiJ9', 0, '2026-03-02 02:18:28', '2026-03-03 23:03:35'),
	(37, 1, 'salesbot_flow_enabled', 'eyJpdiI6IlJzVWpoQXQreTc2V21vR0ViYjVaOXc9PSIsInZhbHVlIjoiQXpvUHZmUW1jWFZTS1hVeEdXcUgxZz09IiwibWFjIjoiNmY2NmEwNGM2MjZjMGU3YTY4NmE3M2I1ZWViOTA4MTg4YzhhMmY4OWE0NTY1Y2RhZDIzMTM4Njk1OWI0NGIxNiIsInRhZyI6IiJ9', 0, '2026-03-02 17:44:45', '2026-03-02 20:56:19'),
	(38, 1, 'salesbot_flow_start_node', 'eyJpdiI6ImZzbGNYemdNYllVRlVVQkpHSVZUUmc9PSIsInZhbHVlIjoiOTNsQUdraklKbWtMV3RIRmNWQU83QT09IiwibWFjIjoiOWE4OGZkY2I3NGIwMzM3ZTRhYmQyZjE5MTkxNDc3NTc2MjE1YTk5ZGE5NzhkODcyMGMzZTg0YWYzZjU4OWMxOCIsInRhZyI6IiJ9', 0, '2026-03-02 17:44:45', '2026-03-03 05:13:42'),
	(39, 1, 'salesbot_flow_nodes_json', '[encoded data, 21108 characters]', 0, '2026-03-02 17:44:45', '2026-03-03 17:05:49'),
	(40, 1, 'salesbot_flows_json', '[encoded data, 21560 characters]', 0, '2026-03-02 17:44:45', '2026-03-03 17:06:00'),
	(41, 2, 'salesbot_enabled', 'eyJpdiI6InRvVEhVS0FrbWVRYzhVTjVRY2RYdGc9PSIsInZhbHVlIjoicjBpdWRnb0Y3UzQzQ25hSzJRRWlZdz09IiwibWFjIjoiNjIzY2RhZjBiYzE3NzBmOWM0ODMwYWFmYjk2NGI4MTY5YWE4MWQ1MzljYjVkYjA3YTFhZjE1OTZhYzk1ZWVmZSIsInRhZyI6IiJ9', 0, '2026-03-02 21:01:19', '2026-03-03 16:56:02'),
	(42, 2, 'salesbot_name', 'eyJpdiI6ImZOZERMNWR4KzNmN1V4R3ZRYkhsaHc9PSIsInZhbHVlIjoiblJQQ3lXTlQrRmVoSUFkRUdTUXhvZG1RT1FGbmp0RjQ0a1dNUTIwSWRtVT0iLCJtYWMiOiI4NzJiMTI5NmU3Y2NlMTE0ZDUxNGIxNDUyOTliZjI0ZTNiMjMwNWY2M2U0MTJlM2FhN2NhM2E5OTJkOGM1NGEwIiwidGFnIjoiIn0=', 0, '2026-03-02 21:01:19', '2026-03-03 16:56:02'),
	(43, 2, 'salesbot_default_delay_ms', 'eyJpdiI6IkM4NUU4RHdveExWaHRMYlRCbTRBM0E9PSIsInZhbHVlIjoiNG9yb24yTG0yRW1KVG9wdTZVeXlTZz09IiwibWFjIjoiOTA5ZDcyNjFiNjAxYWRiZGQzOGYwYmI5ZWExOGFlZDIzY2M1OGJmNTZkOWI0YTMwNzM3MDI3OTgzOGJlOWYxZSIsInRhZyI6IiJ9', 0, '2026-03-02 21:01:19', '2026-03-02 21:01:19'),
	(44, 2, 'salesbot_fallback_enabled', 'eyJpdiI6IlQ2a0Q1bnl5OTFQdU5QRWZhRjN2K3c9PSIsInZhbHVlIjoiOGw1S1A2MlpCTmljK2hzRExpMHplUT09IiwibWFjIjoiNjVlY2RjYzhmYTRkYjBjMTRiMGQ3YzhhYWQ0MjdjYTgwNjViYmU1NDllNzZlNjEzZWJlZTgwYWM4NWQ3YjBlNSIsInRhZyI6IiJ9', 0, '2026-03-02 21:01:19', '2026-03-03 23:04:10'),
	(45, 2, 'salesbot_fallback_message', 'eyJpdiI6Ik1GREZtc2d0amkzUDY5aFlVSlBFQUE9PSIsInZhbHVlIjoibkhIV1NFT2hLa2FGZWoxN0xPMTBvVU9NWklpTFM2Sk9ZMThTb2pjUnlPMUd5WkxOSG1qRGpWTlRzWFFqeDNTYWo4NjRBaURvTFlCWm5hK09TbzdFdno2TGdnV08rTnYrK1djbHo5NC8xR0pCcG9Vam5ZVUtQc3Z0blY5YmxVdk5mTFhOZnQzcVJxYytpbStXRFR6cm1sQmdYTTdHc1ZPakRBYWcyRnJjM2dZPSIsIm1hYyI6IjUyNmFmZGNkZTEwMjAwMGE2NjEwOTc4ZTk3YmEzNGRlYjM1OGJkNzA1MjdlOGVlMzJiMGZkMTEwZTVmYjg2MDgiLCJ0YWciOiIifQ==', 0, '2026-03-02 21:01:19', '2026-03-02 21:01:19'),
	(46, 2, 'salesbot_triggers_json', 'eyJpdiI6Iktwb1BOOUxpc1NtQWpDWjdDZWJWblE9PSIsInZhbHVlIjoiQWZpNUExckczR3h5bUx5TVhjUTdrQT09IiwibWFjIjoiMzk4ZjcxNmMyYzhlNWUxMTFmY2IwNjEyNmNhNzA3YTNhOTgzZWNiZWRhNDRhOTYwMWJmYmJhM2VlMTU0MDM0YyIsInRhZyI6IiJ9', 0, '2026-03-02 21:01:19', '2026-03-03 21:43:40'),
	(47, 2, 'salesbot_flow_enabled', 'eyJpdiI6IjloQ0x4T3dNUkpTR1VkcHZiZnYwNEE9PSIsInZhbHVlIjoiSFJ0Vy9keDBtaENhczdxdkVHQXpLUT09IiwibWFjIjoiMmIxYTAwMWY0YzAzYWEwNmJjNmRhNTQ4NWZmYzExMGUxY2MyNTU4ZjFiMmUzOTdiNGZmYWI3OTY2NDk3ODIxMSIsInRhZyI6IiJ9', 0, '2026-03-02 21:01:19', '2026-03-03 16:56:02'),
	(48, 2, 'salesbot_flow_start_node', 'eyJpdiI6ImVtbzU4RzN1Q2JxZDVaUHZIa1ZwNHc9PSIsInZhbHVlIjoiVW5yNTQxbWRkRHRtelBFLzdTZ2lpdz09IiwibWFjIjoiZTA1MWQ4ZGY1Y2RmMWI5YzM1YzU4M2VkYWRkZjFiNjkzY2I4NDg5NmQ4ZjIxOTA1YjUwMjRjNWMwZWFlMTAyMyIsInRhZyI6IiJ9', 0, '2026-03-02 21:01:19', '2026-03-03 16:56:02'),
	(49, 2, 'salesbot_flow_nodes_json', '[encoded data, 19684 characters]', 0, '2026-03-02 21:01:19', '2026-03-03 23:23:39'),
	(50, 2, 'salesbot_flows_json', '[encoded data, 20136 characters]', 0, '2026-03-02 21:01:19', '2026-03-03 23:23:39');

-- Copiando dados para a tabela supportdesk.sm_customers: ~14 rows (aproximadamente)
DELETE FROM `sm_customers`;
INSERT INTO `sm_customers` (`id`, `workspace_id`, `sm_user_id`, `email`, `name`, `profile`, `last_seen_at`, `created_at`, `updated_at`) VALUES
	(1, 1, '123', 'cliente@teste.com', '', '{"ts": 1772145392, "email": "cliente@teste.com", "sm_user_id": "123", "workspace_slug": "socialmonster"}', '2026-02-27 01:37:24', '2026-02-27 01:37:05', '2026-02-27 01:37:24'),
	(2, 1, '987', 'cliente.teste@local.dev', '', '{"ts": 1772146010, "email": "cliente.teste@local.dev", "sm_user_id": "987", "workspace_slug": "socialmonster"}', '2026-02-27 01:47:01', '2026-02-27 01:46:52', '2026-02-27 01:47:01'),
	(3, 1, '33', 'sanduk@yopmail.com', '', '{"ts": 1772723503, "email": "sanduk@yopmail.com", "sm_user_id": "33", "workspace_slug": "socialmonster"}', '2026-03-05 18:11:45', '2026-02-27 01:47:49', '2026-03-05 18:11:45'),
	(4, 2, 'guest-37ce737896c5af4a4712e22e', NULL, 'Visitante', '{"ip": "127.0.0.1", "guest": true, "source": "widget", "guest_token": "37ce737896c5af4a4712e22e"}', '2026-03-02 20:29:41', '2026-03-02 20:24:33', '2026-03-02 20:29:41'),
	(5, 1, 'guest-37ce737896c5af4a4712e22e', NULL, 'Visitante', '{"ip": "127.0.0.1", "guest": true, "source": "widget", "guest_token": "37ce737896c5af4a4712e22e"}', '2026-03-02 20:29:40', '2026-03-02 20:24:38', '2026-03-02 20:29:40'),
	(6, 1, 'guest-d4db7632d827e56e9aaa3875', NULL, 'Visitante', '{"ip": "127.0.0.1", "guest": true, "source": "widget", "guest_token": "d4db7632d827e56e9aaa3875"}', '2026-03-02 20:30:25', '2026-03-02 20:30:25', '2026-03-02 20:30:25'),
	(7, 1, 'guest-ac42f2b5c5fbc386491c414e', NULL, 'Visitante', '{"ip": "127.0.0.1", "guest": true, "source": "widget", "guest_token": "ac42f2b5c5fbc386491c414e"}', '2026-03-02 21:06:21', '2026-03-02 21:06:21', '2026-03-02 21:06:21'),
	(8, 2, 'guest-9febf5962c8837ea5f5a5375', NULL, 'Visitante', '{"ip": "127.0.0.1", "guest": true, "source": "widget", "guest_token": "9febf5962c8837ea5f5a5375"}', '2026-03-02 21:06:25', '2026-03-02 21:06:25', '2026-03-02 21:06:25'),
	(9, 2, 'guest-b75d0a9f22bc4cf2cd853daacecd59e2', NULL, 'Visitante', '{"ip": "127.0.0.1", "guest": true, "source": "widget", "guest_token": "b75d0a9f22bc4cf2cd853daacecd59e2"}', '2026-03-04 19:13:14', '2026-03-03 13:51:32', '2026-03-04 19:13:14'),
	(10, 2, 'guest-57e04aad6fb6a3a6ba2ec3150e8128b4', NULL, 'Visitante', '{"ip": "127.0.0.1", "guest": true, "source": "widget", "guest_token": "57e04aad6fb6a3a6ba2ec3150e8128b4"}', '2026-03-03 18:57:46', '2026-03-03 18:57:46', '2026-03-03 18:57:46'),
	(11, 2, 'guest-021aea33d56ea22a555f4936719013d9', NULL, 'Visitante', '{"ip": "127.0.0.1", "guest": true, "source": "widget", "guest_token": "021aea33d56ea22a555f4936719013d9"}', '2026-03-03 23:08:21', '2026-03-03 23:08:21', '2026-03-03 23:08:21'),
	(12, 2, 'guest-138729bc2264c5653c44baf7e7e58c8e', NULL, 'Visitante', '{"ip": "127.0.0.1", "guest": true, "source": "widget", "guest_token": "138729bc2264c5653c44baf7e7e58c8e"}', '2026-03-04 20:54:33', '2026-03-04 20:54:33', '2026-03-04 20:54:33'),
	(13, 2, 'guest-a818d878751adf176c9220aea4fe0876', NULL, 'Visitante', '{"ip": "127.0.0.1", "guest": true, "source": "widget", "guest_token": "a818d878751adf176c9220aea4fe0876"}', '2026-03-05 02:44:57', '2026-03-05 02:44:57', '2026-03-05 02:44:57'),
	(14, 1, 'guest-97fb3c98f9fab4f85b96a9e495155699', NULL, 'Visitante', '{"ip": "127.0.0.1", "guest": true, "source": "widget", "guest_token": "97fb3c98f9fab4f85b96a9e495155699"}', '2026-03-06 15:59:35', '2026-03-05 18:11:44', '2026-03-06 15:59:35');

-- Copiando dados para a tabela supportdesk.staff_users: ~1 rows (aproximadamente)
DELETE FROM `staff_users`;
INSERT INTO `staff_users` (`id`, `name`, `email`, `password`, `role`, `active`, `last_login_at`, `remember_token`, `created_at`, `updated_at`) VALUES
	(1, 'Talkora Admin', 'admin@supportdesk.local', '$2y$12$pUIhk2qpwxG7sdqZeU2ZyuN/JGyEELYyeJoHNcxwaPyBJdrpIsZgC', 'admin', 1, '2026-03-06 16:38:35', 'CT5L7qbP2OfHcpNDS2oOjysGWH41OlsUzMIeUrY5WGbGRII473Nhu6x43AE9', '2026-02-27 01:04:58', '2026-03-06 20:42:40');

-- Copiando dados para a tabela supportdesk.workspaces: ~2 rows (aproximadamente)
DELETE FROM `workspaces`;
INSERT INTO `workspaces` (`id`, `name`, `slug`, `domain`, `active`, `created_at`, `updated_at`) VALUES
	(1, 'Social Monster', 'socialmonster', NULL, 1, '2026-02-27 01:04:58', '2026-02-27 01:04:58'),
	(2, 'Viraloop', 'viraloop', 'viraloop.app', 1, '2026-03-01 23:06:05', '2026-03-01 23:06:05');

-- Copiando dados para a tabela supportdesk.workspace_staff: ~2 rows (aproximadamente)
DELETE FROM `workspace_staff`;
INSERT INTO `workspace_staff` (`id`, `workspace_id`, `staff_user_id`, `created_at`, `updated_at`) VALUES
	(1, 1, 1, '2026-02-27 01:04:58', '2026-02-27 01:04:58'),
	(2, 2, 1, '2026-03-01 23:06:05', '2026-03-01 23:06:05');

